{"id":559,"date":"2002-09-01T07:10:25","date_gmt":"2002-09-01T07:10:25","guid":{"rendered":"https:\/\/pawel.stefanoff.pl\/work\/?post_type=prace-dyplomowe&#038;p=559"},"modified":"2026-03-22T07:47:57","modified_gmt":"2026-03-22T07:47:57","slug":"thesis-2002-tic-disorders-pl","status":"publish","type":"prace-dyplomowe","link":"https:\/\/pawel.stefanoff.pl\/work\/pl\/theses\/thesis-2002-tic-disorders-pl\/","title":{"rendered":"Zaburzenia tikowe w\u015br\u00f3d dzieci i m\u0142odzie\u017cy: epidemiologia, obraz kliniczny i postawa wobec choroby"},"content":{"rendered":"\n<p class=\"wp-block-paragraph\">Praca doktorska podsumowuj\u0105ce wyniki badania rozpowszechnienia zaburze\u0144 tikowych w\u015br\u00f3d uczni\u00f3w warszawskich szk\u00f3\u0142 podstawowych. Badanie przeprowadzi\u0142em wraz z zespo\u0142em student\u00f3w ostatnich lat medycyny.<\/p>\n\n\n\n<p class=\"wp-block-paragraph\"><a href=\"https:\/\/lekarski.wum.edu.pl\/\" target=\"_blank\" rel=\"noreferrer noopener nofollow\"><\/a><\/p>\n","protected":false},"excerpt":{"rendered":"<p>Tytu\u0142 doktora nauk medycznych obroniony na II Wydziale Warszawskiego Uniwersytetu Medycznego.<\/p>\n","protected":false},"featured_media":0,"template":"","meta":{"_acf_changed":true},"class_list":["post-559","prace-dyplomowe","type-prace-dyplomowe","status-publish","hentry"],"acf":[],"_links":{"self":[{"href":"https:\/\/pawel.stefanoff.pl\/work\/wp-json\/wp\/v2\/prace-dyplomowe\/559","targetHints":{"allow":["GET"]}}],"collection":[{"href":"https:\/\/pawel.stefanoff.pl\/work\/wp-json\/wp\/v2\/prace-dyplomowe"}],"about":[{"href":"https:\/\/pawel.stefanoff.pl\/work\/wp-json\/wp\/v2\/types\/prace-dyplomowe"}],"wp:attachment":[{"href":"https:\/\/pawel.stefanoff.pl\/work\/wp-json\/wp\/v2\/media?parent=559"}],"curies":[{"name":"wp","href":"https:\/\/api.w.org\/{rel}","templated":true}]}}

Zaburzenia tikowe wśród dzieci i młodzieży: epidemiologia, obraz kliniczny i postawa wobec choroby

<p class="wp-block-paragraph">Praca doktorska podsumowujące wyniki badania rozpowszechnienia zaburzeń tikowych wśród uczniów warszawskich szkół podstawowych. Badanie przeprowadziłem wraz z zespołem studentów ostatnich lat medycyny.</p>



<p class="wp-block-paragraph"><a href="https://lekarski.wum.edu.pl/" target="_blank" rel="noreferrer noopener nofollow"></a></p>

<p>Tytuł doktora nauk medycznych obroniony na II Wydziale Warszawskiego Uniwersytetu Medycznego.</p>
