{"id":1655,"date":"2011-06-11T08:48:04","date_gmt":"2011-06-11T08:48:04","guid":{"rendered":"https:\/\/pawel.stefanoff.pl\/work\/?post_type=prezentacje&#038;p=1655"},"modified":"2026-03-22T10:41:45","modified_gmt":"2026-03-22T10:41:45","slug":"poster-2011-pertussis-incid-pl","status":"publish","type":"prezentacje","link":"https:\/\/pawel.stefanoff.pl\/work\/pl\/presentations\/poster-2011-pertussis-incid-pl\/","title":{"rendered":"Zapadalno\u015b\u0107 na krztusiec w\u015br\u00f3d pacjent\u00f3w z przed\u0142u\u017caj\u0105cym si\u0119 kaszlem, zg\u0142aszaj\u0105cych si\u0119 do lekarzy pierwszego kontaktu w Polsce w latach 2009-2010: prospektywne badanie wzmo\u017conego nadzoru."},"content":{"rendered":"\n<p class=\"wp-block-paragraph\">By\u0142 to najwi\u0119kszy projekt badawczy pod wzgl\u0119dem bud\u017cetu i zasob\u00f3w ludzkich, kiedykolwiek prowadzony przez nasz m\u0142ody zesp\u00f3\u0142. Przez ponad 12 miesi\u0119cy rekrutowali\u015bmy pacjent\u00f3w 77 lekarzy rodzinnych u kt\u00f3rych wyst\u0119powa\u0142y objawy przewlek\u0142ego kaszlu, badanych nast\u0119pnie w kierunku krztu\u015bca. Badanie mog\u0142oby mie\u0107 prze\u0142omowe znaczenie, je\u017celi mieliby\u015bmy lepsz\u0105 diagnostyk\u0119 laboratoryjn\u0105. Mimo tego, jestem dumny z tego osi\u0105gni\u0119cia. Projekt by\u0142 profesjonalnie zorganizowany, mia\u0142 swoj\u0105 stron\u0119 i logo (w g\u00f3rnym prawym rogu plakatu). Badanie koordynowa\u0142 entuzjastyczny zesp\u00f3\u0142 m\u0142odych naukowc\u00f3w. Niestety wi\u0119kszo\u015b\u0107 z nich opu\u015bci\u0142o Instytut w nied\u0142ugim czasie po zako\u0144czeniu badania i kontynuowa\u0142o b\u0142yskotliwe kariery w innych instytucjach. Wyniki tego badania by\u0142y opublikowane w czasopi\u015bmie naukowym Epidemiology and Infection.<a href=\"https:\/\/pawel.stefanoff.pl\/work\/_files\/ugd\/7d6a9a_5178c6188f4741c9b52a6e7b5ee2386c.pdf\" target=\"_blank\" rel=\"noreferrer noopener\"><\/a><\/p>\n","protected":false},"excerpt":{"rendered":"<p>29. doroczne spotkanie Europejskiego Towarzystwa Chor\u00f3b Zaka\u017anych Wieku Dzieci\u0119cego (ESPID), Haga, Holandia, 7-11 czerwca 2011 roku.<\/p>\n","protected":false},"featured_media":746,"template":"","meta":{"_acf_changed":true},"class_list":["post-1655","prezentacje","type-prezentacje","status-publish","has-post-thumbnail","hentry"],"acf":{"photo_gallery":{"_pdf_image":[[{"id":1657,"title":"imgi_2_The Library of Tri","caption":"","full_image_url":"https:\/\/pawel.stefanoff.pl\/work\/wp-content\/uploads\/2026\/01\/imgi_2_The-Library-of-Tri.jpg","thumbnail_image_url":"https:\/\/pawel.stefanoff.pl\/work\/wp-content\/uploads\/2026\/01\/imgi_2_The-Library-of-Tri-150x150.jpg","large_srcset":"https:\/\/pawel.stefanoff.pl\/work\/wp-content\/uploads\/2026\/01\/imgi_2_The-Library-of-Tri-724x1024.jpg 724w, https:\/\/pawel.stefanoff.pl\/work\/wp-content\/uploads\/2026\/01\/imgi_2_The-Library-of-Tri-212x300.jpg 212w, https:\/\/pawel.stefanoff.pl\/work\/wp-content\/uploads\/2026\/01\/imgi_2_The-Library-of-Tri-768x1086.jpg 768w, https:\/\/pawel.stefanoff.pl\/work\/wp-content\/uploads\/2026\/01\/imgi_2_The-Library-of-Tri.jpg 794w","medium_srcset":"https:\/\/pawel.stefanoff.pl\/work\/wp-content\/uploads\/2026\/01\/imgi_2_The-Library-of-Tri-212x300.jpg 212w, https:\/\/pawel.stefanoff.pl\/work\/wp-content\/uploads\/2026\/01\/imgi_2_The-Library-of-Tri-724x1024.jpg 724w, https:\/\/pawel.stefanoff.pl\/work\/wp-content\/uploads\/2026\/01\/imgi_2_The-Library-of-Tri-768x1086.jpg 768w, https:\/\/pawel.stefanoff.pl\/work\/wp-content\/uploads\/2026\/01\/imgi_2_The-Library-of-Tri.jpg 794w","media_details":{"width":794,"height":1123,"sizes":{"medium":{"file":"imgi_2_The-Library-of-Tri-212x300.jpg","width":212,"height":300,"mime-type":"image\/jpeg","filesize":19113,"source_url":"https:\/\/pawel.stefanoff.pl\/work\/wp-content\/uploads\/2026\/01\/imgi_2_The-Library-of-Tri-212x300.jpg"},"large":{"file":"imgi_2_The-Library-of-Tri-724x1024.jpg","width":724,"height":1024,"mime-type":"image\/jpeg","filesize":173627,"source_url":"https:\/\/pawel.stefanoff.pl\/work\/wp-content\/uploads\/2026\/01\/imgi_2_The-Library-of-Tri-724x1024.jpg"},"thumbnail":{"file":"imgi_2_The-Library-of-Tri-150x150.jpg","width":150,"height":150,"mime-type":"image\/jpeg","filesize":6661,"source_url":"https:\/\/pawel.stefanoff.pl\/work\/wp-content\/uploads\/2026\/01\/imgi_2_The-Library-of-Tri-150x150.jpg"},"medium_large":{"file":"imgi_2_The-Library-of-Tri-768x1086.jpg","width":768,"height":1086,"mime-type":"image\/jpeg","filesize":196425,"source_url":"https:\/\/pawel.stefanoff.pl\/work\/wp-content\/uploads\/2026\/01\/imgi_2_The-Library-of-Tri-768x1086.jpg"}}},"alt_text":"","url":"","target":""}]]}},"_links":{"self":[{"href":"https:\/\/pawel.stefanoff.pl\/work\/wp-json\/wp\/v2\/prezentacje\/1655","targetHints":{"allow":["GET"]}}],"collection":[{"href":"https:\/\/pawel.stefanoff.pl\/work\/wp-json\/wp\/v2\/prezentacje"}],"about":[{"href":"https:\/\/pawel.stefanoff.pl\/work\/wp-json\/wp\/v2\/types\/prezentacje"}],"wp:featuredmedia":[{"embeddable":true,"href":"https:\/\/pawel.stefanoff.pl\/work\/wp-json\/wp\/v2\/media\/746"}],"wp:attachment":[{"href":"https:\/\/pawel.stefanoff.pl\/work\/wp-json\/wp\/v2\/media?parent=1655"}],"curies":[{"name":"wp","href":"https:\/\/api.w.org\/{rel}","templated":true}]}}

Zapadalność na krztusiec wśród pacjentów z przedłużającym się kaszlem, zgłaszających się do lekarzy pierwszego kontaktu w Polsce w latach 2009-2010: prospektywne badanie wzmożonego nadzoru.

<p class="wp-block-paragraph">Był to największy projekt badawczy pod względem budżetu i zasobów ludzkich, kiedykolwiek prowadzony przez nasz młody zespół. Przez ponad 12 miesięcy rekrutowaliśmy pacjentów 77 lekarzy rodzinnych u których występowały objawy przewlekłego kaszlu, badanych następnie w kierunku krztuśca. Badanie mogłoby mieć przełomowe znaczenie, jeżeli mielibyśmy lepszą diagnostykę laboratoryjną. Mimo tego, jestem dumny z tego osiągnięcia. Projekt był profesjonalnie zorganizowany, miał swoją stronę i logo (w górnym prawym rogu plakatu). Badanie koordynował entuzjastyczny zespół młodych naukowców. Niestety większość z nich opuściło Instytut w niedługim czasie po zakończeniu badania i kontynuowało błyskotliwe kariery w innych instytucjach. Wyniki tego badania były opublikowane w czasopiśmie naukowym Epidemiology and Infection.<a href="https://pawel.stefanoff.pl/work/_files/ugd/7d6a9a_5178c6188f4741c9b52a6e7b5ee2386c.pdf" target="_blank" rel="noreferrer noopener"></a></p>

<p>29. doroczne spotkanie Europejskiego Towarzystwa Chorób Zakaźnych Wieku Dziecięcego (ESPID), Haga, Holandia, 7-11 czerwca 2011 roku.</p>
