{"id":1937,"date":"2009-03-21T11:31:28","date_gmt":"2009-03-21T11:31:28","guid":{"rendered":"https:\/\/pawel.stefanoff.pl\/work\/?post_type=prezentacje&#038;p=1937"},"modified":"2026-03-22T12:53:31","modified_gmt":"2026-03-22T12:53:31","slug":"poster-2009-tbe-in-ticks-pl","status":"publish","type":"prezentacje","link":"https:\/\/pawel.stefanoff.pl\/work\/pl\/presentations\/poster-2009-tbe-in-ticks-pl\/","title":{"rendered":"Weryfikacja obszar\u00f3w endemicznych kleszczowego zapalenia m\u00f3zgu (KZM) poprzez wystandaryzowane oznaczanie wirusa KZM w kleszczach Ixodes ricinus od\u0142owionych na terenie czterech powiat\u00f3w."},"content":{"rendered":"\n<p class=\"wp-block-paragraph\">By\u0142o to dla mnie trzecie z rz\u0119du i ostatnie Mi\u0119dzynarodowe Sympozjum Poczdamskie w kt\u00f3rym uczestniczy\u0142em. Prezentowa\u0142em tam plakat podsumowuj\u0105cy pierwsze wyniki trwaj\u0105cego badania polegaj\u0105cego na od\u0142owach kleszczy na wytypowanych terenach w okre\u015blonych odst\u0119pach czasu, a nast\u0119pnie dzielenia ich na pule i badanie w kierunku obecno\u015bci materia\u0142u genetycznego wirusa kleszczowego zapalenia m\u00f3zgu (KZM), w celu okre\u015blenia ryzyka zachorowania u ludzi. Na konferencji pozna\u0142em Philippe&#8217;a de Mendon\u00e7a, kt\u00f3ry by\u0142 odpowiedzialny za badanie kleszczy od\u0142awianych w ramach projektu EDEN-2. Philippe u\u015bwiadomi\u0142 mi, \u017ce stosowana przez nas metoda RT-PCR jest niew\u0142a\u015bciwa, poniewa\u017c mo\u017ce \u0142atwo do\u015b\u0107 do zanieczyszczenia i wynik\u00f3w fa\u0142szywie dodatnich. Zgodzi\u0142em si\u0119 na przej\u015bcie na rekomendowan\u0105 metod\u0119 real-time PCR opracowan\u0105 przez Schweigera i Casinotti kilka lat wcze\u015bniej. Wys\u0142ali\u015bmy nasz\u0105 wirusolo\u017ck\u0119 do Monachium na szkolenie. Co ciekawe po ponownym przebadaniu wystandaryzowan\u0105 metod\u0105, wszystkie kleszcze okaza\u0142y si\u0119 ujemne!<a href=\"https:\/\/pawel.stefanoff.pl\/work\/_files\/ugd\/7d6a9a_680e9bcfb23a43e68c4521e1d326ea6f.pdf\" target=\"_blank\" rel=\"noreferrer noopener\"><\/a><\/p>\n","protected":false},"excerpt":{"rendered":"<p>X Sympozjum Poczdamskie na temat Chor\u00f3b Odkleszczowych, Weimar, Niemcy, 19-21 marca 2009 roku.<\/p>\n","protected":false},"featured_media":1802,"template":"","meta":{"_acf_changed":true},"class_list":["post-1937","prezentacje","type-prezentacje","status-publish","has-post-thumbnail","hentry"],"acf":{"photo_gallery":{"_pdf_image":[[{"id":1942,"title":"The Library of Trinity College_edited (3)","caption":"","full_image_url":"https:\/\/pawel.stefanoff.pl\/work\/wp-content\/uploads\/2026\/01\/The-Library-of-Trinity-College_edited-3.jpg","thumbnail_image_url":"https:\/\/pawel.stefanoff.pl\/work\/wp-content\/uploads\/2026\/01\/The-Library-of-Trinity-College_edited-3-150x150.jpg","large_srcset":"https:\/\/pawel.stefanoff.pl\/work\/wp-content\/uploads\/2026\/01\/The-Library-of-Trinity-College_edited-3.jpg 397w, https:\/\/pawel.stefanoff.pl\/work\/wp-content\/uploads\/2026\/01\/The-Library-of-Trinity-College_edited-3-212x300.jpg 212w","medium_srcset":"https:\/\/pawel.stefanoff.pl\/work\/wp-content\/uploads\/2026\/01\/The-Library-of-Trinity-College_edited-3-212x300.jpg 212w, https:\/\/pawel.stefanoff.pl\/work\/wp-content\/uploads\/2026\/01\/The-Library-of-Trinity-College_edited-3.jpg 397w","media_details":{"width":397,"height":561,"sizes":{"medium":{"file":"The-Library-of-Trinity-College_edited-3-212x300.jpg","width":212,"height":300,"mime-type":"image\/jpeg","filesize":19843,"source_url":"https:\/\/pawel.stefanoff.pl\/work\/wp-content\/uploads\/2026\/01\/The-Library-of-Trinity-College_edited-3-212x300.jpg"},"thumbnail":{"file":"The-Library-of-Trinity-College_edited-3-150x150.jpg","width":150,"height":150,"mime-type":"image\/jpeg","filesize":7626,"source_url":"https:\/\/pawel.stefanoff.pl\/work\/wp-content\/uploads\/2026\/01\/The-Library-of-Trinity-College_edited-3-150x150.jpg"}}},"alt_text":"","url":"","target":""}]]}},"_links":{"self":[{"href":"https:\/\/pawel.stefanoff.pl\/work\/wp-json\/wp\/v2\/prezentacje\/1937","targetHints":{"allow":["GET"]}}],"collection":[{"href":"https:\/\/pawel.stefanoff.pl\/work\/wp-json\/wp\/v2\/prezentacje"}],"about":[{"href":"https:\/\/pawel.stefanoff.pl\/work\/wp-json\/wp\/v2\/types\/prezentacje"}],"wp:featuredmedia":[{"embeddable":true,"href":"https:\/\/pawel.stefanoff.pl\/work\/wp-json\/wp\/v2\/media\/1802"}],"wp:attachment":[{"href":"https:\/\/pawel.stefanoff.pl\/work\/wp-json\/wp\/v2\/media?parent=1937"}],"curies":[{"name":"wp","href":"https:\/\/api.w.org\/{rel}","templated":true}]}}

Weryfikacja obszarów endemicznych kleszczowego zapalenia mózgu (KZM) poprzez wystandaryzowane oznaczanie wirusa KZM w kleszczach Ixodes ricinus odłowionych na terenie czterech powiatów.

<p class="wp-block-paragraph">Było to dla mnie trzecie z rzędu i ostatnie Międzynarodowe Sympozjum Poczdamskie w którym uczestniczyłem. Prezentowałem tam plakat podsumowujący pierwsze wyniki trwającego badania polegającego na odłowach kleszczy na wytypowanych terenach w określonych odstępach czasu, a następnie dzielenia ich na pule i badanie w kierunku obecności materiału genetycznego wirusa kleszczowego zapalenia mózgu (KZM), w celu określenia ryzyka zachorowania u ludzi. Na konferencji poznałem Philippe&#8217;a de Mendonça, który był odpowiedzialny za badanie kleszczy odławianych w ramach projektu EDEN-2. Philippe uświadomił mi, że stosowana przez nas metoda RT-PCR jest niewłaściwa, ponieważ może łatwo dość do zanieczyszczenia i wyników fałszywie dodatnich. Zgodziłem się na przejście na rekomendowaną metodę real-time PCR opracowaną przez Schweigera i Casinotti kilka lat wcześniej. Wysłaliśmy naszą wirusolożkę do Monachium na szkolenie. Co ciekawe po ponownym przebadaniu wystandaryzowaną metodą, wszystkie kleszcze okazały się ujemne!<a href="https://pawel.stefanoff.pl/work/_files/ugd/7d6a9a_680e9bcfb23a43e68c4521e1d326ea6f.pdf" target="_blank" rel="noreferrer noopener"></a></p>

<p>X Sympozjum Poczdamskie na temat Chorób Odkleszczowych, Weimar, Niemcy, 19-21 marca 2009 roku.</p>
