{"id":4535,"date":"2013-11-07T04:45:22","date_gmt":"2013-11-07T04:45:22","guid":{"rendered":"https:\/\/pawel.stefanoff.pl\/work\/?post_type=prezentacje&#038;p=4535"},"modified":"2026-03-22T10:36:19","modified_gmt":"2026-03-22T10:36:19","slug":"poster-2013-imd-policies-es","status":"publish","type":"prezentacje","link":"https:\/\/pawel.stefanoff.pl\/work\/es\/presentations\/poster-2013-imd-policies-es\/","title":{"rendered":"Encuesta europea sobre pol\u00edticas de salud p\u00fablica para el manejo de la enfermedad meningoc\u00f3cica, 2013: \u00bfQu\u00e9 ha cambiado desde 2007?"},"content":{"rendered":"\n<p class=\"wp-block-paragraph\">He asistido a casi todas las conferencias ESCAIDE hasta la fecha, ya que esta conferencia es el principal foro de intercambio de conocimientos y creaci\u00f3n de redes entre epidemi\u00f3logos europeos. Adem\u00e1s, cada a\u00f1o reviso los res\u00famenes presentados y a menudo presido algunas sesiones. Sin embargo, a lo largo de mi carrera, he ido presentando menos mis propios resultados, dejando esta tarea a colegas m\u00e1s j\u00f3venes. En 2013, Sabine, becaria del programa de formaci\u00f3n EPIET, present\u00f3 nuestra encuesta sobre las directrices nacionales de profilaxis de la enfermedad meningoc\u00f3cica en los pa\u00edses de la UE. Hizo un trabajo excelente y present\u00f3 un p\u00f3ster realmente bueno.<\/p>\n","protected":false},"excerpt":{"rendered":"<p>S\u00e9ptima Conferencia Cient\u00edfica Europea sobre Epidemiolog\u00eda Aplicada de Enfermedades Infecciosas (ESCAIDE), Estocolmo, Suecia, 5-7 de noviembre de 2013.<\/p>\n","protected":false},"featured_media":746,"template":"","meta":{"_acf_changed":true},"class_list":["post-4535","prezentacje","type-prezentacje","status-publish","has-post-thumbnail","hentry"],"acf":{"photo_gallery":{"_pdf_image":[[{"id":749,"title":"2013_ESCAIDE_Vygen","caption":"","full_image_url":"https:\/\/pawel.stefanoff.pl\/work\/wp-content\/uploads\/2026\/01\/2013_ESCAIDE_Vygen.pdf","thumbnail_image_url":"https:\/\/pawel.stefanoff.pl\/work\/wp-content\/uploads\/2026\/01\/2013_ESCAIDE_Vygen-pdf-113x150.jpg","large_srcset":false,"medium_srcset":false,"media_details":{"width":null,"height":null,"sizes":{"full":{"file":"2013_ESCAIDE_Vygen-pdf.jpg","width":2268,"height":3024,"mime-type":"image\/jpeg","filesize":1197013,"source_url":"https:\/\/pawel.stefanoff.pl\/work\/wp-content\/uploads\/2026\/01\/2013_ESCAIDE_Vygen-pdf.jpg"},"medium":{"file":"2013_ESCAIDE_Vygen-pdf-225x300.jpg","width":225,"height":300,"mime-type":"image\/jpeg","filesize":30023,"source_url":"https:\/\/pawel.stefanoff.pl\/work\/wp-content\/uploads\/2026\/01\/2013_ESCAIDE_Vygen-pdf-225x300.jpg"},"large":{"file":"2013_ESCAIDE_Vygen-pdf-768x1024.jpg","width":768,"height":1024,"mime-type":"image\/jpeg","filesize":220623,"source_url":"https:\/\/pawel.stefanoff.pl\/work\/wp-content\/uploads\/2026\/01\/2013_ESCAIDE_Vygen-pdf-768x1024.jpg"},"thumbnail":{"file":"2013_ESCAIDE_Vygen-pdf-113x150.jpg","width":113,"height":150,"mime-type":"image\/jpeg","filesize":11776,"source_url":"https:\/\/pawel.stefanoff.pl\/work\/wp-content\/uploads\/2026\/01\/2013_ESCAIDE_Vygen-pdf-113x150.jpg"}}},"alt_text":"","url":"","target":""}]]}},"_links":{"self":[{"href":"https:\/\/pawel.stefanoff.pl\/work\/wp-json\/wp\/v2\/prezentacje\/4535","targetHints":{"allow":["GET"]}}],"collection":[{"href":"https:\/\/pawel.stefanoff.pl\/work\/wp-json\/wp\/v2\/prezentacje"}],"about":[{"href":"https:\/\/pawel.stefanoff.pl\/work\/wp-json\/wp\/v2\/types\/prezentacje"}],"wp:featuredmedia":[{"embeddable":true,"href":"https:\/\/pawel.stefanoff.pl\/work\/wp-json\/wp\/v2\/media\/746"}],"wp:attachment":[{"href":"https:\/\/pawel.stefanoff.pl\/work\/wp-json\/wp\/v2\/media?parent=4535"}],"curies":[{"name":"wp","href":"https:\/\/api.w.org\/{rel}","templated":true}]}}

Encuesta europea sobre políticas de salud pública para el manejo de la enfermedad meningocócica, 2013: ¿Qué ha cambiado desde 2007?

<p class="wp-block-paragraph">He asistido a casi todas las conferencias ESCAIDE hasta la fecha, ya que esta conferencia es el principal foro de intercambio de conocimientos y creación de redes entre epidemiólogos europeos. Además, cada año reviso los resúmenes presentados y a menudo presido algunas sesiones. Sin embargo, a lo largo de mi carrera, he ido presentando menos mis propios resultados, dejando esta tarea a colegas más jóvenes. En 2013, Sabine, becaria del programa de formación EPIET, presentó nuestra encuesta sobre las directrices nacionales de profilaxis de la enfermedad meningocócica en los países de la UE. Hizo un trabajo excelente y presentó un póster realmente bueno.</p>

<p>Séptima Conferencia Científica Europea sobre Epidemiología Aplicada de Enfermedades Infecciosas (ESCAIDE), Estocolmo, Suecia, 5-7 de noviembre de 2013.</p>
