{"id":4546,"date":"2009-03-21T11:31:28","date_gmt":"2009-03-21T11:31:28","guid":{"rendered":"https:\/\/pawel.stefanoff.pl\/work\/?post_type=prezentacje&#038;p=4546"},"modified":"2026-03-22T12:53:19","modified_gmt":"2026-03-22T12:53:19","slug":"poster-2009-tbe-in-ticks-es","status":"publish","type":"prezentacje","link":"https:\/\/pawel.stefanoff.pl\/work\/es\/presentations\/poster-2009-tbe-in-ticks-es\/","title":{"rendered":"Confirmaci\u00f3n de focos de encefalitis transmitida por garrapatas mediante la evaluaci\u00f3n estandarizada de la prevalencia del virus de la encefalitis transmitida por garrapatas (TBEV) en garrapatas Ixodes ricinus recolectadas en cuatro distritos polacos."},"content":{"rendered":"\n<p class=\"wp-block-paragraph\">Fue el tercer (y \u00faltimo) Simposio de Potsdam en el que particip\u00e9. Present\u00e9 un p\u00f3ster que resum\u00eda nuestra investigaci\u00f3n en curso, cuyo objetivo era identificar garrapatas en lugares seleccionados a intervalos definidos, agruparlas y analizar la presencia del virus de la encefalitis transmitida por garrapatas (ETG) para confirmar el riesgo para los humanos. En la conferencia conoc\u00ed a Philippe de Mendon\u00e7a, un experto que coordinaba las pruebas de garrapatas en el estudio EDEN-2, quien me coment\u00f3 que nuestro m\u00e9todo de an\u00e1lisis (RT-PCR) era propenso a la contaminaci\u00f3n y, por lo tanto, pod\u00eda dar falsos positivos. Tras esta conversaci\u00f3n, acordamos cambiar a un nuevo m\u00e9todo estandarizado de PCR en tiempo real, desarrollado por Schweiger y Casinotti hace unos a\u00f1os. Enviamos a nuestra vir\u00f3loga a M\u00fanich para que aprendiera el nuevo m\u00e9todo. Como resultado de la implementaci\u00f3n de este nuevo m\u00e9todo, todos los resultados de las garrapatas recolectadas fueron negativos.<a href=\"https:\/\/pawel.stefanoff.pl\/work\/en\/prezentacje\/confirmation-of-tick-borne-encephalitis-foci-by-standardized-assessment-of-tbev-prevalence-in-questing-ixodes-ricinus-ticks-collected-in-four-polish-districts\/\"><\/a><\/p>\n\n\n\n<p class=\"wp-block-paragraph\"><\/p>\n","protected":false},"excerpt":{"rendered":"<p>X Simposio Internacional de Jena sobre Enfermedades Transmitidas por Garrapatas, Weimar, Alemania, 19-21 de marzo de 2009.<\/p>\n","protected":false},"featured_media":1802,"template":"","meta":{"_acf_changed":true},"class_list":["post-4546","prezentacje","type-prezentacje","status-publish","has-post-thumbnail","hentry"],"acf":{"photo_gallery":{"_pdf_image":[[{"id":1944,"title":"2009-Weimar_poster (1)","caption":"","full_image_url":"https:\/\/pawel.stefanoff.pl\/work\/wp-content\/uploads\/2026\/01\/2009-Weimar_poster-1.pdf","thumbnail_image_url":"https:\/\/pawel.stefanoff.pl\/work\/wp-content\/uploads\/2026\/01\/2009-Weimar_poster-1-pdf-106x150.jpg","large_srcset":false,"medium_srcset":false,"media_details":{"width":null,"height":null,"sizes":{"full":{"file":"2009-Weimar_poster-1-pdf.jpg","width":1058,"height":1497,"mime-type":"image\/jpeg","filesize":287847,"source_url":"https:\/\/pawel.stefanoff.pl\/work\/wp-content\/uploads\/2026\/01\/2009-Weimar_poster-1-pdf.jpg"},"medium":{"file":"2009-Weimar_poster-1-pdf-212x300.jpg","width":212,"height":300,"mime-type":"image\/jpeg","filesize":18835,"source_url":"https:\/\/pawel.stefanoff.pl\/work\/wp-content\/uploads\/2026\/01\/2009-Weimar_poster-1-pdf-212x300.jpg"},"large":{"file":"2009-Weimar_poster-1-pdf-724x1024.jpg","width":724,"height":1024,"mime-type":"image\/jpeg","filesize":142029,"source_url":"https:\/\/pawel.stefanoff.pl\/work\/wp-content\/uploads\/2026\/01\/2009-Weimar_poster-1-pdf-724x1024.jpg"},"thumbnail":{"file":"2009-Weimar_poster-1-pdf-106x150.jpg","width":106,"height":150,"mime-type":"image\/jpeg","filesize":7924,"source_url":"https:\/\/pawel.stefanoff.pl\/work\/wp-content\/uploads\/2026\/01\/2009-Weimar_poster-1-pdf-106x150.jpg"}}},"alt_text":"","url":"","target":""}]]}},"_links":{"self":[{"href":"https:\/\/pawel.stefanoff.pl\/work\/wp-json\/wp\/v2\/prezentacje\/4546","targetHints":{"allow":["GET"]}}],"collection":[{"href":"https:\/\/pawel.stefanoff.pl\/work\/wp-json\/wp\/v2\/prezentacje"}],"about":[{"href":"https:\/\/pawel.stefanoff.pl\/work\/wp-json\/wp\/v2\/types\/prezentacje"}],"wp:featuredmedia":[{"embeddable":true,"href":"https:\/\/pawel.stefanoff.pl\/work\/wp-json\/wp\/v2\/media\/1802"}],"wp:attachment":[{"href":"https:\/\/pawel.stefanoff.pl\/work\/wp-json\/wp\/v2\/media?parent=4546"}],"curies":[{"name":"wp","href":"https:\/\/api.w.org\/{rel}","templated":true}]}}

Confirmación de focos de encefalitis transmitida por garrapatas mediante la evaluación estandarizada de la prevalencia del virus de la encefalitis transmitida por garrapatas (TBEV) en garrapatas Ixodes ricinus recolectadas en cuatro distritos polacos.

<p class="wp-block-paragraph">Fue el tercer (y último) Simposio de Potsdam en el que participé. Presenté un póster que resumía nuestra investigación en curso, cuyo objetivo era identificar garrapatas en lugares seleccionados a intervalos definidos, agruparlas y analizar la presencia del virus de la encefalitis transmitida por garrapatas (ETG) para confirmar el riesgo para los humanos. En la conferencia conocí a Philippe de Mendonça, un experto que coordinaba las pruebas de garrapatas en el estudio EDEN-2, quien me comentó que nuestro método de análisis (RT-PCR) era propenso a la contaminación y, por lo tanto, podía dar falsos positivos. Tras esta conversación, acordamos cambiar a un nuevo método estandarizado de PCR en tiempo real, desarrollado por Schweiger y Casinotti hace unos años. Enviamos a nuestra viróloga a Múnich para que aprendiera el nuevo método. Como resultado de la implementación de este nuevo método, todos los resultados de las garrapatas recolectadas fueron negativos.<a href="https://pawel.stefanoff.pl/work/en/prezentacje/confirmation-of-tick-borne-encephalitis-foci-by-standardized-assessment-of-tbev-prevalence-in-questing-ixodes-ricinus-ticks-collected-in-four-polish-districts/"></a></p>



<p class="wp-block-paragraph"></p>
