{"id":4557,"date":"2007-06-01T06:08:19","date_gmt":"2007-06-01T06:08:19","guid":{"rendered":"https:\/\/pawel.stefanoff.pl\/work\/?post_type=prezentacje&#038;p=4557"},"modified":"2026-03-22T13:44:17","modified_gmt":"2026-03-22T13:44:17","slug":"poster-2007-imd-casefatality-es","status":"publish","type":"prezentacje","link":"https:\/\/pawel.stefanoff.pl\/work\/es\/presentations\/poster-2007-imd-casefatality-es\/","title":{"rendered":"Tasa de letalidad por meningitis meningoc\u00f3cica en Polonia entre 1999 y 2006."},"content":{"rendered":"\n<p class=\"wp-block-paragraph\">An\u00e1lisis de los factores asociados a la letalidad en el curso de la meningitis meningoc\u00f3cica, no publicado en ning\u00fan otro lugar. Realizamos este an\u00e1lisis debido a una movilizaci\u00f3n inusual de nuestro equipo para esta conferencia. Nunca hab\u00edamos presentado tantos p\u00f3steres en una sola conferencia. \ud83d\ude42<\/p>\n","protected":false},"excerpt":{"rendered":"<p>IX Reuni\u00f3n del Grupo Europeo de Vigilancia de los Meningococos (EMGM), Roma, Italia, 30 de mayo &#8211; 1 de junio de 2007.<\/p>\n","protected":false},"featured_media":2666,"template":"","meta":{"_acf_changed":true},"class_list":["post-4557","prezentacje","type-prezentacje","status-publish","has-post-thumbnail","hentry"],"acf":{"photo_gallery":{"_pdf_image":[[{"id":2904,"title":"2007-Rzym_poster4","caption":"","full_image_url":"https:\/\/pawel.stefanoff.pl\/work\/wp-content\/uploads\/2026\/01\/2007-Rzym_poster4.pdf","thumbnail_image_url":"https:\/\/pawel.stefanoff.pl\/work\/wp-content\/uploads\/2026\/01\/2007-Rzym_poster4-pdf-106x150.jpg","large_srcset":false,"medium_srcset":false,"media_details":{"width":null,"height":null,"sizes":{"full":{"file":"2007-Rzym_poster4-pdf.jpg","width":1058,"height":1497,"mime-type":"image\/jpeg","filesize":393656,"source_url":"https:\/\/pawel.stefanoff.pl\/work\/wp-content\/uploads\/2026\/01\/2007-Rzym_poster4-pdf.jpg"},"medium":{"file":"2007-Rzym_poster4-pdf-212x300.jpg","width":212,"height":300,"mime-type":"image\/jpeg","filesize":41238,"source_url":"https:\/\/pawel.stefanoff.pl\/work\/wp-content\/uploads\/2026\/01\/2007-Rzym_poster4-pdf-212x300.jpg"},"large":{"file":"2007-Rzym_poster4-pdf-724x1024.jpg","width":724,"height":1024,"mime-type":"image\/jpeg","filesize":195207,"source_url":"https:\/\/pawel.stefanoff.pl\/work\/wp-content\/uploads\/2026\/01\/2007-Rzym_poster4-pdf-724x1024.jpg"},"thumbnail":{"file":"2007-Rzym_poster4-pdf-106x150.jpg","width":106,"height":150,"mime-type":"image\/jpeg","filesize":28676,"source_url":"https:\/\/pawel.stefanoff.pl\/work\/wp-content\/uploads\/2026\/01\/2007-Rzym_poster4-pdf-106x150.jpg"}}},"alt_text":"","url":"","target":""}]]}},"_links":{"self":[{"href":"https:\/\/pawel.stefanoff.pl\/work\/wp-json\/wp\/v2\/prezentacje\/4557","targetHints":{"allow":["GET"]}}],"collection":[{"href":"https:\/\/pawel.stefanoff.pl\/work\/wp-json\/wp\/v2\/prezentacje"}],"about":[{"href":"https:\/\/pawel.stefanoff.pl\/work\/wp-json\/wp\/v2\/types\/prezentacje"}],"wp:featuredmedia":[{"embeddable":true,"href":"https:\/\/pawel.stefanoff.pl\/work\/wp-json\/wp\/v2\/media\/2666"}],"wp:attachment":[{"href":"https:\/\/pawel.stefanoff.pl\/work\/wp-json\/wp\/v2\/media?parent=4557"}],"curies":[{"name":"wp","href":"https:\/\/api.w.org\/{rel}","templated":true}]}}

Tasa de letalidad por meningitis meningocócica en Polonia entre 1999 y 2006.

<p class="wp-block-paragraph">Análisis de los factores asociados a la letalidad en el curso de la meningitis meningocócica, no publicado en ningún otro lugar. Realizamos este análisis debido a una movilización inusual de nuestro equipo para esta conferencia. Nunca habíamos presentado tantos pósteres en una sola conferencia. 🙂</p>

<p>IX Reunión del Grupo Europeo de Vigilancia de los Meningococos (EMGM), Roma, Italia, 30 de mayo &#8211; 1 de junio de 2007.</p>
