{"id":4558,"date":"2007-06-01T06:03:14","date_gmt":"2007-06-01T06:03:14","guid":{"rendered":"https:\/\/pawel.stefanoff.pl\/work\/?post_type=prezentacje&#038;p=4558"},"modified":"2026-03-22T13:48:50","modified_gmt":"2026-03-22T13:48:50","slug":"poster-2007-imd-antimicrobials-es","status":"publish","type":"prezentacje","link":"https:\/\/pawel.stefanoff.pl\/work\/es\/presentations\/poster-2007-imd-antimicrobials-es\/","title":{"rendered":"Reg\u00edmenes antimicrobianos utilizados en el tratamiento de la meningitis meningoc\u00f3cica en Polonia"},"content":{"rendered":"\n<p class=\"wp-block-paragraph\">\u00a1Un an\u00e1lisis muy interesante, no publicado en ning\u00fan otro lugar! Junto con dos estudiantes de la facultad de medicina, Olga y Julia, revisamos la documentaci\u00f3n m\u00e9dica de todos los casos de meningitis meningoc\u00f3cica notificados a la vigilancia epidemiol\u00f3gica entre 1999 y 2005 y registramos todos los antibi\u00f3ticos administrados. Comparamos los antibi\u00f3ticos prescritos con las gu\u00edas nacionales para el tratamiento de la meningitis bacteriana. Descubrimos que el 98 % de los casos recibieron al menos los tratamientos recomendados, pero el 40 % recibi\u00f3 antibi\u00f3ticos adicionales (posiblemente como medida de precauci\u00f3n). Olga recibi\u00f3 el premio al mejor p\u00f3ster \ud83d\ude42<\/p>\n","protected":false},"excerpt":{"rendered":"<p>IX Reuni\u00f3n del Grupo Europeo de Vigilancia de los Meningococos (EMGM), Roma, Italia, 30 de mayo &#8211; 1 de junio de 2007.<\/p>\n","protected":false},"featured_media":2666,"template":"","meta":{"_acf_changed":true},"class_list":["post-4558","prezentacje","type-prezentacje","status-publish","has-post-thumbnail","hentry"],"acf":{"photo_gallery":{"_pdf_image":[[{"id":2900,"title":"2007-Rzym_poster3","caption":"","full_image_url":"https:\/\/pawel.stefanoff.pl\/work\/wp-content\/uploads\/2026\/01\/2007-Rzym_poster3.pdf","thumbnail_image_url":"https:\/\/pawel.stefanoff.pl\/work\/wp-content\/uploads\/2026\/01\/2007-Rzym_poster3-pdf-106x150.jpg","large_srcset":false,"medium_srcset":false,"media_details":{"width":null,"height":null,"sizes":{"full":{"file":"2007-Rzym_poster3-pdf.jpg","width":1058,"height":1497,"mime-type":"image\/jpeg","filesize":397147,"source_url":"https:\/\/pawel.stefanoff.pl\/work\/wp-content\/uploads\/2026\/01\/2007-Rzym_poster3-pdf.jpg"},"medium":{"file":"2007-Rzym_poster3-pdf-212x300.jpg","width":212,"height":300,"mime-type":"image\/jpeg","filesize":46479,"source_url":"https:\/\/pawel.stefanoff.pl\/work\/wp-content\/uploads\/2026\/01\/2007-Rzym_poster3-pdf-212x300.jpg"},"large":{"file":"2007-Rzym_poster3-pdf-724x1024.jpg","width":724,"height":1024,"mime-type":"image\/jpeg","filesize":203131,"source_url":"https:\/\/pawel.stefanoff.pl\/work\/wp-content\/uploads\/2026\/01\/2007-Rzym_poster3-pdf-724x1024.jpg"},"thumbnail":{"file":"2007-Rzym_poster3-pdf-106x150.jpg","width":106,"height":150,"mime-type":"image\/jpeg","filesize":33899,"source_url":"https:\/\/pawel.stefanoff.pl\/work\/wp-content\/uploads\/2026\/01\/2007-Rzym_poster3-pdf-106x150.jpg"}}},"alt_text":"","url":"","target":""}]]}},"_links":{"self":[{"href":"https:\/\/pawel.stefanoff.pl\/work\/wp-json\/wp\/v2\/prezentacje\/4558","targetHints":{"allow":["GET"]}}],"collection":[{"href":"https:\/\/pawel.stefanoff.pl\/work\/wp-json\/wp\/v2\/prezentacje"}],"about":[{"href":"https:\/\/pawel.stefanoff.pl\/work\/wp-json\/wp\/v2\/types\/prezentacje"}],"wp:featuredmedia":[{"embeddable":true,"href":"https:\/\/pawel.stefanoff.pl\/work\/wp-json\/wp\/v2\/media\/2666"}],"wp:attachment":[{"href":"https:\/\/pawel.stefanoff.pl\/work\/wp-json\/wp\/v2\/media?parent=4558"}],"curies":[{"name":"wp","href":"https:\/\/api.w.org\/{rel}","templated":true}]}}

Regímenes antimicrobianos utilizados en el tratamiento de la meningitis meningocócica en Polonia

<p class="wp-block-paragraph">¡Un análisis muy interesante, no publicado en ningún otro lugar! Junto con dos estudiantes de la facultad de medicina, Olga y Julia, revisamos la documentación médica de todos los casos de meningitis meningocócica notificados a la vigilancia epidemiológica entre 1999 y 2005 y registramos todos los antibióticos administrados. Comparamos los antibióticos prescritos con las guías nacionales para el tratamiento de la meningitis bacteriana. Descubrimos que el 98 % de los casos recibieron al menos los tratamientos recomendados, pero el 40 % recibió antibióticos adicionales (posiblemente como medida de precaución). Olga recibió el premio al mejor póster 🙂</p>

<p>IX Reunión del Grupo Europeo de Vigilancia de los Meningococos (EMGM), Roma, Italia, 30 de mayo &#8211; 1 de junio de 2007.</p>
