{"id":4559,"date":"2007-06-01T05:41:44","date_gmt":"2007-06-01T05:41:44","guid":{"rendered":"https:\/\/pawel.stefanoff.pl\/work\/?post_type=prezentacje&#038;p=4559"},"modified":"2026-03-22T14:06:57","modified_gmt":"2026-03-22T14:06:57","slug":"poster-2007-imd-surveillance-es","status":"publish","type":"prezentacje","link":"https:\/\/pawel.stefanoff.pl\/work\/es\/presentations\/poster-2007-imd-surveillance-es\/","title":{"rendered":"Vigilancia epidemiol\u00f3gica de la enfermedad meningoc\u00f3cica en Polonia en 2005-2006"},"content":{"rendered":"\n<p class=\"wp-block-paragraph\">En esta novena reuni\u00f3n de la EMGM, presentamos una serie de investigaciones sobre datos de vigilancia de la enfermedad meningoc\u00f3cica invasiva (EMI). Hubo cierta competencia con el laboratorio nacional de referencia, que tambi\u00e9n present\u00f3 varios p\u00f3steres interesantes. Muchos expertos europeos se preguntaban cu\u00e1l era la raz\u00f3n de tal explosi\u00f3n de conocimiento sobre la EMI en Polonia. Afortunadamente, la situaci\u00f3n se calm\u00f3 en los a\u00f1os siguientes y nuestras dos instituciones comenzaron a colaborar de manera m\u00e1s efectiva, vinculando los datos de vigilancia epidemiol\u00f3gica con los datos del laboratorio de referencia. Este p\u00f3ster presenta una visi\u00f3n general sencilla de la vigilancia de la EMI en Polonia.<\/p>\n","protected":false},"excerpt":{"rendered":"<p>IX Reuni\u00f3n del Grupo Europeo de Vigilancia de los Meningococos (EMGM), Roma, Italia, 30 de mayo &#8211; 1 de junio de 2007.<\/p>\n","protected":false},"featured_media":2666,"template":"","meta":{"_acf_changed":true},"class_list":["post-4559","prezentacje","type-prezentacje","status-publish","has-post-thumbnail","hentry"],"acf":{"photo_gallery":{"_pdf_image":[[{"id":2873,"title":"2007-Rzym_poster1","caption":"","full_image_url":"https:\/\/pawel.stefanoff.pl\/work\/wp-content\/uploads\/2026\/01\/2007-Rzym_poster1.pdf","thumbnail_image_url":"https:\/\/pawel.stefanoff.pl\/work\/wp-content\/uploads\/2026\/01\/2007-Rzym_poster1-pdf-106x150.jpg","large_srcset":false,"medium_srcset":false,"media_details":{"width":null,"height":null,"sizes":{"full":{"file":"2007-Rzym_poster1-pdf.jpg","width":1058,"height":1497,"mime-type":"image\/jpeg","filesize":373192,"source_url":"https:\/\/pawel.stefanoff.pl\/work\/wp-content\/uploads\/2026\/01\/2007-Rzym_poster1-pdf.jpg"},"medium":{"file":"2007-Rzym_poster1-pdf-212x300.jpg","width":212,"height":300,"mime-type":"image\/jpeg","filesize":41702,"source_url":"https:\/\/pawel.stefanoff.pl\/work\/wp-content\/uploads\/2026\/01\/2007-Rzym_poster1-pdf-212x300.jpg"},"large":{"file":"2007-Rzym_poster1-pdf-724x1024.jpg","width":724,"height":1024,"mime-type":"image\/jpeg","filesize":187681,"source_url":"https:\/\/pawel.stefanoff.pl\/work\/wp-content\/uploads\/2026\/01\/2007-Rzym_poster1-pdf-724x1024.jpg"},"thumbnail":{"file":"2007-Rzym_poster1-pdf-106x150.jpg","width":106,"height":150,"mime-type":"image\/jpeg","filesize":29112,"source_url":"https:\/\/pawel.stefanoff.pl\/work\/wp-content\/uploads\/2026\/01\/2007-Rzym_poster1-pdf-106x150.jpg"}}},"alt_text":"","url":"","target":""}]]}},"_links":{"self":[{"href":"https:\/\/pawel.stefanoff.pl\/work\/wp-json\/wp\/v2\/prezentacje\/4559","targetHints":{"allow":["GET"]}}],"collection":[{"href":"https:\/\/pawel.stefanoff.pl\/work\/wp-json\/wp\/v2\/prezentacje"}],"about":[{"href":"https:\/\/pawel.stefanoff.pl\/work\/wp-json\/wp\/v2\/types\/prezentacje"}],"wp:featuredmedia":[{"embeddable":true,"href":"https:\/\/pawel.stefanoff.pl\/work\/wp-json\/wp\/v2\/media\/2666"}],"wp:attachment":[{"href":"https:\/\/pawel.stefanoff.pl\/work\/wp-json\/wp\/v2\/media?parent=4559"}],"curies":[{"name":"wp","href":"https:\/\/api.w.org\/{rel}","templated":true}]}}

Vigilancia epidemiológica de la enfermedad meningocócica en Polonia en 2005-2006

<p class="wp-block-paragraph">En esta novena reunión de la EMGM, presentamos una serie de investigaciones sobre datos de vigilancia de la enfermedad meningocócica invasiva (EMI). Hubo cierta competencia con el laboratorio nacional de referencia, que también presentó varios pósteres interesantes. Muchos expertos europeos se preguntaban cuál era la razón de tal explosión de conocimiento sobre la EMI en Polonia. Afortunadamente, la situación se calmó en los años siguientes y nuestras dos instituciones comenzaron a colaborar de manera más efectiva, vinculando los datos de vigilancia epidemiológica con los datos del laboratorio de referencia. Este póster presenta una visión general sencilla de la vigilancia de la EMI en Polonia.</p>

<p>IX Reunión del Grupo Europeo de Vigilancia de los Meningococos (EMGM), Roma, Italia, 30 de mayo &#8211; 1 de junio de 2007.</p>
