{"id":4580,"date":"2001-06-17T04:11:38","date_gmt":"2001-06-17T04:11:38","guid":{"rendered":"https:\/\/pawel.stefanoff.pl\/work\/?post_type=prezentacje&#038;p=4580"},"modified":"2026-03-22T15:45:19","modified_gmt":"2026-03-22T15:45:19","slug":"poster-2001-tic-disorders-es","status":"publish","type":"prezentacje","link":"https:\/\/pawel.stefanoff.pl\/work\/es\/presentations\/poster-2001-tic-disorders-es\/","title":{"rendered":"Estudio de la prevalencia de tics y trastornos relacionados entre ni\u00f1os en edad escolar en Varsovia."},"content":{"rendered":"\n<p class=\"wp-block-paragraph\">El Congreso de Psiquiatras Polacos fue mi primera experiencia en una conferencia cient\u00edfica importante. Junto con el personal de la Cl\u00ednica de Psiquiatr\u00eda Infantil de Varsovia, presentamos los resultados de una investigaci\u00f3n sobre la prevalencia de trastornos de tics entre escolares de Varsovia. Los resultados completos de las estimaciones de prevalencia para trastornos espec\u00edficos se publicaron unos a\u00f1os despu\u00e9s en la revista European Child and Adolescent Psychiatry.<\/p>\n","protected":false},"excerpt":{"rendered":"<p>40\u00ba Congreso de Psiquiatras Polacos (KPP), Cracovia, Polonia, 14-17 de junio de 2001.<\/p>\n","protected":false},"featured_media":2666,"template":"","meta":{"_acf_changed":true},"class_list":["post-4580","prezentacje","type-prezentacje","status-publish","has-post-thumbnail","hentry"],"acf":{"photo_gallery":{"_pdf_image":[[{"id":2719,"title":"2001-Krakow_poster1","caption":"","full_image_url":"https:\/\/pawel.stefanoff.pl\/work\/wp-content\/uploads\/2026\/01\/2001-Krakow_poster1.pdf","thumbnail_image_url":"https:\/\/pawel.stefanoff.pl\/work\/wp-content\/uploads\/2026\/01\/2001-Krakow_poster1-pdf-106x150.jpg","large_srcset":false,"medium_srcset":false,"media_details":{"width":null,"height":null,"sizes":{"full":{"file":"2001-Krakow_poster1-pdf.jpg","width":1058,"height":1497,"mime-type":"image\/jpeg","filesize":194783,"source_url":"https:\/\/pawel.stefanoff.pl\/work\/wp-content\/uploads\/2026\/01\/2001-Krakow_poster1-pdf.jpg"},"medium":{"file":"2001-Krakow_poster1-pdf-212x300.jpg","width":212,"height":300,"mime-type":"image\/jpeg","filesize":14286,"source_url":"https:\/\/pawel.stefanoff.pl\/work\/wp-content\/uploads\/2026\/01\/2001-Krakow_poster1-pdf-212x300.jpg"},"large":{"file":"2001-Krakow_poster1-pdf-724x1024.jpg","width":724,"height":1024,"mime-type":"image\/jpeg","filesize":95962,"source_url":"https:\/\/pawel.stefanoff.pl\/work\/wp-content\/uploads\/2026\/01\/2001-Krakow_poster1-pdf-724x1024.jpg"},"thumbnail":{"file":"2001-Krakow_poster1-pdf-106x150.jpg","width":106,"height":150,"mime-type":"image\/jpeg","filesize":7061,"source_url":"https:\/\/pawel.stefanoff.pl\/work\/wp-content\/uploads\/2026\/01\/2001-Krakow_poster1-pdf-106x150.jpg"}}},"alt_text":"","url":"","target":""}]]}},"_links":{"self":[{"href":"https:\/\/pawel.stefanoff.pl\/work\/wp-json\/wp\/v2\/prezentacje\/4580","targetHints":{"allow":["GET"]}}],"collection":[{"href":"https:\/\/pawel.stefanoff.pl\/work\/wp-json\/wp\/v2\/prezentacje"}],"about":[{"href":"https:\/\/pawel.stefanoff.pl\/work\/wp-json\/wp\/v2\/types\/prezentacje"}],"wp:featuredmedia":[{"embeddable":true,"href":"https:\/\/pawel.stefanoff.pl\/work\/wp-json\/wp\/v2\/media\/2666"}],"wp:attachment":[{"href":"https:\/\/pawel.stefanoff.pl\/work\/wp-json\/wp\/v2\/media?parent=4580"}],"curies":[{"name":"wp","href":"https:\/\/api.w.org\/{rel}","templated":true}]}}

Estudio de la prevalencia de tics y trastornos relacionados entre niños en edad escolar en Varsovia.

<p class="wp-block-paragraph">El Congreso de Psiquiatras Polacos fue mi primera experiencia en una conferencia científica importante. Junto con el personal de la Clínica de Psiquiatría Infantil de Varsovia, presentamos los resultados de una investigación sobre la prevalencia de trastornos de tics entre escolares de Varsovia. Los resultados completos de las estimaciones de prevalencia para trastornos específicos se publicaron unos años después en la revista European Child and Adolescent Psychiatry.</p>

<p>40º Congreso de Psiquiatras Polacos (KPP), Cracovia, Polonia, 14-17 de junio de 2001.</p>
