{"id":4581,"date":"2001-06-17T04:05:03","date_gmt":"2001-06-17T04:05:03","guid":{"rendered":"https:\/\/pawel.stefanoff.pl\/work\/?post_type=prezentacje&#038;p=4581"},"modified":"2026-03-22T15:43:17","modified_gmt":"2026-03-22T15:43:17","slug":"poster-2001-tic-patients-characteristics-es","status":"publish","type":"prezentacje","link":"https:\/\/pawel.stefanoff.pl\/work\/es\/presentations\/poster-2001-tic-patients-characteristics-es\/","title":{"rendered":"Caracter\u00edsticas demogr\u00e1ficas, competencia y problemas de comportamiento en adolescentes con trastornos de tics no tratados."},"content":{"rendered":"\n<p class=\"wp-block-paragraph\">Anteriormente hab\u00eda participado en reuniones cient\u00edficas estudiantiles, pero mi participaci\u00f3n en el Congreso de Psiquiatras Polacos fue mi primera experiencia en una conferencia cient\u00edfica de gran envergadura. Junto con el personal de la Cl\u00ednica de Psiquiatr\u00eda Infantil de Varsovia, presentamos los resultados de una investigaci\u00f3n de dos a\u00f1os sobre la prevalencia de trastornos de tics entre escolares de Varsovia. \u00a1Estos resultados sobre la competencia y los problemas de comportamiento en ni\u00f1os con trastornos de tics no se hab\u00edan publicado en ning\u00fan otro lugar!<\/p>\n","protected":false},"excerpt":{"rendered":"<p>40\u00ba Congreso de Psiquiatras Polacos (KPP), Cracovia, Polonia, 14-17 de junio de 2001.<\/p>\n","protected":false},"featured_media":2666,"template":"","meta":{"_acf_changed":true},"class_list":["post-4581","prezentacje","type-prezentacje","status-publish","has-post-thumbnail","hentry"],"acf":{"photo_gallery":{"_pdf_image":[[{"id":2700,"title":"2001-Krakow_poster2","caption":"","full_image_url":"https:\/\/pawel.stefanoff.pl\/work\/wp-content\/uploads\/2026\/01\/2001-Krakow_poster2.pdf","thumbnail_image_url":"https:\/\/pawel.stefanoff.pl\/work\/wp-content\/uploads\/2026\/01\/2001-Krakow_poster2-pdf-106x150.jpg","large_srcset":false,"medium_srcset":false,"media_details":{"width":null,"height":null,"sizes":{"full":{"file":"2001-Krakow_poster2-pdf.jpg","width":1058,"height":1497,"mime-type":"image\/jpeg","filesize":278471,"source_url":"https:\/\/pawel.stefanoff.pl\/work\/wp-content\/uploads\/2026\/01\/2001-Krakow_poster2-pdf.jpg"},"medium":{"file":"2001-Krakow_poster2-pdf-212x300.jpg","width":212,"height":300,"mime-type":"image\/jpeg","filesize":18161,"source_url":"https:\/\/pawel.stefanoff.pl\/work\/wp-content\/uploads\/2026\/01\/2001-Krakow_poster2-pdf-212x300.jpg"},"large":{"file":"2001-Krakow_poster2-pdf-724x1024.jpg","width":724,"height":1024,"mime-type":"image\/jpeg","filesize":133944,"source_url":"https:\/\/pawel.stefanoff.pl\/work\/wp-content\/uploads\/2026\/01\/2001-Krakow_poster2-pdf-724x1024.jpg"},"thumbnail":{"file":"2001-Krakow_poster2-pdf-106x150.jpg","width":106,"height":150,"mime-type":"image\/jpeg","filesize":7927,"source_url":"https:\/\/pawel.stefanoff.pl\/work\/wp-content\/uploads\/2026\/01\/2001-Krakow_poster2-pdf-106x150.jpg"}}},"alt_text":"","url":"","target":""}]]}},"_links":{"self":[{"href":"https:\/\/pawel.stefanoff.pl\/work\/wp-json\/wp\/v2\/prezentacje\/4581","targetHints":{"allow":["GET"]}}],"collection":[{"href":"https:\/\/pawel.stefanoff.pl\/work\/wp-json\/wp\/v2\/prezentacje"}],"about":[{"href":"https:\/\/pawel.stefanoff.pl\/work\/wp-json\/wp\/v2\/types\/prezentacje"}],"wp:featuredmedia":[{"embeddable":true,"href":"https:\/\/pawel.stefanoff.pl\/work\/wp-json\/wp\/v2\/media\/2666"}],"wp:attachment":[{"href":"https:\/\/pawel.stefanoff.pl\/work\/wp-json\/wp\/v2\/media?parent=4581"}],"curies":[{"name":"wp","href":"https:\/\/api.w.org\/{rel}","templated":true}]}}

Características demográficas, competencia y problemas de comportamiento en adolescentes con trastornos de tics no tratados.

<p class="wp-block-paragraph">Anteriormente había participado en reuniones científicas estudiantiles, pero mi participación en el Congreso de Psiquiatras Polacos fue mi primera experiencia en una conferencia científica de gran envergadura. Junto con el personal de la Clínica de Psiquiatría Infantil de Varsovia, presentamos los resultados de una investigación de dos años sobre la prevalencia de trastornos de tics entre escolares de Varsovia. ¡Estos resultados sobre la competencia y los problemas de comportamiento en niños con trastornos de tics no se habían publicado en ningún otro lugar!</p>

<p>40º Congreso de Psiquiatras Polacos (KPP), Cracovia, Polonia, 14-17 de junio de 2001.</p>
