{"id":4037,"date":"2000-09-01T06:01:56","date_gmt":"2000-09-01T06:01:56","guid":{"rendered":"https:\/\/pawel.stefanoff.pl\/work\/?post_type=projects&#038;p=4037"},"modified":"2026-04-23T14:35:30","modified_gmt":"2026-04-23T14:35:30","slug":"project-prevalence-of-tic-disorders-es","status":"publish","type":"projects","link":"https:\/\/pawel.stefanoff.pl\/work\/es\/projects\/project-prevalence-of-tic-disorders-es\/","title":{"rendered":"Prevalencia de trastornos de tics entre escolares de Varsovia"},"content":{"rendered":"\n<figure class=\"wp-block-image size-large\"><img fetchpriority=\"high\" decoding=\"async\" width=\"1024\" height=\"561\" src=\"https:\/\/pawel.stefanoff.pl\/work\/wp-content\/uploads\/2026\/01\/BG_IMG-comp-kxw6l2dt-1024x561.jpg\" alt=\"\" class=\"wp-image-504\" srcset=\"https:\/\/pawel.stefanoff.pl\/work\/wp-content\/uploads\/2026\/01\/BG_IMG-comp-kxw6l2dt-1024x561.jpg 1024w, https:\/\/pawel.stefanoff.pl\/work\/wp-content\/uploads\/2026\/01\/BG_IMG-comp-kxw6l2dt-300x164.jpg 300w, https:\/\/pawel.stefanoff.pl\/work\/wp-content\/uploads\/2026\/01\/BG_IMG-comp-kxw6l2dt-768x420.jpg 768w, https:\/\/pawel.stefanoff.pl\/work\/wp-content\/uploads\/2026\/01\/BG_IMG-comp-kxw6l2dt.jpg 1200w\" sizes=\"(max-width: 1024px) 100vw, 1024px\" \/><\/figure>\n\n\n\n<p class=\"wp-block-paragraph\">Mi primer proyecto, realizado con un eficiente equipo de estudiantes de medicina entre 1998 y 1999. En la primera fase, preguntamos a padres y profesores de 1579 escolares de 11 a 12 a\u00f1os de 24 escuelas seleccionadas al azar si sus hijos presentaban movimientos involuntarios o emit\u00edan sonidos involuntarios. En la segunda fase, entrevistamos a todos los ni\u00f1os que presentaban movimientos involuntarios para detectar la presencia de trastornos de tics y afecciones concomitantes. Descubrimos que el 10 % de los ni\u00f1os hab\u00eda presentado trastornos de tics en alg\u00fan momento de su vida, aunque la mayor\u00eda eran de corta duraci\u00f3n. Este fue mi primer estudio importante, que dio lugar a una tesis doctoral en 2003, tres publicaciones revisadas por pares y algunas presentaciones en congresos.<\/p>\n\n\n\n<h2 class=\"wp-block-heading\">\u00bfPor qu\u00e9 importa?<\/h2>\n\n\n\n<p class=\"wp-block-paragraph\">Nuestros resultados podr\u00edan ayudar a los profesionales m\u00e9dicos a diagnosticar a ni\u00f1os con trastornos de tics, permiti\u00e9ndoles determinar el diagn\u00f3stico m\u00e1s probable. Los responsables pol\u00edticos podr\u00edan planificar mejor los recursos para los servicios ambulatorios destinados a los trasornos m\u00e1s frecuentes.<\/p>\n\n\n\n<h2 class=\"wp-block-heading\">Relacionado con<\/h2>\n\n\n\n<p class=\"wp-block-paragraph\"><strong>Tesis:<\/strong><\/p>\n\n\n\n<ul class=\"wp-block-list\">\n<li><u><a href=\"https:\/\/pawel.stefanoff.pl\/work\/es\/theses\/thesis-2002-tic-disorders-es\/\">Doctorado en Epidemiolog\u00eda de los Trastornos del Movimiento, Universidad M\u00e9dica de Varsovia, Varsovia, 2003.<\/a><\/u><\/li>\n<\/ul>\n\n\n\n<p class=\"wp-block-paragraph\"><strong>Las publicaciones revisadas por pares:<\/strong><\/p>\n\n\n\n<ul class=\"wp-block-list\">\n<li><u><a href=\"https:\/\/pawel.stefanoff.pl\/work\/es\/articles\/article-2003-tourette-es\/\">Stefanoff et al. Psychiatr Pol 2003; 37: 97-107.<\/a><\/u><\/li>\n\n\n\n<li><u><a href=\"https:\/\/pawel.stefanoff.pl\/work\/es\/articles\/article-2005-ygtss-es\/\">Stefanoff et al. Przegl Epidemiol 2005; 59: 753-62.<\/a><\/u><\/li>\n\n\n\n<li><u><a href=\"https:\/\/pawel.stefanoff.pl\/work\/es\/articles\/article-2008-tic-disorders-es\/\">Stefanoff et al. Eur Child Adolesc Psychiatry 2007 Sep 14.<\/a><\/u><\/li>\n<\/ul>\n\n\n\n<p class=\"wp-block-paragraph\"><\/p>\n","protected":false},"excerpt":{"rendered":"<p>Un estudio para medir la prevalencia de trastornos de tics entre ni\u00f1os de 11 a 12 a\u00f1os que estudian en 24 escuelas seleccionadas al azar en Varsovia, Polonia.<\/p>\n","protected":false},"featured_media":504,"template":"","meta":{"_acf_changed":false},"class_list":["post-4037","projects","type-projects","status-publish","has-post-thumbnail","hentry"],"acf":[],"_links":{"self":[{"href":"https:\/\/pawel.stefanoff.pl\/work\/wp-json\/wp\/v2\/projects\/4037","targetHints":{"allow":["GET"]}}],"collection":[{"href":"https:\/\/pawel.stefanoff.pl\/work\/wp-json\/wp\/v2\/projects"}],"about":[{"href":"https:\/\/pawel.stefanoff.pl\/work\/wp-json\/wp\/v2\/types\/projects"}],"wp:featuredmedia":[{"embeddable":true,"href":"https:\/\/pawel.stefanoff.pl\/work\/wp-json\/wp\/v2\/media\/504"}],"wp:attachment":[{"href":"https:\/\/pawel.stefanoff.pl\/work\/wp-json\/wp\/v2\/media?parent=4037"}],"curies":[{"name":"wp","href":"https:\/\/api.w.org\/{rel}","templated":true}]}}

<figure class="wp-block-image size-large"><img fetchpriority="high" decoding="async" width="1024" height="561" src="https://pawel.stefanoff.pl/work/wp-content/uploads/2026/01/BG_IMG-comp-kxw6l2dt-1024x561.jpg" alt="" class="wp-image-504" srcset="https://pawel.stefanoff.pl/work/wp-content/uploads/2026/01/BG_IMG-comp-kxw6l2dt-1024x561.jpg 1024w, https://pawel.stefanoff.pl/work/wp-content/uploads/2026/01/BG_IMG-comp-kxw6l2dt-300x164.jpg 300w, https://pawel.stefanoff.pl/work/wp-content/uploads/2026/01/BG_IMG-comp-kxw6l2dt-768x420.jpg 768w, https://pawel.stefanoff.pl/work/wp-content/uploads/2026/01/BG_IMG-comp-kxw6l2dt.jpg 1200w" sizes="(max-width: 1024px) 100vw, 1024px" /></figure>



<p class="wp-block-paragraph">Mi primer proyecto, realizado con un eficiente equipo de estudiantes de medicina entre 1998 y 1999. En la primera fase, preguntamos a padres y profesores de 1579 escolares de 11 a 12 años de 24 escuelas seleccionadas al azar si sus hijos presentaban movimientos involuntarios o emitían sonidos involuntarios. En la segunda fase, entrevistamos a todos los niños que presentaban movimientos involuntarios para detectar la presencia de trastornos de tics y afecciones concomitantes. Descubrimos que el 10 % de los niños había presentado trastornos de tics en algún momento de su vida, aunque la mayoría eran de corta duración. Este fue mi primer estudio importante, que dio lugar a una tesis doctoral en 2003, tres publicaciones revisadas por pares y algunas presentaciones en congresos.</p>



<h2 class="wp-block-heading">¿Por qué importa?</h2>



<p class="wp-block-paragraph">Nuestros resultados podrían ayudar a los profesionales médicos a diagnosticar a niños con trastornos de tics, permitiéndoles determinar el diagnóstico más probable. Los responsables políticos podrían planificar mejor los recursos para los servicios ambulatorios destinados a los trasornos más frecuentes.</p>



<h2 class="wp-block-heading">Relacionado con</h2>



<p class="wp-block-paragraph"><strong>Tesis:</strong></p>



<ul class="wp-block-list">
<li><u><a href="https://pawel.stefanoff.pl/work/es/theses/thesis-2002-tic-disorders-es/">Doctorado en Epidemiología de los Trastornos del Movimiento, Universidad Médica de Varsovia, Varsovia, 2003.</a></u></li>
</ul>



<p class="wp-block-paragraph"><strong>Las publicaciones revisadas por pares:</strong></p>



<ul class="wp-block-list">
<li><u><a href="https://pawel.stefanoff.pl/work/es/articles/article-2003-tourette-es/">Stefanoff et al. Psychiatr Pol 2003; 37: 97-107.</a></u></li>



<li><u><a href="https://pawel.stefanoff.pl/work/es/articles/article-2005-ygtss-es/">Stefanoff et al. Przegl Epidemiol 2005; 59: 753-62.</a></u></li>



<li><u><a href="https://pawel.stefanoff.pl/work/es/articles/article-2008-tic-disorders-es/">Stefanoff et al. Eur Child Adolesc Psychiatry 2007 Sep 14.</a></u></li>
</ul>



<p class="wp-block-paragraph"></p>

<p>Un estudio para medir la prevalencia de trastornos de tics entre niños de 11 a 12 años que estudian en 24 escuelas seleccionadas al azar en Varsovia, Polonia.</p>
