{"id":4294,"date":"2022-09-01T04:51:57","date_gmt":"2022-09-01T04:51:57","guid":{"rendered":"https:\/\/pawel.stefanoff.pl\/work\/?post_type=projects&#038;p=4294"},"modified":"2026-08-29T10:04:56","modified_gmt":"2026-08-29T10:04:56","slug":"project-notifications-covid-es","status":"publish","type":"projects","link":"https:\/\/pawel.stefanoff.pl\/work\/es\/projects\/project-notifications-covid-es\/","title":{"rendered":"Notificaci\u00f3n de enfermedades infecciosas en Noruega durante la COVID-19"},"content":{"rendered":"\n<figure class=\"wp-block-image size-large\"><img fetchpriority=\"high\" decoding=\"async\" width=\"1024\" height=\"683\" src=\"https:\/\/pawel.stefanoff.pl\/work\/wp-content\/uploads\/2026\/01\/Notification-of-infectious-diseases-in-Norway-during-COVID-19-1024x683.jpg\" alt=\"\" class=\"wp-image-442\" srcset=\"https:\/\/pawel.stefanoff.pl\/work\/wp-content\/uploads\/2026\/01\/Notification-of-infectious-diseases-in-Norway-during-COVID-19-1024x683.jpg 1024w, https:\/\/pawel.stefanoff.pl\/work\/wp-content\/uploads\/2026\/01\/Notification-of-infectious-diseases-in-Norway-during-COVID-19-300x200.jpg 300w, https:\/\/pawel.stefanoff.pl\/work\/wp-content\/uploads\/2026\/01\/Notification-of-infectious-diseases-in-Norway-during-COVID-19-768x512.jpg 768w, https:\/\/pawel.stefanoff.pl\/work\/wp-content\/uploads\/2026\/01\/Notification-of-infectious-diseases-in-Norway-during-COVID-19.jpg 1200w\" sizes=\"(max-width: 1024px) 100vw, 1024px\" \/><\/figure>\n\n\n\n<p class=\"wp-block-paragraph\">En marzo de 2020, las autoridades noruegas observaron que la epidemia de COVID-19 modific\u00f3 la forma en que la poblaci\u00f3n utilizaba los servicios de salud, y los laboratorios limitaron las pruebas para otros pat\u00f3genos. Junto con un peque\u00f1o equipo, monitorizamos el funcionamiento de la vigilancia de enfermedades transmisibles durante la mayor crisis de salud p\u00fablica de nuestra \u00e9poca. En el marco de este proyecto, publicamos 17 informes peri\u00f3dicos (inicialmente quincenales y posteriormente mensuales), que resum\u00edan las notificaciones de enfermedades transmisibles. Adem\u00e1s, encuestamos a laboratorios de diagn\u00f3stico y m\u00e9dicos notificadores sobre su experiencia con la notificaci\u00f3n de enfermedades durante la crisis de la COVID-19.<\/p>\n\n\n\n<h2 class=\"wp-block-heading\"><strong>\u00bfPor qu\u00e9 importa?<\/strong><\/h2>\n\n\n\n<p class=\"wp-block-paragraph\">La vigilancia de enfermedades transmisibles es fundamental para que las instituciones de salud p\u00fablica y los responsables pol\u00edticos puedan reaccionar ante se\u00f1ales y tendencias. Si destinamos todos nuestros recursos a una sola enfermedad infecciosa (como la COVID-19), podr\u00edamos pasar por alto otros problemas de salud importantes. Por lo tanto, necesitamos un sistema de vigilancia eficaz incluso en situaciones de crisis.<\/p>\n\n\n\n<h2 class=\"wp-block-heading\"><strong>Relacionado con<\/strong><\/h2>\n\n\n\n<p class=\"wp-block-paragraph\"><strong>Informes elaborados para el Instituto Noruego de Salud P\u00fablica:<\/strong><\/p>\n\n\n\n<div class=\"wp-block-group is-layout-constrained wp-block-group-is-layout-constrained\">\n<ul class=\"wp-block-list\">\n<li><span style=\"text-decoration: underline;\"><a href=\"https:\/\/pawel.stefanoff.pl\/work\/es\/other-publications\/other-2021-lab-referrals-es\/\">Encuesta a laboratorios de diagn\u00f3stico sobre las derivaciones para el diagn\u00f3stico de ciertas enfermedades de declaraci\u00f3n obligatoria durante la epidemia de Covid-19.<\/a><\/span><\/li>\n\n\n\n<li><span style=\"text-decoration: underline;\"><a href=\"https:\/\/pawel.stefanoff.pl\/work\/es\/other-publications\/other-2021-msis-survey-es\/\">Encuesta realizada entre usuarios del MSIS sobre su experiencia con la notificaci\u00f3n de enfermedades de declaraci\u00f3n obligatoria durante la epidemia de COVID-19.<\/a><\/span><\/li>\n\n\n\n<li><span style=\"text-decoration: underline;\"><a href=\"https:\/\/pawel.stefanoff.pl\/work\/es\/other-publications\/other-2021-evaluation-report-es\/\">Informe final del proyecto de evaluaci\u00f3n.<\/a><\/span><\/li>\n<\/ul>\n<\/div>\n\n\n\n<p class=\"wp-block-paragraph\"><strong>Publicaciones revisadas por pares:<\/strong><\/p>\n\n\n\n<ul class=\"wp-block-list\">\n<li><a href=\"https:\/\/pawel.stefanoff.pl\/work\/es\/articles\/article-2020-reporting-during-covid-es\/\"><u>Stefanoff P, et al. Tidsskr Nor Laegeforen 2020; 140(9)<\/u>.<\/a><\/li>\n<\/ul>\n\n\n\n<p class=\"wp-block-paragraph\"><\/p>\n","protected":false},"excerpt":{"rendered":"<p>Evaluaci\u00f3n exhaustiva de c\u00f3mo los m\u00e9dicos y laboratorios noruegos notificaron las enfermedades infecciosas durante la crisis de la COVID-19, dado que la atenci\u00f3n se centr\u00f3 en la nueva enfermedad.<\/p>\n","protected":false},"featured_media":447,"template":"","meta":{"_acf_changed":false},"class_list":["post-4294","projects","type-projects","status-publish","has-post-thumbnail","hentry"],"acf":[],"_links":{"self":[{"href":"https:\/\/pawel.stefanoff.pl\/work\/wp-json\/wp\/v2\/projects\/4294","targetHints":{"allow":["GET"]}}],"collection":[{"href":"https:\/\/pawel.stefanoff.pl\/work\/wp-json\/wp\/v2\/projects"}],"about":[{"href":"https:\/\/pawel.stefanoff.pl\/work\/wp-json\/wp\/v2\/types\/projects"}],"wp:featuredmedia":[{"embeddable":true,"href":"https:\/\/pawel.stefanoff.pl\/work\/wp-json\/wp\/v2\/media\/447"}],"wp:attachment":[{"href":"https:\/\/pawel.stefanoff.pl\/work\/wp-json\/wp\/v2\/media?parent=4294"}],"curies":[{"name":"wp","href":"https:\/\/api.w.org\/{rel}","templated":true}]}}

Notificación de enfermedades infecciosas en Noruega durante la COVID-19

<figure class="wp-block-image size-large"><img fetchpriority="high" decoding="async" width="1024" height="683" src="https://pawel.stefanoff.pl/work/wp-content/uploads/2026/01/Notification-of-infectious-diseases-in-Norway-during-COVID-19-1024x683.jpg" alt="" class="wp-image-442" srcset="https://pawel.stefanoff.pl/work/wp-content/uploads/2026/01/Notification-of-infectious-diseases-in-Norway-during-COVID-19-1024x683.jpg 1024w, https://pawel.stefanoff.pl/work/wp-content/uploads/2026/01/Notification-of-infectious-diseases-in-Norway-during-COVID-19-300x200.jpg 300w, https://pawel.stefanoff.pl/work/wp-content/uploads/2026/01/Notification-of-infectious-diseases-in-Norway-during-COVID-19-768x512.jpg 768w, https://pawel.stefanoff.pl/work/wp-content/uploads/2026/01/Notification-of-infectious-diseases-in-Norway-during-COVID-19.jpg 1200w" sizes="(max-width: 1024px) 100vw, 1024px" /></figure>



<p class="wp-block-paragraph">En marzo de 2020, las autoridades noruegas observaron que la epidemia de COVID-19 modificó la forma en que la población utilizaba los servicios de salud, y los laboratorios limitaron las pruebas para otros patógenos. Junto con un pequeño equipo, monitorizamos el funcionamiento de la vigilancia de enfermedades transmisibles durante la mayor crisis de salud pública de nuestra época. En el marco de este proyecto, publicamos 17 informes periódicos (inicialmente quincenales y posteriormente mensuales), que resumían las notificaciones de enfermedades transmisibles. Además, encuestamos a laboratorios de diagnóstico y médicos notificadores sobre su experiencia con la notificación de enfermedades durante la crisis de la COVID-19.</p>



<h2 class="wp-block-heading"><strong>¿Por qué importa?</strong></h2>



<p class="wp-block-paragraph">La vigilancia de enfermedades transmisibles es fundamental para que las instituciones de salud pública y los responsables políticos puedan reaccionar ante señales y tendencias. Si destinamos todos nuestros recursos a una sola enfermedad infecciosa (como la COVID-19), podríamos pasar por alto otros problemas de salud importantes. Por lo tanto, necesitamos un sistema de vigilancia eficaz incluso en situaciones de crisis.</p>



<h2 class="wp-block-heading"><strong>Relacionado con</strong></h2>



<p class="wp-block-paragraph"><strong>Informes elaborados para el Instituto Noruego de Salud Pública:</strong></p>



<div class="wp-block-group is-layout-constrained wp-block-group-is-layout-constrained">
<ul class="wp-block-list">
<li><span style="text-decoration: underline;"><a href="https://pawel.stefanoff.pl/work/es/other-publications/other-2021-lab-referrals-es/">Encuesta a laboratorios de diagnóstico sobre las derivaciones para el diagnóstico de ciertas enfermedades de declaración obligatoria durante la epidemia de Covid-19.</a></span></li>



<li><span style="text-decoration: underline;"><a href="https://pawel.stefanoff.pl/work/es/other-publications/other-2021-msis-survey-es/">Encuesta realizada entre usuarios del MSIS sobre su experiencia con la notificación de enfermedades de declaración obligatoria durante la epidemia de COVID-19.</a></span></li>



<li><span style="text-decoration: underline;"><a href="https://pawel.stefanoff.pl/work/es/other-publications/other-2021-evaluation-report-es/">Informe final del proyecto de evaluación.</a></span></li>
</ul>
</div>



<p class="wp-block-paragraph"><strong>Publicaciones revisadas por pares:</strong></p>



<ul class="wp-block-list">
<li><a href="https://pawel.stefanoff.pl/work/es/articles/article-2020-reporting-during-covid-es/"><u>Stefanoff P, et al. Tidsskr Nor Laegeforen 2020; 140(9)</u>.</a></li>
</ul>



<p class="wp-block-paragraph"></p>

<p>Evaluación exhaustiva de cómo los médicos y laboratorios noruegos notificaron las enfermedades infecciosas durante la crisis de la COVID-19, dado que la atención se centró en la nueva enfermedad.</p>
