{"id":4300,"date":"2012-09-01T05:45:51","date_gmt":"2012-09-01T05:45:51","guid":{"rendered":"https:\/\/pawel.stefanoff.pl\/work\/?post_type=projects&#038;p=4300"},"modified":"2026-08-29T10:13:55","modified_gmt":"2026-08-29T10:13:55","slug":"project-pertussis-es","status":"publish","type":"projects","link":"https:\/\/pawel.stefanoff.pl\/work\/es\/projects\/project-pertussis-es\/","title":{"rendered":"\u00bfQu\u00e9 tan com\u00fan es la tos ferina?"},"content":{"rendered":"\n<figure class=\"wp-block-image size-full\"><img fetchpriority=\"high\" decoding=\"async\" width=\"730\" height=\"425\" src=\"https:\/\/pawel.stefanoff.pl\/work\/wp-content\/uploads\/2026\/01\/jhxvbR-BI8PVQ-4.jpg\" alt=\"\" class=\"wp-image-486\" srcset=\"https:\/\/pawel.stefanoff.pl\/work\/wp-content\/uploads\/2026\/01\/jhxvbR-BI8PVQ-4.jpg 730w, https:\/\/pawel.stefanoff.pl\/work\/wp-content\/uploads\/2026\/01\/jhxvbR-BI8PVQ-4-300x175.jpg 300w\" sizes=\"(max-width: 730px) 100vw, 730px\" \/><\/figure>\n\n\n\n<p class=\"wp-block-paragraph\">Entre 2009 y 2011, realizamos un estudio de cohorte a nivel nacional para medir la incidencia de tos ferina seg\u00fan la edad. Seguimos a una poblaci\u00f3n representativa atendida por 78 m\u00e9dicos generales seleccionados aleatoriamente. El tiempo total de seguimiento fue de casi 200\u00a0000 personas-a\u00f1o. Reclutamos a personas que acudieron a los m\u00e9dicos generales participantes con s\u00edntomas de tos prolongada, las entrevistamos utilizando formularios estandarizados y tomamos muestras nasofar\u00edngeas. Durante el per\u00edodo de seguimiento, los m\u00e9dicos generales atendieron a 3864 pacientes con tos, de los cuales 1232 fueron reclutados y sometidos a pruebas de tos ferina y parapertosferina. Confirmamos 288 casos de tos ferina (tasa de incidencia ajustada de 201 casos por 100\u00a0000 personas-a\u00f1o) y 78 casos de parapertosferina (tasa de incidencia no ajustada de 39 por 100\u00a0000 personas-a\u00f1o). Este fue uno de los estudios observacionales m\u00e1s grandes realizados por el Instituto Nacional de Salud P\u00fablica de Polonia, con un presupuesto considerable, un excelente equipo de coordinaci\u00f3n y centros de estudio con un buen desempe\u00f1o.<\/p>\n\n\n\n<h2 class=\"wp-block-heading\"><strong>\u00bfPor qu\u00e9 importa?<\/strong><\/h2>\n\n\n\n<p class=\"wp-block-paragraph\">Es importante comprender la incidencia de la tos ferina, ya que la vigilancia epidemiol\u00f3gica solo es eficaz para detectar casos en ni\u00f1os. La carga de la tos ferina en adultos se subestima a nivel mundial, dado que los pacientes suelen presentar s\u00edntomas moderados y, por lo general, no se les realiza la prueba. Sin embargo, los adultos desempe\u00f1an un papel importante en el mantenimiento de la transmisi\u00f3n de la enfermedad y aumentan el riesgo de exposici\u00f3n de los reci\u00e9n nacidos y los lactantes con vacunaci\u00f3n insuficiente.<\/p>\n\n\n\n<h2 class=\"wp-block-heading\"><strong>Relacionado con<\/strong><\/h2>\n\n\n\n<p class=\"wp-block-paragraph\"><strong>Resultados de la investigaci\u00f3n sobre la incidencia de la tos ferina:<\/strong><\/p>\n\n\n\n<ul class=\"wp-block-list\">\n<li><span style=\"text-decoration: underline;\"><a href=\"https:\/\/pawel.stefanoff.pl\/work\/es\/articles\/article-2014-pertussis-inc-es\/\">Stefanoff P et al. Epidemiol Infect 2014; 142(4): 714-23.<\/a><\/span><\/li>\n<\/ul>\n\n\n\n<p class=\"wp-block-paragraph\"><strong>Resultados de la investigaci\u00f3n sobre la incidencia de la parapertosferina:<\/strong><\/p>\n\n\n\n<ul class=\"wp-block-list\">\n<li><span style=\"text-decoration: underline;\"><a href=\"https:\/\/pawel.stefanoff.pl\/work\/es\/articles\/article-2015-parapertussis-es\/\">Tomialoic R et al. Eur J Clin Microbiol Infect Dis 2015; 34(1): 101-7.<\/a><\/span><\/li>\n<\/ul>\n","protected":false},"excerpt":{"rendered":"<p>Realizamos un estudio de cohorte a nivel nacional para medir la incidencia de tos ferina relacionada con la edad en Polonia. Examinamos a todos los pacientes con tos prolongada para confirmar la presencia de tos ferina y parapertosferina.<\/p>\n","protected":false},"featured_media":486,"template":"","meta":{"_acf_changed":false},"class_list":["post-4300","projects","type-projects","status-publish","has-post-thumbnail","hentry"],"acf":[],"_links":{"self":[{"href":"https:\/\/pawel.stefanoff.pl\/work\/wp-json\/wp\/v2\/projects\/4300","targetHints":{"allow":["GET"]}}],"collection":[{"href":"https:\/\/pawel.stefanoff.pl\/work\/wp-json\/wp\/v2\/projects"}],"about":[{"href":"https:\/\/pawel.stefanoff.pl\/work\/wp-json\/wp\/v2\/types\/projects"}],"wp:featuredmedia":[{"embeddable":true,"href":"https:\/\/pawel.stefanoff.pl\/work\/wp-json\/wp\/v2\/media\/486"}],"wp:attachment":[{"href":"https:\/\/pawel.stefanoff.pl\/work\/wp-json\/wp\/v2\/media?parent=4300"}],"curies":[{"name":"wp","href":"https:\/\/api.w.org\/{rel}","templated":true}]}}

¿Qué tan común es la tos ferina?

<figure class="wp-block-image size-full"><img fetchpriority="high" decoding="async" width="730" height="425" src="https://pawel.stefanoff.pl/work/wp-content/uploads/2026/01/jhxvbR-BI8PVQ-4.jpg" alt="" class="wp-image-486" srcset="https://pawel.stefanoff.pl/work/wp-content/uploads/2026/01/jhxvbR-BI8PVQ-4.jpg 730w, https://pawel.stefanoff.pl/work/wp-content/uploads/2026/01/jhxvbR-BI8PVQ-4-300x175.jpg 300w" sizes="(max-width: 730px) 100vw, 730px" /></figure>



<p class="wp-block-paragraph">Entre 2009 y 2011, realizamos un estudio de cohorte a nivel nacional para medir la incidencia de tos ferina según la edad. Seguimos a una población representativa atendida por 78 médicos generales seleccionados aleatoriamente. El tiempo total de seguimiento fue de casi 200 000 personas-año. Reclutamos a personas que acudieron a los médicos generales participantes con síntomas de tos prolongada, las entrevistamos utilizando formularios estandarizados y tomamos muestras nasofaríngeas. Durante el período de seguimiento, los médicos generales atendieron a 3864 pacientes con tos, de los cuales 1232 fueron reclutados y sometidos a pruebas de tos ferina y parapertosferina. Confirmamos 288 casos de tos ferina (tasa de incidencia ajustada de 201 casos por 100 000 personas-año) y 78 casos de parapertosferina (tasa de incidencia no ajustada de 39 por 100 000 personas-año). Este fue uno de los estudios observacionales más grandes realizados por el Instituto Nacional de Salud Pública de Polonia, con un presupuesto considerable, un excelente equipo de coordinación y centros de estudio con un buen desempeño.</p>



<h2 class="wp-block-heading"><strong>¿Por qué importa?</strong></h2>



<p class="wp-block-paragraph">Es importante comprender la incidencia de la tos ferina, ya que la vigilancia epidemiológica solo es eficaz para detectar casos en niños. La carga de la tos ferina en adultos se subestima a nivel mundial, dado que los pacientes suelen presentar síntomas moderados y, por lo general, no se les realiza la prueba. Sin embargo, los adultos desempeñan un papel importante en el mantenimiento de la transmisión de la enfermedad y aumentan el riesgo de exposición de los recién nacidos y los lactantes con vacunación insuficiente.</p>



<h2 class="wp-block-heading"><strong>Relacionado con</strong></h2>



<p class="wp-block-paragraph"><strong>Resultados de la investigación sobre la incidencia de la tos ferina:</strong></p>



<ul class="wp-block-list">
<li><span style="text-decoration: underline;"><a href="https://pawel.stefanoff.pl/work/es/articles/article-2014-pertussis-inc-es/">Stefanoff P et al. Epidemiol Infect 2014; 142(4): 714-23.</a></span></li>
</ul>



<p class="wp-block-paragraph"><strong>Resultados de la investigación sobre la incidencia de la parapertosferina:</strong></p>



<ul class="wp-block-list">
<li><span style="text-decoration: underline;"><a href="https://pawel.stefanoff.pl/work/es/articles/article-2015-parapertussis-es/">Tomialoic R et al. Eur J Clin Microbiol Infect Dis 2015; 34(1): 101-7.</a></span></li>
</ul>
