{"id":4303,"date":"2009-09-01T05:48:26","date_gmt":"2009-09-01T05:48:26","guid":{"rendered":"https:\/\/pawel.stefanoff.pl\/work\/?post_type=projects&#038;p=4303"},"modified":"2026-04-23T06:09:40","modified_gmt":"2026-04-23T06:09:40","slug":"project-gi-burden-es","status":"publish","type":"projects","link":"https:\/\/pawel.stefanoff.pl\/work\/es\/projects\/project-gi-burden-es\/","title":{"rendered":"Carga social de las infecciones gastrointestinales"},"content":{"rendered":"\n<figure class=\"wp-block-image size-large\"><img fetchpriority=\"high\" decoding=\"async\" width=\"1024\" height=\"679\" src=\"https:\/\/pawel.stefanoff.pl\/work\/wp-content\/uploads\/2026\/01\/jhxvbR-BI8PVQ-5-1024x679.jpg\" alt=\"\" class=\"wp-image-489\" srcset=\"https:\/\/pawel.stefanoff.pl\/work\/wp-content\/uploads\/2026\/01\/jhxvbR-BI8PVQ-5-1024x679.jpg 1024w, https:\/\/pawel.stefanoff.pl\/work\/wp-content\/uploads\/2026\/01\/jhxvbR-BI8PVQ-5-300x199.jpg 300w, https:\/\/pawel.stefanoff.pl\/work\/wp-content\/uploads\/2026\/01\/jhxvbR-BI8PVQ-5-768x509.jpg 768w, https:\/\/pawel.stefanoff.pl\/work\/wp-content\/uploads\/2026\/01\/jhxvbR-BI8PVQ-5.jpg 1241w\" sizes=\"(max-width: 1024px) 100vw, 1024px\" \/><\/figure>\n\n\n\n<p class=\"wp-block-paragraph\">Entre 2009 y 2014, investigu\u00e9 la carga social de las infecciones gastrointestinales en Polonia y Europa. En primer lugar, realizamos estudios de cohortes en varios pa\u00edses europeos para medir la incidencia de infecciones gastrointestinales mediante encuestas mensuales a participantes seleccionados aleatoriamente durante 12 meses. Paralelamente, organizamos una encuesta en Polonia sobre el uso de servicios m\u00e9dicos en varias decenas de centros de salud para evaluar la atenci\u00f3n brindada a pacientes con s\u00edntomas gastrointestinales. Observamos que, si bien los costos asociados a estos episodios son bajos, su frecuencia es tan alta que representan una carga significativa para la sociedad. Este trabajo fue financiado por los proyectos Med-Vet-Net y POLYMOD.<\/p>\n\n\n\n<h2 class=\"wp-block-heading\"><strong>\u00bfPor qu\u00e9 importa?<\/strong><\/h2>\n\n\n\n<p class=\"wp-block-paragraph\">Este tipo de investigaciones son fundamentales para priorizar la carga social de las enfermedades infecciosas. Cada vez hay m\u00e1s evidencia de que las infecciones leves que causan gastroenteritis o s\u00edntomas respiratorios representan la mayor carga para las sociedades desarrolladas. Una de las razones es que muchas enfermedades devastadoras que causaban alta mortalidad se han controlado eficazmente en el siglo XXI.<\/p>\n\n\n\n<h2 class=\"wp-block-heading\"><strong>Relacionado con<\/strong><\/h2>\n\n\n\n<p class=\"wp-block-paragraph\"><strong>\u00bfCon qu\u00e9 frecuencia se presentan las infecciones gastrointestinales?<\/strong><\/p>\n\n\n\n<ul class=\"wp-block-list\">\n<li><span style=\"text-decoration: underline;\"><a href=\"https:\/\/pawel.stefanoff.pl\/work\/es\/articles\/article-2012-gi-infections-es\/\">Baumann-Popczyk A, et al. Epidemiol Infect 2011 Sep 19:1-12.<\/a><\/span><\/li>\n\n\n\n<li><span style=\"text-decoration: underline;\"><a href=\"https:\/\/pawel.stefanoff.pl\/work\/es\/articles\/article-2013-gi-pyramid-es\/\">Haagsma JA, et al. Epidemiol Infect 2013; 141(8): 1625-39.<\/a><\/span><\/li>\n<\/ul>\n\n\n\n<p class=\"wp-block-paragraph\"><strong>\u00bfCu\u00e1l es el manejo sanitario de los pacientes con infecciones gastrointestinales?<\/strong><\/p>\n\n\n\n<ul class=\"wp-block-list\">\n<li><span style=\"text-decoration: underline;\"><a href=\"https:\/\/pawel.stefanoff.pl\/work\/es\/articles\/article-2013-gi-antibacterials-es\/\">Stefanoff P, et al. Epidemiol Infect 2013; 141(4): 859-67.<\/a><\/span><\/li>\n\n\n\n<li><span style=\"text-decoration: underline;\"><a href=\"https:\/\/pawel.stefanoff.pl\/work\/es\/articles\/article-2013-agi-costs-es\/\">Czech M, et al. Value Health Reg Issues 2013; 2(2): 210-217.<\/a><\/span><\/li>\n<\/ul>\n","protected":false},"excerpt":{"rendered":"<p>Entre 2009 y 2014, investigu\u00e9 la carga social de las infecciones gastrointestinales en Polonia y Europa. Este trabajo fue financiado por los proyectos Med-Vet-Net y POLYMOD.<\/p>\n","protected":false},"featured_media":489,"template":"","meta":{"_acf_changed":false},"class_list":["post-4303","projects","type-projects","status-publish","has-post-thumbnail","hentry"],"acf":[],"_links":{"self":[{"href":"https:\/\/pawel.stefanoff.pl\/work\/wp-json\/wp\/v2\/projects\/4303","targetHints":{"allow":["GET"]}}],"collection":[{"href":"https:\/\/pawel.stefanoff.pl\/work\/wp-json\/wp\/v2\/projects"}],"about":[{"href":"https:\/\/pawel.stefanoff.pl\/work\/wp-json\/wp\/v2\/types\/projects"}],"wp:featuredmedia":[{"embeddable":true,"href":"https:\/\/pawel.stefanoff.pl\/work\/wp-json\/wp\/v2\/media\/489"}],"wp:attachment":[{"href":"https:\/\/pawel.stefanoff.pl\/work\/wp-json\/wp\/v2\/media?parent=4303"}],"curies":[{"name":"wp","href":"https:\/\/api.w.org\/{rel}","templated":true}]}}

<figure class="wp-block-image size-large"><img fetchpriority="high" decoding="async" width="1024" height="679" src="https://pawel.stefanoff.pl/work/wp-content/uploads/2026/01/jhxvbR-BI8PVQ-5-1024x679.jpg" alt="" class="wp-image-489" srcset="https://pawel.stefanoff.pl/work/wp-content/uploads/2026/01/jhxvbR-BI8PVQ-5-1024x679.jpg 1024w, https://pawel.stefanoff.pl/work/wp-content/uploads/2026/01/jhxvbR-BI8PVQ-5-300x199.jpg 300w, https://pawel.stefanoff.pl/work/wp-content/uploads/2026/01/jhxvbR-BI8PVQ-5-768x509.jpg 768w, https://pawel.stefanoff.pl/work/wp-content/uploads/2026/01/jhxvbR-BI8PVQ-5.jpg 1241w" sizes="(max-width: 1024px) 100vw, 1024px" /></figure>



<p class="wp-block-paragraph">Entre 2009 y 2014, investigué la carga social de las infecciones gastrointestinales en Polonia y Europa. En primer lugar, realizamos estudios de cohortes en varios países europeos para medir la incidencia de infecciones gastrointestinales mediante encuestas mensuales a participantes seleccionados aleatoriamente durante 12 meses. Paralelamente, organizamos una encuesta en Polonia sobre el uso de servicios médicos en varias decenas de centros de salud para evaluar la atención brindada a pacientes con síntomas gastrointestinales. Observamos que, si bien los costos asociados a estos episodios son bajos, su frecuencia es tan alta que representan una carga significativa para la sociedad. Este trabajo fue financiado por los proyectos Med-Vet-Net y POLYMOD.</p>



<h2 class="wp-block-heading"><strong>¿Por qué importa?</strong></h2>



<p class="wp-block-paragraph">Este tipo de investigaciones son fundamentales para priorizar la carga social de las enfermedades infecciosas. Cada vez hay más evidencia de que las infecciones leves que causan gastroenteritis o síntomas respiratorios representan la mayor carga para las sociedades desarrolladas. Una de las razones es que muchas enfermedades devastadoras que causaban alta mortalidad se han controlado eficazmente en el siglo XXI.</p>



<h2 class="wp-block-heading"><strong>Relacionado con</strong></h2>



<p class="wp-block-paragraph"><strong>¿Con qué frecuencia se presentan las infecciones gastrointestinales?</strong></p>



<ul class="wp-block-list">
<li><span style="text-decoration: underline;"><a href="https://pawel.stefanoff.pl/work/es/articles/article-2012-gi-infections-es/">Baumann-Popczyk A, et al. Epidemiol Infect 2011 Sep 19:1-12.</a></span></li>



<li><span style="text-decoration: underline;"><a href="https://pawel.stefanoff.pl/work/es/articles/article-2013-gi-pyramid-es/">Haagsma JA, et al. Epidemiol Infect 2013; 141(8): 1625-39.</a></span></li>
</ul>



<p class="wp-block-paragraph"><strong>¿Cuál es el manejo sanitario de los pacientes con infecciones gastrointestinales?</strong></p>



<ul class="wp-block-list">
<li><span style="text-decoration: underline;"><a href="https://pawel.stefanoff.pl/work/es/articles/article-2013-gi-antibacterials-es/">Stefanoff P, et al. Epidemiol Infect 2013; 141(4): 859-67.</a></span></li>



<li><span style="text-decoration: underline;"><a href="https://pawel.stefanoff.pl/work/es/articles/article-2013-agi-costs-es/">Czech M, et al. Value Health Reg Issues 2013; 2(2): 210-217.</a></span></li>
</ul>

<p>Entre 2009 y 2014, investigué la carga social de las infecciones gastrointestinales en Polonia y Europa. Este trabajo fue financiado por los proyectos Med-Vet-Net y POLYMOD.</p>
