{"id":443,"date":"2022-09-01T04:51:57","date_gmt":"2022-09-01T04:51:57","guid":{"rendered":"https:\/\/pawel.stefanoff.pl\/work\/?post_type=projects&#038;p=443"},"modified":"2026-04-05T16:39:47","modified_gmt":"2026-04-05T16:39:47","slug":"project-notifications-covid-pl","status":"publish","type":"projects","link":"https:\/\/pawel.stefanoff.pl\/work\/pl\/projects\/project-notifications-covid-pl\/","title":{"rendered":"Zg\u0142aszalno\u015b\u0107 chor\u00f3b zaka\u017anych w Norwegii podczas kryzysu COVID-19"},"content":{"rendered":"\n<figure class=\"wp-block-image size-large\"><img fetchpriority=\"high\" decoding=\"async\" width=\"1024\" height=\"683\" src=\"https:\/\/pawel.stefanoff.pl\/work\/wp-content\/uploads\/2026\/01\/Notification-of-infectious-diseases-in-Norway-during-COVID-19-1-1024x683.jpg\" alt=\"\" class=\"wp-image-444\" srcset=\"https:\/\/pawel.stefanoff.pl\/work\/wp-content\/uploads\/2026\/01\/Notification-of-infectious-diseases-in-Norway-during-COVID-19-1-1024x683.jpg 1024w, https:\/\/pawel.stefanoff.pl\/work\/wp-content\/uploads\/2026\/01\/Notification-of-infectious-diseases-in-Norway-during-COVID-19-1-300x200.jpg 300w, https:\/\/pawel.stefanoff.pl\/work\/wp-content\/uploads\/2026\/01\/Notification-of-infectious-diseases-in-Norway-during-COVID-19-1-768x512.jpg 768w, https:\/\/pawel.stefanoff.pl\/work\/wp-content\/uploads\/2026\/01\/Notification-of-infectious-diseases-in-Norway-during-COVID-19-1.jpg 1200w\" sizes=\"(max-width: 1024px) 100vw, 1024px\" \/><\/figure>\n\n\n\n<p class=\"wp-block-paragraph\">W marcu 2020 roku zaobserwowano, \u017ce epidemia COVID-19 spowowdowa\u0142a powa\u017cne zmiany w tym jak ludzie korzystaj\u0105 z us\u0142ug zdrowotnych, a niekt\u00f3re laboratororia przesta\u0142y wykonywa\u0107 badania w kierunku innych patogen\u00f3w. Wraz z niewielkim zespo\u0142em, postanowili\u015bmy monitorowa\u0107 jak nadz\u00f3r nad chorobami zaka\u017anymi funkcjonuje podczas najwi\u0119kszego kryzysu zdrowia publicznego naszych czas\u00f3w. W ramach tego projektu opublikowali\u015bmy 17 raport\u00f3w dwutygodniowych (w drugim etapie miesi\u0119cznych), podsumowuj\u0105cych stan nadzoru epidemiologicznego oraz zebrali\u015bmy informacje od laboratotori\u00f3w diagnostycznych oraz od lekarzy zg\u0142aszaj\u0105cych choroby zaka\u017ane.<\/p>\n\n\n\n<h2 class=\"wp-block-heading\">Dlaczego to ma znaczenie?<\/h2>\n\n\n\n<p class=\"wp-block-paragraph\">Nadz\u00f3r nad chorobami zaka\u017anymi jest &#8220;oczami i uszami&#8221; dla instytucji zdrowia publicznego i decydent\u00f3w. Je\u017celi wszystkie \u015brodki skierujemy do walki z kryzysem, np. now\u0105 chorob\u0105 zaka\u017an\u0105, mo\u017cemy gasz\u0105c jeden po\u017car nie zauwa\u017cy\u0107 innych po\u017car\u00f3w rozpoczynaj\u0105cych si\u0119 pod naszym nosem.<\/p>\n\n\n\n<h2 class=\"wp-block-heading\">Powi\u0105zane publikacje:<\/h2>\n\n\n\n<p class=\"wp-block-paragraph\"><strong>Raporty przygotowane dla Norweskiego Instytutu Zdrowia Publicznego:<\/strong><\/p>\n\n\n\n<ul class=\"wp-block-list\">\n<li><a href=\"https:\/\/pawel.stefanoff.pl\/work\/other-publications\/other-2021-lab-referrals-pl\/\"><u>Raport z badania przekrojowego norweskich laboratori\u00f3w diagnostycznych, Oslo, 2020<\/u>.<\/a><\/li>\n\n\n\n<li><a href=\"https:\/\/pawel.stefanoff.pl\/work\/other-publications\/other-2021-msis-survey-pl\/\"><u>Raport z badania przekrojowego lekarzy nt. ich do\u015bwiadcze\u0144 ze zg\u0142aszania przypadk\u00f3w zachorowa\u0144, Oslo, 2020<\/u>.<\/a><\/li>\n\n\n\n<li><a href=\"https:\/\/pawel.stefanoff.pl\/work\/other-publications\/other-2021-evaluation-report-pl\/\"><u>Ko\u0144cowy raport z projektu ewaluacji nadzoru nad chorobami zaka\u017anymi, Oslo, 2020<\/u>.<\/a><\/li>\n<\/ul>\n\n\n\n<p class=\"wp-block-paragraph\"><strong>Artyku\u0142y w recenzowanych czasopismach naukowych:<\/strong><\/p>\n\n\n\n<ul class=\"wp-block-list\">\n<li><u>Stefanoff P, et al. Tidsskr Nor Laegeforen 2020; 140(9)<\/u>.<\/li>\n<\/ul>\n\n\n\n<p class=\"wp-block-paragraph\"><\/p>\n","protected":false},"excerpt":{"rendered":"<p>Ca\u0142o\u015bciowa ewaluacja nadzoru nad chorobami zaka\u017anymi podczas kryzysu COVID-19 w Norwegii. Projekt zosta\u0142 podj\u0119ty po zaobserwowaniu, \u017ce wszystkie zasoby w plac\u00f3wkach s\u0142u\u017cby zdrowia s\u0105 wykorzystywane w walce z kryzysem.<\/p>\n","protected":false},"featured_media":447,"template":"","meta":{"_acf_changed":false},"class_list":["post-443","projects","type-projects","status-publish","has-post-thumbnail","hentry"],"acf":[],"_links":{"self":[{"href":"https:\/\/pawel.stefanoff.pl\/work\/wp-json\/wp\/v2\/projects\/443","targetHints":{"allow":["GET"]}}],"collection":[{"href":"https:\/\/pawel.stefanoff.pl\/work\/wp-json\/wp\/v2\/projects"}],"about":[{"href":"https:\/\/pawel.stefanoff.pl\/work\/wp-json\/wp\/v2\/types\/projects"}],"wp:featuredmedia":[{"embeddable":true,"href":"https:\/\/pawel.stefanoff.pl\/work\/wp-json\/wp\/v2\/media\/447"}],"wp:attachment":[{"href":"https:\/\/pawel.stefanoff.pl\/work\/wp-json\/wp\/v2\/media?parent=443"}],"curies":[{"name":"wp","href":"https:\/\/api.w.org\/{rel}","templated":true}]}}

Zgłaszalność chorób zakaźnych w Norwegii podczas kryzysu COVID-19

<figure class="wp-block-image size-large"><img fetchpriority="high" decoding="async" width="1024" height="683" src="https://pawel.stefanoff.pl/work/wp-content/uploads/2026/01/Notification-of-infectious-diseases-in-Norway-during-COVID-19-1-1024x683.jpg" alt="" class="wp-image-444" srcset="https://pawel.stefanoff.pl/work/wp-content/uploads/2026/01/Notification-of-infectious-diseases-in-Norway-during-COVID-19-1-1024x683.jpg 1024w, https://pawel.stefanoff.pl/work/wp-content/uploads/2026/01/Notification-of-infectious-diseases-in-Norway-during-COVID-19-1-300x200.jpg 300w, https://pawel.stefanoff.pl/work/wp-content/uploads/2026/01/Notification-of-infectious-diseases-in-Norway-during-COVID-19-1-768x512.jpg 768w, https://pawel.stefanoff.pl/work/wp-content/uploads/2026/01/Notification-of-infectious-diseases-in-Norway-during-COVID-19-1.jpg 1200w" sizes="(max-width: 1024px) 100vw, 1024px" /></figure>



<p class="wp-block-paragraph">W marcu 2020 roku zaobserwowano, że epidemia COVID-19 spowowdowała poważne zmiany w tym jak ludzie korzystają z usług zdrowotnych, a niektóre laboratororia przestały wykonywać badania w kierunku innych patogenów. Wraz z niewielkim zespołem, postanowiliśmy monitorować jak nadzór nad chorobami zakaźnymi funkcjonuje podczas największego kryzysu zdrowia publicznego naszych czasów. W ramach tego projektu opublikowaliśmy 17 raportów dwutygodniowych (w drugim etapie miesięcznych), podsumowujących stan nadzoru epidemiologicznego oraz zebraliśmy informacje od laboratotoriów diagnostycznych oraz od lekarzy zgłaszających choroby zakaźne.</p>



<h2 class="wp-block-heading">Dlaczego to ma znaczenie?</h2>



<p class="wp-block-paragraph">Nadzór nad chorobami zakaźnymi jest &#8220;oczami i uszami&#8221; dla instytucji zdrowia publicznego i decydentów. Jeżeli wszystkie środki skierujemy do walki z kryzysem, np. nową chorobą zakaźną, możemy gasząc jeden pożar nie zauważyć innych pożarów rozpoczynających się pod naszym nosem.</p>



<h2 class="wp-block-heading">Powiązane publikacje:</h2>



<p class="wp-block-paragraph"><strong>Raporty przygotowane dla Norweskiego Instytutu Zdrowia Publicznego:</strong></p>



<ul class="wp-block-list">
<li><a href="https://pawel.stefanoff.pl/work/other-publications/other-2021-lab-referrals-pl/"><u>Raport z badania przekrojowego norweskich laboratoriów diagnostycznych, Oslo, 2020</u>.</a></li>



<li><a href="https://pawel.stefanoff.pl/work/other-publications/other-2021-msis-survey-pl/"><u>Raport z badania przekrojowego lekarzy nt. ich doświadczeń ze zgłaszania przypadków zachorowań, Oslo, 2020</u>.</a></li>



<li><a href="https://pawel.stefanoff.pl/work/other-publications/other-2021-evaluation-report-pl/"><u>Końcowy raport z projektu ewaluacji nadzoru nad chorobami zakaźnymi, Oslo, 2020</u>.</a></li>
</ul>



<p class="wp-block-paragraph"><strong>Artykuły w recenzowanych czasopismach naukowych:</strong></p>



<ul class="wp-block-list">
<li><u>Stefanoff P, et al. Tidsskr Nor Laegeforen 2020; 140(9)</u>.</li>
</ul>



<p class="wp-block-paragraph"></p>

<p>Całościowa ewaluacja nadzoru nad chorobami zakaźnymi podczas kryzysu COVID-19 w Norwegii. Projekt został podjęty po zaobserwowaniu, że wszystkie zasoby w placówkach służby zdrowia są wykorzystywane w walce z kryzysem.</p>
