{"id":485,"date":"2012-09-01T05:45:51","date_gmt":"2012-09-01T05:45:51","guid":{"rendered":"https:\/\/pawel.stefanoff.pl\/work\/?post_type=projects&#038;p=485"},"modified":"2026-08-29T10:13:22","modified_gmt":"2026-08-29T10:13:22","slug":"project-pertussis-pl","status":"publish","type":"projects","link":"https:\/\/pawel.stefanoff.pl\/work\/pl\/projects\/project-pertussis-pl\/","title":{"rendered":"Cz\u0119sto\u015b\u0107 wyst\u0119powania krztu\u015bca"},"content":{"rendered":"\n<figure class=\"wp-block-image size-full\"><img fetchpriority=\"high\" decoding=\"async\" width=\"730\" height=\"425\" src=\"https:\/\/pawel.stefanoff.pl\/work\/wp-content\/uploads\/2026\/01\/jhxvbR-BI8PVQ-4.jpg\" alt=\"\" class=\"wp-image-486\" srcset=\"https:\/\/pawel.stefanoff.pl\/work\/wp-content\/uploads\/2026\/01\/jhxvbR-BI8PVQ-4.jpg 730w, https:\/\/pawel.stefanoff.pl\/work\/wp-content\/uploads\/2026\/01\/jhxvbR-BI8PVQ-4-300x175.jpg 300w\" sizes=\"(max-width: 730px) 100vw, 730px\" \/><\/figure>\n\n\n\n<p class=\"wp-block-paragraph\">W latach 2009-2011, zorganizowali\u015bmy szeroko zakrojone badanie kohortowe aby zmierzy\u0107 cz\u0119sto\u015b\u0107 zachorowa\u0144 przebiegaj\u0105cych z przewlek\u0142ym kaszlem oraz sprawdzi\u0107 ich etiologi\u0119. \u015aledzili\u015bmy reprezentatywn\u0105 populacj\u0119 mieszka\u0144c\u00f3w Polski zarejestrowanych u 78 losowo wybranych lekarzy rodzinnych. Okres \u015bledzenia wynosi\u0142 blisko 200.000 osobo-lat. W\u0142\u0105czali\u015bmy do badania osoby z objawami przed\u0142u\u017caj\u0105cego si\u0119 kaszlu, zbierali\u015bmy od nich wywiad oraz pobierali\u015bmy pr\u00f3bki z noso-gard\u0142a w celu przeprowadzenia bada\u0144 mikrobiologicznych. W czasie obserwacji, lekarze odnotowali 3.864 konsultacji pacjent\u00f3w z przed\u0142u\u017caj\u0105cym si\u0119 kaszlem, z czego 1.232 spe\u0142nia\u0142o kryteria w\u0142\u0105czenia i zosta\u0142o przebadanych w kierunku infekcji bakteriami krztu\u015bca lub parakrztu\u015bca. Potwierdzili\u015bmy 288 zaka\u017ce\u0144 krztu\u015bcem (wsp\u00f3\u0142czynnik zapadalno\u015bci 201 zachorowa\u0144 na 100.000 osobo-lat) oraz 78 zaka\u017ce\u0144 parakrztu\u015bcem (wsp\u00f3\u0142czynnik zapadalno\u015bci 39\/100,000 osobo-lat). By\u0142o to jedno z najwi\u0119kszych bada\u0144 obserwacyjnych prowadzonych przez Narodowy Instytut Zdrowia Publicznego (PZH), z wysokim bud\u017cetem, doskona\u0142\u0105 koordynacj\u0105 przez m\u0142ody, \u015bwietny zesp\u00f3\u0142 oraz zmotywowanych wykonawc\u00f3w.<\/p>\n\n\n\n<h2 class=\"wp-block-heading\">Dlaczego to ma znaczenie?<\/h2>\n\n\n\n<p class=\"wp-block-paragraph\">Poznanie rozpowszechnienia zaka\u017ce\u0144 krztu\u015bcem jest wa\u017cne, poniewa\u017c rutynowy nadz\u00f3r epidemiologiczny sprawnie wykrywa zaka\u017cenia jedynie u dzieci. Rozpowszechnienie zaka\u017ce\u0144 u doros\u0142ych jest niedoszacowane na ca\u0142ym \u015bwiecie, poniewa\u017c maj\u0105 oni najcz\u0119\u015bciej umiarkowane nasilenie objaw\u00f3w oraz najcz\u0119\u015bciej nie s\u0105 kierowani na badanie. Tymczasem to w\u0142a\u015bnie doro\u015bli pe\u0142ni\u0105 kluczow\u0105 rol\u0119 w przenoszeniu zaka\u017ce\u0144, dzi\u0119ki czemu zaka\u017cenia mog\u0105 \u0142atwiej dotrze\u0107 do nieuodpornionych noworodk\u00f3w i niemowl\u0105t.<\/p>\n\n\n\n<h2 class=\"wp-block-heading\">Powi\u0105zane publikacje:<\/h2>\n\n\n\n<p class=\"wp-block-paragraph\"><strong>Oszacowanie rozpowszechnienia krztu\u015bca:<\/strong><\/p>\n\n\n\n<ul class=\"wp-block-list\">\n<li><a href=\"https:\/\/pawel.stefanoff.pl\/work\/articles\/article-2014-pertussis-inc-pl\/\"><u>Stefanoff P et al. Epidemiol Infect 2014; 142(4): 714-23<\/u>.<\/a><\/li>\n<\/ul>\n\n\n\n<p class=\"wp-block-paragraph\"><strong>Oszacowanie rozpowszechnienia parakrztu\u015bca:<\/strong><\/p>\n\n\n\n<ul class=\"wp-block-list\">\n<li><a href=\"https:\/\/pawel.stefanoff.pl\/work\/articles\/article-2015-parapertussis-pl\/\"><u>Tomialoic R et al. Eur J Clin Microbiol Infect Dis 2015; 34(1): 101-7<\/u>.<\/a><\/li>\n<\/ul>\n","protected":false},"excerpt":{"rendered":"<p>Zorganizowali\u015bmy szeroko zakrojone badanie kohortowe w celu zmierzenia zapadalno\u015bci na krztusiec w r\u00f3\u017cnych grupach wieku. Badali\u015bmy wszystkich pacjent\u00f3w zg\u0142aszaj\u0105cych si\u0119 z objawami przed\u0142u\u017caj\u0105cego si\u0119 kaszlu w kierunku krztu\u015bca oraz parakrztu\u015bca.<\/p>\n","protected":false},"featured_media":486,"template":"","meta":{"_acf_changed":false},"class_list":["post-485","projects","type-projects","status-publish","has-post-thumbnail","hentry"],"acf":[],"_links":{"self":[{"href":"https:\/\/pawel.stefanoff.pl\/work\/wp-json\/wp\/v2\/projects\/485","targetHints":{"allow":["GET"]}}],"collection":[{"href":"https:\/\/pawel.stefanoff.pl\/work\/wp-json\/wp\/v2\/projects"}],"about":[{"href":"https:\/\/pawel.stefanoff.pl\/work\/wp-json\/wp\/v2\/types\/projects"}],"wp:featuredmedia":[{"embeddable":true,"href":"https:\/\/pawel.stefanoff.pl\/work\/wp-json\/wp\/v2\/media\/486"}],"wp:attachment":[{"href":"https:\/\/pawel.stefanoff.pl\/work\/wp-json\/wp\/v2\/media?parent=485"}],"curies":[{"name":"wp","href":"https:\/\/api.w.org\/{rel}","templated":true}]}}

Częstość występowania krztuśca

<figure class="wp-block-image size-full"><img fetchpriority="high" decoding="async" width="730" height="425" src="https://pawel.stefanoff.pl/work/wp-content/uploads/2026/01/jhxvbR-BI8PVQ-4.jpg" alt="" class="wp-image-486" srcset="https://pawel.stefanoff.pl/work/wp-content/uploads/2026/01/jhxvbR-BI8PVQ-4.jpg 730w, https://pawel.stefanoff.pl/work/wp-content/uploads/2026/01/jhxvbR-BI8PVQ-4-300x175.jpg 300w" sizes="(max-width: 730px) 100vw, 730px" /></figure>



<p class="wp-block-paragraph">W latach 2009-2011, zorganizowaliśmy szeroko zakrojone badanie kohortowe aby zmierzyć częstość zachorowań przebiegających z przewlekłym kaszlem oraz sprawdzić ich etiologię. Śledziliśmy reprezentatywną populację mieszkańców Polski zarejestrowanych u 78 losowo wybranych lekarzy rodzinnych. Okres śledzenia wynosił blisko 200.000 osobo-lat. Włączaliśmy do badania osoby z objawami przedłużającego się kaszlu, zbieraliśmy od nich wywiad oraz pobieraliśmy próbki z noso-gardła w celu przeprowadzenia badań mikrobiologicznych. W czasie obserwacji, lekarze odnotowali 3.864 konsultacji pacjentów z przedłużającym się kaszlem, z czego 1.232 spełniało kryteria włączenia i zostało przebadanych w kierunku infekcji bakteriami krztuśca lub parakrztuśca. Potwierdziliśmy 288 zakażeń krztuścem (współczynnik zapadalności 201 zachorowań na 100.000 osobo-lat) oraz 78 zakażeń parakrztuścem (współczynnik zapadalności 39/100,000 osobo-lat). Było to jedno z największych badań obserwacyjnych prowadzonych przez Narodowy Instytut Zdrowia Publicznego (PZH), z wysokim budżetem, doskonałą koordynacją przez młody, świetny zespół oraz zmotywowanych wykonawców.</p>



<h2 class="wp-block-heading">Dlaczego to ma znaczenie?</h2>



<p class="wp-block-paragraph">Poznanie rozpowszechnienia zakażeń krztuścem jest ważne, ponieważ rutynowy nadzór epidemiologiczny sprawnie wykrywa zakażenia jedynie u dzieci. Rozpowszechnienie zakażeń u dorosłych jest niedoszacowane na całym świecie, ponieważ mają oni najczęściej umiarkowane nasilenie objawów oraz najczęściej nie są kierowani na badanie. Tymczasem to właśnie dorośli pełnią kluczową rolę w przenoszeniu zakażeń, dzięki czemu zakażenia mogą łatwiej dotrzeć do nieuodpornionych noworodków i niemowląt.</p>



<h2 class="wp-block-heading">Powiązane publikacje:</h2>



<p class="wp-block-paragraph"><strong>Oszacowanie rozpowszechnienia krztuśca:</strong></p>



<ul class="wp-block-list">
<li><a href="https://pawel.stefanoff.pl/work/articles/article-2014-pertussis-inc-pl/"><u>Stefanoff P et al. Epidemiol Infect 2014; 142(4): 714-23</u>.</a></li>
</ul>



<p class="wp-block-paragraph"><strong>Oszacowanie rozpowszechnienia parakrztuśca:</strong></p>



<ul class="wp-block-list">
<li><a href="https://pawel.stefanoff.pl/work/articles/article-2015-parapertussis-pl/"><u>Tomialoic R et al. Eur J Clin Microbiol Infect Dis 2015; 34(1): 101-7</u>.</a></li>
</ul>

<p>Zorganizowaliśmy szeroko zakrojone badanie kohortowe w celu zmierzenia zapadalności na krztusiec w różnych grupach wieku. Badaliśmy wszystkich pacjentów zgłaszających się z objawami przedłużającego się kaszlu w kierunku krztuśca oraz parakrztuśca.</p>
