{"id":491,"date":"2011-09-01T05:51:26","date_gmt":"2011-09-01T05:51:26","guid":{"rendered":"https:\/\/pawel.stefanoff.pl\/work\/?post_type=projects&#038;p=491"},"modified":"2026-04-22T19:01:31","modified_gmt":"2026-04-22T19:01:31","slug":"project-imd-guidelines-pl","status":"publish","type":"projects","link":"https:\/\/pawel.stefanoff.pl\/work\/pl\/projects\/project-imd-guidelines-pl\/","title":{"rendered":"Wytyczne dla profilaktyki choroby meningokokowej"},"content":{"rendered":"\n<figure class=\"wp-block-image size-large\"><img fetchpriority=\"high\" decoding=\"async\" width=\"1024\" height=\"684\" src=\"https:\/\/pawel.stefanoff.pl\/work\/wp-content\/uploads\/2026\/01\/jhxvbR-BI8PVQ-6-1024x684.jpg\" alt=\"\" class=\"wp-image-492\" srcset=\"https:\/\/pawel.stefanoff.pl\/work\/wp-content\/uploads\/2026\/01\/jhxvbR-BI8PVQ-6-1024x684.jpg 1024w, https:\/\/pawel.stefanoff.pl\/work\/wp-content\/uploads\/2026\/01\/jhxvbR-BI8PVQ-6-300x200.jpg 300w, https:\/\/pawel.stefanoff.pl\/work\/wp-content\/uploads\/2026\/01\/jhxvbR-BI8PVQ-6-768x513.jpg 768w, https:\/\/pawel.stefanoff.pl\/work\/wp-content\/uploads\/2026\/01\/jhxvbR-BI8PVQ-6.jpg 1200w\" sizes=\"(max-width: 1024px) 100vw, 1024px\" \/><\/figure>\n\n\n\n<p class=\"wp-block-paragraph\">W latach 2005-2012 by\u0142em odpowiedzialny za epidemiologiczny nadz\u00f3r nad inwazyjn\u0105 chorob\u0105 meningokokow\u0105 (IChM) w Polsce. W zwi\u0105zku z tym James Stuart, do\u015bwiadczony brytyjski epidemiolog, zaprosi\u0142 mnie do udzia\u0142u w ma\u0142ej grupie ekspert\u00f3w reprezentuj\u0105cych r\u00f3\u017cne instytucje oraz dziedziny. Zestawili\u015bmy wytyczne profilaktyki IChM obowi\u0105zuj\u0105ce w krajach Unii Europejskiej i wypunktowali\u015bmy nie\u015bcis\u0142o\u015bci. W nast\u0119pstwie tych dzia\u0142a\u0144, dostali\u015bmy zlecenie od Europejskiego Centrum Kontroli Chor\u00f3b (ECDC) w celu opracowania wytycznych w oparciu o aktualne dane. Przygotowali\u015bmy wytyczne w oparciu o metodologi\u0119 GRADE, dokonuj\u0105c przegl\u0105du literatury i dost\u0119pnych danych \u017ar\u00f3d\u0142owych w o\u015bmiu obszarach profilaktyki IChM. By\u0142o to dla mnie niezwykle cenne do\u015bwiadczenie, kt\u00f3re pozwoli\u0142o nawi\u0105za\u0107 wi\u0119zy przyja\u017ani z ca\u0142ym zespo\u0142em \ud83d\ude42<\/p>\n\n\n\n<h2 class=\"wp-block-heading\">Dlaczego to ma znaczenie?<\/h2>\n\n\n\n<p class=\"wp-block-paragraph\">Inwazyjna choroba meningokokowa (IChM) wyst\u0119puje rzadko, ale mo\u017ce mie\u0107 bardzo ci\u0119\u017cki przebieg. Dlatego w ka\u017cdym kraju obowi\u0105zuj\u0105 pewne procedury post\u0119powania profilaktycznego, np. zalecenie podania pojedynczej dawki antybiotyku lub szczepionki wszystkim osobom kt\u00f3re mia\u0142y kontakt z osob\u0105 chor\u0105. Te wytyczne krajowe mog\u0105 by\u0107 regularnie uaktualniane w celu uwzgl\u0119dnienia najnowszej wiedzy, ale wiele kraj\u00f3w rzadko uaktualnie swoje wytyczne. W zwi\u0105zku z tym nasze zestawienia wytycznych z poszczeg\u00f3lnych kraj\u00f3w wskaza\u0142y na szereg nie\u015bcis\u0142o\u015bci, kt\u00f3re dotyczy\u0142y np. podawania chemioprofilaktyki (antybiotyku) osobom podr\u00f3\u017cuj\u0105cym samolotem lub autobusem lub uczniom tych samych szk\u00f3\u0142. Wytyczne nie tylko r\u00f3\u017cni\u0142y si\u0119 mi\u0119dzy krajami, ale r\u00f3wnie\u017c cz\u0119sto nie mia\u0142y \u017cadnego uzasadnienia w dost\u0119pnej wiedzy. Dlatego instytucje takie jak ECDC lub WHO coraz cz\u0119\u015bciej opracowuj\u0105 wytyczne dla instytucji krajowych w oparciu o rzetelne przegl\u0105dy literatury oraz przejrzyste kryteria oceny danych \u017ar\u00f3d\u0142owych, uwzgl\u0119dniaj\u0105c np nowe leki lub szczepionki. W ten spos\u00f3b instytucje krajowe zawsze maj\u0105 dost\u0119p do najbardziej aktualnych wytycznych i nie musz\u0105 powiela\u0107 tej pracy w\u0142asnymi \u015brodkami.<\/p>\n\n\n\n<h2 class=\"wp-block-heading\">Powi\u0105zane publikacje:<\/h2>\n\n\n\n<p class=\"wp-block-paragraph\"><strong>Badania przekrojowe wytycznych krajowych:<\/strong><\/p>\n\n\n\n<ol class=\"wp-block-list\">\n<li><a href=\"https:\/\/pawel.stefanoff.pl\/work\/articles\/article-2008-imd-policies-pl\/\"><u>Hoek M, et al. Euro Surveill 2008; 13: pii: 8060<\/u>.<\/a><\/li>\n\n\n\n<li><a href=\"https:\/\/pawel.stefanoff.pl\/work\/articles\/article-2016-imd-policies-pl\/\"><u>Vygen S, et al. Euro Surveill 2016; 21(5): 23-31<\/u>.<\/a><\/li>\n<\/ol>\n\n\n\n<p class=\"wp-block-paragraph\"><strong>Przegl\u0105dy systematyczne:<\/strong><\/p>\n\n\n\n<ol class=\"wp-block-list\">\n<li><a href=\"https:\/\/pawel.stefanoff.pl\/work\/articles\/article-2008-imd-systrev-pl\/\"><u>Hoek M, et al. Epidemiol Infect 2008; 136: 1441-7<\/u>.<\/a><\/li>\n\n\n\n<li><a href=\"https:\/\/pawel.stefanoff.pl\/work\/articles\/article-2011-meningo-systrev-pl\/\"><u>Hellenbrand W, et al. Epidemiol Infect 2011; 139: 1645-55<\/u>.<\/a><\/li>\n<\/ol>\n\n\n\n<p class=\"wp-block-paragraph\"><strong>Wytyczne dla kraj\u00f3w UE:<\/strong><\/p>\n\n\n\n<ol class=\"wp-block-list\">\n<li><a href=\"https:\/\/pawel.stefanoff.pl\/work\/other-publications\/other-2010-imd-management-pl\/\"><u>Europejskie Centrum Kontroli Chor\u00f3b (ECDC), Sztokholm; 2010<\/u>.<\/a><\/li>\n\n\n\n<li><a href=\"https:\/\/pawel.stefanoff.pl\/work\/articles\/article-2015-strong-recomm-pl\/\"><u>Hanquet G, et al. Biomed Res Int 2015; 2015: 569235<\/u>.<\/a><\/li>\n<\/ol>\n","protected":false},"excerpt":{"rendered":"<p>Wraz z mi\u0119dzynarodowym zespo\u0142em ekspert\u00f3w dokonali\u015bmy przegl\u0105du oraz aktualizacji wytycznych dla profilaktyki inwazyjnej choroby meningokokowej dla kraj\u00f3w Unii Europejskiej.<\/p>\n","protected":false},"featured_media":492,"template":"","meta":{"_acf_changed":false},"class_list":["post-491","projects","type-projects","status-publish","has-post-thumbnail","hentry"],"acf":[],"_links":{"self":[{"href":"https:\/\/pawel.stefanoff.pl\/work\/wp-json\/wp\/v2\/projects\/491","targetHints":{"allow":["GET"]}}],"collection":[{"href":"https:\/\/pawel.stefanoff.pl\/work\/wp-json\/wp\/v2\/projects"}],"about":[{"href":"https:\/\/pawel.stefanoff.pl\/work\/wp-json\/wp\/v2\/types\/projects"}],"wp:featuredmedia":[{"embeddable":true,"href":"https:\/\/pawel.stefanoff.pl\/work\/wp-json\/wp\/v2\/media\/492"}],"wp:attachment":[{"href":"https:\/\/pawel.stefanoff.pl\/work\/wp-json\/wp\/v2\/media?parent=491"}],"curies":[{"name":"wp","href":"https:\/\/api.w.org\/{rel}","templated":true}]}}

<figure class="wp-block-image size-large"><img fetchpriority="high" decoding="async" width="1024" height="684" src="https://pawel.stefanoff.pl/work/wp-content/uploads/2026/01/jhxvbR-BI8PVQ-6-1024x684.jpg" alt="" class="wp-image-492" srcset="https://pawel.stefanoff.pl/work/wp-content/uploads/2026/01/jhxvbR-BI8PVQ-6-1024x684.jpg 1024w, https://pawel.stefanoff.pl/work/wp-content/uploads/2026/01/jhxvbR-BI8PVQ-6-300x200.jpg 300w, https://pawel.stefanoff.pl/work/wp-content/uploads/2026/01/jhxvbR-BI8PVQ-6-768x513.jpg 768w, https://pawel.stefanoff.pl/work/wp-content/uploads/2026/01/jhxvbR-BI8PVQ-6.jpg 1200w" sizes="(max-width: 1024px) 100vw, 1024px" /></figure>



<p class="wp-block-paragraph">W latach 2005-2012 byłem odpowiedzialny za epidemiologiczny nadzór nad inwazyjną chorobą meningokokową (IChM) w Polsce. W związku z tym James Stuart, doświadczony brytyjski epidemiolog, zaprosił mnie do udziału w małej grupie ekspertów reprezentujących różne instytucje oraz dziedziny. Zestawiliśmy wytyczne profilaktyki IChM obowiązujące w krajach Unii Europejskiej i wypunktowaliśmy nieścisłości. W następstwie tych działań, dostaliśmy zlecenie od Europejskiego Centrum Kontroli Chorób (ECDC) w celu opracowania wytycznych w oparciu o aktualne dane. Przygotowaliśmy wytyczne w oparciu o metodologię GRADE, dokonując przeglądu literatury i dostępnych danych źródłowych w ośmiu obszarach profilaktyki IChM. Było to dla mnie niezwykle cenne doświadczenie, które pozwoliło nawiązać więzy przyjaźni z całym zespołem 🙂</p>



<h2 class="wp-block-heading">Dlaczego to ma znaczenie?</h2>



<p class="wp-block-paragraph">Inwazyjna choroba meningokokowa (IChM) występuje rzadko, ale może mieć bardzo ciężki przebieg. Dlatego w każdym kraju obowiązują pewne procedury postępowania profilaktycznego, np. zalecenie podania pojedynczej dawki antybiotyku lub szczepionki wszystkim osobom które miały kontakt z osobą chorą. Te wytyczne krajowe mogą być regularnie uaktualniane w celu uwzględnienia najnowszej wiedzy, ale wiele krajów rzadko uaktualnie swoje wytyczne. W związku z tym nasze zestawienia wytycznych z poszczególnych krajów wskazały na szereg nieścisłości, które dotyczyły np. podawania chemioprofilaktyki (antybiotyku) osobom podróżującym samolotem lub autobusem lub uczniom tych samych szkół. Wytyczne nie tylko różniły się między krajami, ale również często nie miały żadnego uzasadnienia w dostępnej wiedzy. Dlatego instytucje takie jak ECDC lub WHO coraz częściej opracowują wytyczne dla instytucji krajowych w oparciu o rzetelne przeglądy literatury oraz przejrzyste kryteria oceny danych źródłowych, uwzględniając np nowe leki lub szczepionki. W ten sposób instytucje krajowe zawsze mają dostęp do najbardziej aktualnych wytycznych i nie muszą powielać tej pracy własnymi środkami.</p>



<h2 class="wp-block-heading">Powiązane publikacje:</h2>



<p class="wp-block-paragraph"><strong>Badania przekrojowe wytycznych krajowych:</strong></p>



<ol class="wp-block-list">
<li><a href="https://pawel.stefanoff.pl/work/articles/article-2008-imd-policies-pl/"><u>Hoek M, et al. Euro Surveill 2008; 13: pii: 8060</u>.</a></li>



<li><a href="https://pawel.stefanoff.pl/work/articles/article-2016-imd-policies-pl/"><u>Vygen S, et al. Euro Surveill 2016; 21(5): 23-31</u>.</a></li>
</ol>



<p class="wp-block-paragraph"><strong>Przeglądy systematyczne:</strong></p>



<ol class="wp-block-list">
<li><a href="https://pawel.stefanoff.pl/work/articles/article-2008-imd-systrev-pl/"><u>Hoek M, et al. Epidemiol Infect 2008; 136: 1441-7</u>.</a></li>



<li><a href="https://pawel.stefanoff.pl/work/articles/article-2011-meningo-systrev-pl/"><u>Hellenbrand W, et al. Epidemiol Infect 2011; 139: 1645-55</u>.</a></li>
</ol>



<p class="wp-block-paragraph"><strong>Wytyczne dla krajów UE:</strong></p>



<ol class="wp-block-list">
<li><a href="https://pawel.stefanoff.pl/work/other-publications/other-2010-imd-management-pl/"><u>Europejskie Centrum Kontroli Chorób (ECDC), Sztokholm; 2010</u>.</a></li>



<li><a href="https://pawel.stefanoff.pl/work/articles/article-2015-strong-recomm-pl/"><u>Hanquet G, et al. Biomed Res Int 2015; 2015: 569235</u>.</a></li>
</ol>

<p>Wraz z międzynarodowym zespołem ekspertów dokonaliśmy przeglądu oraz aktualizacji wytycznych dla profilaktyki inwazyjnej choroby meningokokowej dla krajów Unii Europejskiej.</p>
