{"id":500,"date":"2006-09-01T06:00:31","date_gmt":"2006-09-01T06:00:31","guid":{"rendered":"https:\/\/pawel.stefanoff.pl\/work\/?post_type=projects&#038;p=500"},"modified":"2026-04-23T14:24:14","modified_gmt":"2026-04-23T14:24:14","slug":"project-polio-eradication-pl","status":"publish","type":"projects","link":"https:\/\/pawel.stefanoff.pl\/work\/pl\/projects\/project-polio-eradication-pl\/","title":{"rendered":"Program eradykacji poliomyelitis"},"content":{"rendered":"\n<figure class=\"wp-block-image size-large\"><img fetchpriority=\"high\" decoding=\"async\" width=\"1024\" height=\"680\" src=\"https:\/\/pawel.stefanoff.pl\/work\/wp-content\/uploads\/2026\/01\/jhxvbR-BI8PVQ-9-1024x680.jpg\" alt=\"\" class=\"wp-image-501\" srcset=\"https:\/\/pawel.stefanoff.pl\/work\/wp-content\/uploads\/2026\/01\/jhxvbR-BI8PVQ-9-1024x680.jpg 1024w, https:\/\/pawel.stefanoff.pl\/work\/wp-content\/uploads\/2026\/01\/jhxvbR-BI8PVQ-9-300x199.jpg 300w, https:\/\/pawel.stefanoff.pl\/work\/wp-content\/uploads\/2026\/01\/jhxvbR-BI8PVQ-9-768x510.jpg 768w, https:\/\/pawel.stefanoff.pl\/work\/wp-content\/uploads\/2026\/01\/jhxvbR-BI8PVQ-9.jpg 1200w\" sizes=\"(max-width: 1024px) 100vw, 1024px\" \/><\/figure>\n\n\n\n<p class=\"wp-block-paragraph\">Eradykacja poliomyelitis jest og\u00f3lno\u015bwiatowym programem zdrowia publicznego prowadzonym pod auspicjami \u015awiatowej Organizacji Zdrowia w celu pozbycia si\u0119 wirusa polio poprzez zaszczepienie wszystkich dzieci, monitorowanie podejrzanych zachorowa\u0144 i wsp\u00f3\u0142prac\u0119 np przy inwentaryzacji laboratori\u00f3w lub wymienie informacji. Odk\u0105d rozpocz\u0105\u0142em prac\u0119 w Pa\u0144stwowym Zak\u0142adzie Higieny, aktywnie uczestniczy\u0142em w tym programie. W latach 2000-2002, pe\u0142ni\u0142em funkcj\u0119 sekretarza polskiego Komitetu Certyfikacji Eradykacji Poliomyelitis i uczestniczy\u0142em w przygotowaniu raportu certyfikacyjnego dla WHO. Na podstawie tej dokumentacji, Polska otrzyma\u0142a status kraju wolnego od poliomyelitis. W latach 2005-2012 uczestniczy\u0142em w prowadzeniu nadzoru nad ostrymi pora\u017ceniami wiotkimi oraz uczestniczy\u0142em w spotkaniach regionalnej komisji certyfikacyjnej organizowanych przez Biuro Regionalne WHO w Kopenhadze. W 2012, zg\u0142osi\u0142em si\u0119 do programu STOP POLIO, w ramach kt\u00f3rego organizowa\u0142em szczepienia akcyjne przeciw poliomyelitis w prowincji Punjab w Pakistanie.<\/p>\n\n\n\n<h2 class=\"wp-block-heading\">Dlaczego to ma znaczenie?<\/h2>\n\n\n\n<p class=\"wp-block-paragraph\">Ta inicjatywa \u015awiatowej Organizacji Zdrowia ma ogromne znaczenie dla zdrowia publicznego w perspektywie globalnej. Przede wszystkim, program pokazuje kluczowe znaczenie wsp\u00f3\u0142pracy wszystkich narod\u00f3w \u015bwiata w celu osi\u0105gni\u0119ciu wsp\u00f3lnie podj\u0119tego celu. W interesie nas wszystkich jest, \u017ceby uda\u0142o si\u0119 skutecznie zaszczepi\u0107 wszystkie dzieci mieszkaj\u0105ce w regionach pogranicznych Pakistanu i Afganistanu, gdzie nadal kr\u0105\u017cy &#8220;dziki&#8221; poliowirus. Dop\u00f3ki nie uda si\u0119 udokumentowa\u0107 jego likwidacji, dop\u00f3ty WSZYSTKIE kraje \u015bwiata b\u0119d\u0105 musia\u0142y utrzymywa\u0107 masowe szczepienia swoich dzieci przeciw chorobie kt\u00f3ra u nich nie istnieje. Dlatego, mo\u017cna uzna\u0107 t\u0119 wspania\u0142\u0105 inicjatyw\u0119 za wielk\u0105 lekcj\u0119 dla zdrowia publicznego, kt\u00f3ra pokazuje jak w soczewce nadzieje globalnej spo\u0142eczno\u015bci, ale te\u017c wiele problem\u00f3w kt\u00f3re mo\u017cna rozwi\u0105za\u0107 tylko dzi\u0119ki wsp\u00f3\u0142pracy oraz wsp\u00f3lnej odpowiedzialno\u015bci.<\/p>\n\n\n\n<h2 class=\"wp-block-heading\">Powi\u0105zane publikacje:<\/h2>\n\n\n\n<p class=\"wp-block-paragraph\"><strong>Publikacje w recenzowanych czasopismach:<\/strong><\/p>\n\n\n\n<ul class=\"wp-block-list\">\n<li><a href=\"https:\/\/pawel.stefanoff.pl\/work\/articles\/article-2004-polio-pl\/\"><u>Rosi\u0144ska M, et al. Przegl Epidemiol 2004; 58: 185-96<\/u>.<\/a><\/li>\n<\/ul>\n\n\n\n<p class=\"wp-block-paragraph\"><strong>Prezentacje na konferencjach:<\/strong><\/p>\n\n\n\n<ul class=\"wp-block-list\">\n<li><a href=\"https:\/\/pawel.stefanoff.pl\/work\/presentations\/poster-2004-polio-reemergence-pl\/\"><u>Stefanoff P, et al. ICEID, Atlanta, USA, 29 February-3 March 2004<\/u>.<\/a><\/li>\n\n\n\n<li><a href=\"https:\/\/pawel.stefanoff.pl\/work\/presentations\/lecture-2004-polio-aefi-pl\/\"><u>Stefanoff P, et al. PTW, Pozna\u0144, Poland, 26-27 November, 2004<\/u>.<\/a><\/li>\n\n\n\n<li><a href=\"https:\/\/pawel.stefanoff.pl\/work\/presentations\/poster-2005-opv-replacement-pl\/\"><u>Stefanoff P, et al. WSPID, Warsaw, Poland, 1-4 September, 2005<\/u>.<\/a><\/li>\n<\/ul>\n\n\n\n<p class=\"wp-block-paragraph\"><strong>Inne publikacje:<\/strong><\/p>\n\n\n\n<ul class=\"wp-block-list\">\n<li><a href=\"https:\/\/pawel.stefanoff.pl\/work\/other-publications\/other-2007-chapter-vaccinology-pl\/\"><u>Rozdzia\u0142 w podr\u0119czniku &#8220;Wakcynologia&#8221;. Alpha-medica press, Bielsko-Bia\u0142a, 2007: 142-147<\/u>.<\/a><\/li>\n<\/ul>\n","protected":false},"excerpt":{"rendered":"<p>Program przyj\u0119ty i wdra\u017cany przez wszystkie kraje \u015bwiata maj\u0105cy na celu pozbycie si\u0119 wirusa polio z powierzchni ziemi, poprzez masowe szczepienia, monitorowanie podejrzanych zachorowa\u0144 oraz wsp\u00f3\u0142prac\u0119 mi\u0119dzynarodow\u0105.<\/p>\n","protected":false},"featured_media":501,"template":"","meta":{"_acf_changed":false},"class_list":["post-500","projects","type-projects","status-publish","has-post-thumbnail","hentry"],"acf":[],"_links":{"self":[{"href":"https:\/\/pawel.stefanoff.pl\/work\/wp-json\/wp\/v2\/projects\/500","targetHints":{"allow":["GET"]}}],"collection":[{"href":"https:\/\/pawel.stefanoff.pl\/work\/wp-json\/wp\/v2\/projects"}],"about":[{"href":"https:\/\/pawel.stefanoff.pl\/work\/wp-json\/wp\/v2\/types\/projects"}],"wp:featuredmedia":[{"embeddable":true,"href":"https:\/\/pawel.stefanoff.pl\/work\/wp-json\/wp\/v2\/media\/501"}],"wp:attachment":[{"href":"https:\/\/pawel.stefanoff.pl\/work\/wp-json\/wp\/v2\/media?parent=500"}],"curies":[{"name":"wp","href":"https:\/\/api.w.org\/{rel}","templated":true}]}}

<figure class="wp-block-image size-large"><img fetchpriority="high" decoding="async" width="1024" height="680" src="https://pawel.stefanoff.pl/work/wp-content/uploads/2026/01/jhxvbR-BI8PVQ-9-1024x680.jpg" alt="" class="wp-image-501" srcset="https://pawel.stefanoff.pl/work/wp-content/uploads/2026/01/jhxvbR-BI8PVQ-9-1024x680.jpg 1024w, https://pawel.stefanoff.pl/work/wp-content/uploads/2026/01/jhxvbR-BI8PVQ-9-300x199.jpg 300w, https://pawel.stefanoff.pl/work/wp-content/uploads/2026/01/jhxvbR-BI8PVQ-9-768x510.jpg 768w, https://pawel.stefanoff.pl/work/wp-content/uploads/2026/01/jhxvbR-BI8PVQ-9.jpg 1200w" sizes="(max-width: 1024px) 100vw, 1024px" /></figure>



<p class="wp-block-paragraph">Eradykacja poliomyelitis jest ogólnoświatowym programem zdrowia publicznego prowadzonym pod auspicjami Światowej Organizacji Zdrowia w celu pozbycia się wirusa polio poprzez zaszczepienie wszystkich dzieci, monitorowanie podejrzanych zachorowań i współpracę np przy inwentaryzacji laboratoriów lub wymienie informacji. Odkąd rozpocząłem pracę w Państwowym Zakładzie Higieny, aktywnie uczestniczyłem w tym programie. W latach 2000-2002, pełniłem funkcję sekretarza polskiego Komitetu Certyfikacji Eradykacji Poliomyelitis i uczestniczyłem w przygotowaniu raportu certyfikacyjnego dla WHO. Na podstawie tej dokumentacji, Polska otrzymała status kraju wolnego od poliomyelitis. W latach 2005-2012 uczestniczyłem w prowadzeniu nadzoru nad ostrymi porażeniami wiotkimi oraz uczestniczyłem w spotkaniach regionalnej komisji certyfikacyjnej organizowanych przez Biuro Regionalne WHO w Kopenhadze. W 2012, zgłosiłem się do programu STOP POLIO, w ramach którego organizowałem szczepienia akcyjne przeciw poliomyelitis w prowincji Punjab w Pakistanie.</p>



<h2 class="wp-block-heading">Dlaczego to ma znaczenie?</h2>



<p class="wp-block-paragraph">Ta inicjatywa Światowej Organizacji Zdrowia ma ogromne znaczenie dla zdrowia publicznego w perspektywie globalnej. Przede wszystkim, program pokazuje kluczowe znaczenie współpracy wszystkich narodów świata w celu osiągnięciu wspólnie podjętego celu. W interesie nas wszystkich jest, żeby udało się skutecznie zaszczepić wszystkie dzieci mieszkające w regionach pogranicznych Pakistanu i Afganistanu, gdzie nadal krąży &#8220;dziki&#8221; poliowirus. Dopóki nie uda się udokumentować jego likwidacji, dopóty WSZYSTKIE kraje świata będą musiały utrzymywać masowe szczepienia swoich dzieci przeciw chorobie która u nich nie istnieje. Dlatego, można uznać tę wspaniałą inicjatywę za wielką lekcję dla zdrowia publicznego, która pokazuje jak w soczewce nadzieje globalnej społeczności, ale też wiele problemów które można rozwiązać tylko dzięki współpracy oraz wspólnej odpowiedzialności.</p>



<h2 class="wp-block-heading">Powiązane publikacje:</h2>



<p class="wp-block-paragraph"><strong>Publikacje w recenzowanych czasopismach:</strong></p>



<ul class="wp-block-list">
<li><a href="https://pawel.stefanoff.pl/work/articles/article-2004-polio-pl/"><u>Rosińska M, et al. Przegl Epidemiol 2004; 58: 185-96</u>.</a></li>
</ul>



<p class="wp-block-paragraph"><strong>Prezentacje na konferencjach:</strong></p>



<ul class="wp-block-list">
<li><a href="https://pawel.stefanoff.pl/work/presentations/poster-2004-polio-reemergence-pl/"><u>Stefanoff P, et al. ICEID, Atlanta, USA, 29 February-3 March 2004</u>.</a></li>



<li><a href="https://pawel.stefanoff.pl/work/presentations/lecture-2004-polio-aefi-pl/"><u>Stefanoff P, et al. PTW, Poznań, Poland, 26-27 November, 2004</u>.</a></li>



<li><a href="https://pawel.stefanoff.pl/work/presentations/poster-2005-opv-replacement-pl/"><u>Stefanoff P, et al. WSPID, Warsaw, Poland, 1-4 September, 2005</u>.</a></li>
</ul>



<p class="wp-block-paragraph"><strong>Inne publikacje:</strong></p>



<ul class="wp-block-list">
<li><a href="https://pawel.stefanoff.pl/work/other-publications/other-2007-chapter-vaccinology-pl/"><u>Rozdział w podręczniku &#8220;Wakcynologia&#8221;. Alpha-medica press, Bielsko-Biała, 2007: 142-147</u>.</a></li>
</ul>

<p>Program przyjęty i wdrażany przez wszystkie kraje świata mający na celu pozbycie się wirusa polio z powierzchni ziemi, poprzez masowe szczepienia, monitorowanie podejrzanych zachorowań oraz współpracę międzynarodową.</p>
