{"id":503,"date":"2000-09-01T06:01:56","date_gmt":"2000-09-01T06:01:56","guid":{"rendered":"https:\/\/pawel.stefanoff.pl\/work\/?post_type=projects&#038;p=503"},"modified":"2026-04-23T14:33:55","modified_gmt":"2026-04-23T14:33:55","slug":"project-prevalence-of-tic-disorders-pl","status":"publish","type":"projects","link":"https:\/\/pawel.stefanoff.pl\/work\/pl\/projects\/project-prevalence-of-tic-disorders-pl\/","title":{"rendered":"Rozpowszechnienie zaburze\u0144 tikowych w\u015br\u00f3d warszawskich dzieci"},"content":{"rendered":"\n<figure class=\"wp-block-image size-large\"><img fetchpriority=\"high\" decoding=\"async\" width=\"1024\" height=\"561\" src=\"https:\/\/pawel.stefanoff.pl\/work\/wp-content\/uploads\/2026\/01\/BG_IMG-comp-kxw6l2dt-1024x561.jpg\" alt=\"\" class=\"wp-image-504\" srcset=\"https:\/\/pawel.stefanoff.pl\/work\/wp-content\/uploads\/2026\/01\/BG_IMG-comp-kxw6l2dt-1024x561.jpg 1024w, https:\/\/pawel.stefanoff.pl\/work\/wp-content\/uploads\/2026\/01\/BG_IMG-comp-kxw6l2dt-300x164.jpg 300w, https:\/\/pawel.stefanoff.pl\/work\/wp-content\/uploads\/2026\/01\/BG_IMG-comp-kxw6l2dt-768x420.jpg 768w, https:\/\/pawel.stefanoff.pl\/work\/wp-content\/uploads\/2026\/01\/BG_IMG-comp-kxw6l2dt.jpg 1200w\" sizes=\"(max-width: 1024px) 100vw, 1024px\" \/><\/figure>\n\n\n\n<p class=\"wp-block-paragraph\">M\u00f3j pierwszy projekt, kt\u00f3ry zrealizowa\u0142em z fajnym zespo\u0142em student\u00f3w i studentek medycyny w latach 1998-1999. W pierwszym etapie zapytali\u015bmy rodzic\u00f3w i nauczycieli 1579 dzieci w wieku 11-12 lat ucz\u0119szczaj\u0105cych do 24 losowo wybranych szk\u00f3\u0142, kt\u00f3re dzieci maj\u0105 mimowolne ruchy lub wydaj\u0105 mimowolne d\u017awi\u0119ki. W drugim etapie zbierali\u015bmy szczeg\u00f3\u0142owy wywiad z dzie\u0107mi wskazanymi przez rodzic\u00f3w i nauczycieli i oceniali\u015bmy czy rzeczywi\u015bcie maj\u0105 zaburzenia tikowe lub zaburzenia wsp\u00f3\u0142istniej\u0105ce. Nasze badanie wykry\u0142o zaburzenia tikowe obecne w trakcie badania lub wyst\u0119puj\u0105ce wcze\u015bniej u 10% uczni\u00f3w warszawskich szk\u00f3\u0142. Wi\u0119kszo\u015b\u0107 tych zaburze\u0144 wyst\u0119powa\u0142o przej\u015bciowo i kr\u00f3tkotrwale. By\u0142 to m\u00f3j pierwszy znacz\u0105cy projekt badawczy i na jego podstawie obroni\u0142em prac\u0119 doktorsk\u0105 w 2003 roku. Wyniki uda\u0142o mi si\u0119 te\u017c opublikowa\u0107 w postaci trzech artyku\u0142\u00f3w i kilku prezentacji konferencyjnych.<\/p>\n\n\n\n<h2 class=\"wp-block-heading\">Dlaczego to ma znaczenie?<\/h2>\n\n\n\n<p class=\"wp-block-paragraph\">Wyniki tego projektu mog\u0105 pom\u00f3c lekarzom specjalistom w rozpoznawaniu zaburze\u0144 tikowych u dzieci, poprzez wskazanie kt\u00f3re z nich wyst\u0119puj\u0105 najcz\u0119\u015bciej. Urz\u0119dnicy odpowiedzialni za planowanie zasob\u00f3w s\u0142u\u017cby zdrowia mog\u0105 u\u017cy\u0107 naszych wynik\u00f3w w celu lepszego planowania opieki ambulatoryjnej.<\/p>\n\n\n\n<h2 class=\"wp-block-heading\">Powi\u0105zane publikacje:<\/h2>\n\n\n\n<p class=\"wp-block-paragraph\"><strong>Prace dyplomowe:<\/strong><\/p>\n\n\n\n<ul class=\"wp-block-list\">\n<li><a href=\"https:\/\/pawel.stefanoff.pl\/work\/theses\/thesis-2002-tic-disorders-pl\/\"><u>Praca doktorska obroniona na II Wydziale Lekarskim Akademii Medycznej, Warszawa, 2003<\/u>.<\/a><\/li>\n<\/ul>\n\n\n\n<p class=\"wp-block-paragraph\"><strong>Publikacje w recenzowanych czasopismach:<\/strong><\/p>\n\n\n\n<ul class=\"wp-block-list\">\n<li><a href=\"https:\/\/pawel.stefanoff.pl\/work\/articles\/article-2003-tourette-pl\/\"><u>Stefanoff et al. Psychiatr Pol 2003; 37: 97-107<\/u>.<\/a><\/li>\n\n\n\n<li><a href=\"https:\/\/pawel.stefanoff.pl\/work\/articles\/article-2005-ygtss-pl\/\"><u>Stefanoff et al. Przegl Epidemiol 2005; 59: 753-62<\/u>.<\/a><\/li>\n\n\n\n<li><a href=\"https:\/\/pawel.stefanoff.pl\/work\/articles\/article-2008-tic-disorders-pl\/\"><u>Stefanoff et al. Eur Child Adolesc Psychiatry 2007 Sep 14<\/u>.<\/a><\/li>\n<\/ul>\n","protected":false},"excerpt":{"rendered":"<p>Badanie przekrojowe w celu pomiaru rozpowszechnienia zaburze\u0144 tikowych w\u015br\u00f3d dzieci w wieku 11-12 lat, ucz\u0119szczaj\u0105cych do 24 losowo wybranych szk\u00f3\u0142 podstawowych w Warszawie.<\/p>\n","protected":false},"featured_media":504,"template":"","meta":{"_acf_changed":false},"class_list":["post-503","projects","type-projects","status-publish","has-post-thumbnail","hentry"],"acf":[],"_links":{"self":[{"href":"https:\/\/pawel.stefanoff.pl\/work\/wp-json\/wp\/v2\/projects\/503","targetHints":{"allow":["GET"]}}],"collection":[{"href":"https:\/\/pawel.stefanoff.pl\/work\/wp-json\/wp\/v2\/projects"}],"about":[{"href":"https:\/\/pawel.stefanoff.pl\/work\/wp-json\/wp\/v2\/types\/projects"}],"wp:featuredmedia":[{"embeddable":true,"href":"https:\/\/pawel.stefanoff.pl\/work\/wp-json\/wp\/v2\/media\/504"}],"wp:attachment":[{"href":"https:\/\/pawel.stefanoff.pl\/work\/wp-json\/wp\/v2\/media?parent=503"}],"curies":[{"name":"wp","href":"https:\/\/api.w.org\/{rel}","templated":true}]}}

Rozpowszechnienie zaburzeń tikowych wśród warszawskich dzieci

<figure class="wp-block-image size-large"><img fetchpriority="high" decoding="async" width="1024" height="561" src="https://pawel.stefanoff.pl/work/wp-content/uploads/2026/01/BG_IMG-comp-kxw6l2dt-1024x561.jpg" alt="" class="wp-image-504" srcset="https://pawel.stefanoff.pl/work/wp-content/uploads/2026/01/BG_IMG-comp-kxw6l2dt-1024x561.jpg 1024w, https://pawel.stefanoff.pl/work/wp-content/uploads/2026/01/BG_IMG-comp-kxw6l2dt-300x164.jpg 300w, https://pawel.stefanoff.pl/work/wp-content/uploads/2026/01/BG_IMG-comp-kxw6l2dt-768x420.jpg 768w, https://pawel.stefanoff.pl/work/wp-content/uploads/2026/01/BG_IMG-comp-kxw6l2dt.jpg 1200w" sizes="(max-width: 1024px) 100vw, 1024px" /></figure>



<p class="wp-block-paragraph">Mój pierwszy projekt, który zrealizowałem z fajnym zespołem studentów i studentek medycyny w latach 1998-1999. W pierwszym etapie zapytaliśmy rodziców i nauczycieli 1579 dzieci w wieku 11-12 lat uczęszczających do 24 losowo wybranych szkół, które dzieci mają mimowolne ruchy lub wydają mimowolne dźwięki. W drugim etapie zbieraliśmy szczegółowy wywiad z dziećmi wskazanymi przez rodziców i nauczycieli i ocenialiśmy czy rzeczywiście mają zaburzenia tikowe lub zaburzenia współistniejące. Nasze badanie wykryło zaburzenia tikowe obecne w trakcie badania lub występujące wcześniej u 10% uczniów warszawskich szkół. Większość tych zaburzeń występowało przejściowo i krótkotrwale. Był to mój pierwszy znaczący projekt badawczy i na jego podstawie obroniłem pracę doktorską w 2003 roku. Wyniki udało mi się też opublikować w postaci trzech artykułów i kilku prezentacji konferencyjnych.</p>



<h2 class="wp-block-heading">Dlaczego to ma znaczenie?</h2>



<p class="wp-block-paragraph">Wyniki tego projektu mogą pomóc lekarzom specjalistom w rozpoznawaniu zaburzeń tikowych u dzieci, poprzez wskazanie które z nich występują najczęściej. Urzędnicy odpowiedzialni za planowanie zasobów służby zdrowia mogą użyć naszych wyników w celu lepszego planowania opieki ambulatoryjnej.</p>



<h2 class="wp-block-heading">Powiązane publikacje:</h2>



<p class="wp-block-paragraph"><strong>Prace dyplomowe:</strong></p>



<ul class="wp-block-list">
<li><a href="https://pawel.stefanoff.pl/work/theses/thesis-2002-tic-disorders-pl/"><u>Praca doktorska obroniona na II Wydziale Lekarskim Akademii Medycznej, Warszawa, 2003</u>.</a></li>
</ul>



<p class="wp-block-paragraph"><strong>Publikacje w recenzowanych czasopismach:</strong></p>



<ul class="wp-block-list">
<li><a href="https://pawel.stefanoff.pl/work/articles/article-2003-tourette-pl/"><u>Stefanoff et al. Psychiatr Pol 2003; 37: 97-107</u>.</a></li>



<li><a href="https://pawel.stefanoff.pl/work/articles/article-2005-ygtss-pl/"><u>Stefanoff et al. Przegl Epidemiol 2005; 59: 753-62</u>.</a></li>



<li><a href="https://pawel.stefanoff.pl/work/articles/article-2008-tic-disorders-pl/"><u>Stefanoff et al. Eur Child Adolesc Psychiatry 2007 Sep 14</u>.</a></li>
</ul>

<p>Badanie przekrojowe w celu pomiaru rozpowszechnienia zaburzeń tikowych wśród dzieci w wieku 11-12 lat, uczęszczających do 24 losowo wybranych szkół podstawowych w Warszawie.</p>
