{"id":1077,"date":"2015-02-15T10:20:10","date_gmt":"2015-02-15T10:20:10","guid":{"rendered":"https:\/\/pawel.stefanoff.pl\/work\/?post_type=publikacje&#038;p=1077"},"modified":"2026-04-23T14:59:52","modified_gmt":"2026-04-23T14:59:52","slug":"article-2015-parapertussis-pl","status":"publish","type":"publikacje","link":"https:\/\/pawel.stefanoff.pl\/work\/pl\/articles\/article-2015-parapertussis-pl\/","title":{"rendered":"Cz\u0119sto\u015b\u0107 wyst\u0119powania i czynniki predykcyjne parakrztu\u015bca u pacjent\u00f3w z przewlek\u0142ym kaszlem kierowanych do lekarzy rodzinnych w Polsce w latach 2009\u20132011"},"content":{"rendered":"\n<p class=\"wp-block-paragraph\">Artyku\u0142 przedstawia badanie przeprowadzone w Polsce w latach 2009\u20132011 w celu oszacowania cz\u0119sto\u015bci wyst\u0119powania zespo\u0142u objaw\u00f3w wywo\u0142anego przez Bordetella parapertussis, bakteri\u0119 blisko spokrewnion\u0105 z patogenem wywo\u0142uj\u0105cym krztusiec. Badanie wykaza\u0142o, \u017ce parakrztusiec nie jest rutynowo diagnozowany w Polsce, a cz\u0119sto\u015b\u0107 wyst\u0119powania oszacowano na 39 przypadk\u00f3w na 100.000 osobolat. Najwy\u017csze wska\u017aniki zapadalno\u015bci obserwowano w\u015br\u00f3d dzieci w wieku 3\u20135 lat i doros\u0142ych powy\u017cej 60. roku \u017cycia. M\u0142ody wiek, podesz\u0142y wiek i zat\u0142oczone warunki mieszkaniowe wi\u0105za\u0142y si\u0119 ze zwi\u0119kszonym prawdopodobie\u0144stwem rozpoznania. Wyniki potwierdzi\u0142y priorytetowe traktowanie bada\u0144 laboratoryjnych w kierunku parakrztu\u015bca u dzieci w wieku przedszkolnym i kobiet po 40. roku \u017cycia zg\u0142aszaj\u0105cych si\u0119 z przed\u0142u\u017caj\u0105cym si\u0119 kaszlem oraz zasugerowa\u0142y rozwa\u017cenie profilaktyki poekspozycyjnej w przypadku bliskich kontakt\u00f3w os\u00f3b z potwierdzonymi przypadkami. <\/p>\n\n\n\n<p class=\"wp-block-paragraph\">Niniejsza analiza, oparta na danych z wcze\u015bniej opublikowanego, zakrojonego na szerok\u0105 skal\u0119 badania epidemiologicznego krztu\u015bca, zosta\u0142a przeprowadzona przez Rysarda, sta\u017cyst\u0119 programu szkoleniowego EPIET pracuj\u0105cego w Warszawie. By\u0142em szczeg\u00f3lnie wdzi\u0119czny za jego prac\u0119 nad t\u0105 analiz\u0105, poniewa\u017c oryginalne badanie by\u0142o du\u017cym przedsi\u0119wzi\u0119ciem i pocz\u0105tkowo zaowocowa\u0142o publikacjami skupiaj\u0105cymi si\u0119 wy\u0142\u0105cznie na krztu\u015bcu.<\/p>\n","protected":false},"excerpt":{"rendered":"<p>Artyku\u0142 w j\u0119zyku angielskim opublikowany w czasopi\u015bmie European Journal of Clinical Microbiology &#038; Infectious Diseases<\/p>\n","protected":false},"featured_media":1074,"template":"","meta":{"_acf_changed":false},"class_list":["post-1077","publikacje","type-publikacje","status-publish","has-post-thumbnail","hentry"],"acf":[],"_links":{"self":[{"href":"https:\/\/pawel.stefanoff.pl\/work\/wp-json\/wp\/v2\/publikacje\/1077","targetHints":{"allow":["GET"]}}],"collection":[{"href":"https:\/\/pawel.stefanoff.pl\/work\/wp-json\/wp\/v2\/publikacje"}],"about":[{"href":"https:\/\/pawel.stefanoff.pl\/work\/wp-json\/wp\/v2\/types\/publikacje"}],"wp:featuredmedia":[{"embeddable":true,"href":"https:\/\/pawel.stefanoff.pl\/work\/wp-json\/wp\/v2\/media\/1074"}],"wp:attachment":[{"href":"https:\/\/pawel.stefanoff.pl\/work\/wp-json\/wp\/v2\/media?parent=1077"}],"curies":[{"name":"wp","href":"https:\/\/api.w.org\/{rel}","templated":true}]}}

Częstość występowania i czynniki predykcyjne parakrztuśca u pacjentów z przewlekłym kaszlem kierowanych do lekarzy rodzinnych w Polsce w latach 2009–2011

<p class="wp-block-paragraph">Artykuł przedstawia badanie przeprowadzone w Polsce w latach 2009–2011 w celu oszacowania częstości występowania zespołu objawów wywołanego przez Bordetella parapertussis, bakterię blisko spokrewnioną z patogenem wywołującym krztusiec. Badanie wykazało, że parakrztusiec nie jest rutynowo diagnozowany w Polsce, a częstość występowania oszacowano na 39 przypadków na 100.000 osobolat. Najwyższe wskaźniki zapadalności obserwowano wśród dzieci w wieku 3–5 lat i dorosłych powyżej 60. roku życia. Młody wiek, podeszły wiek i zatłoczone warunki mieszkaniowe wiązały się ze zwiększonym prawdopodobieństwem rozpoznania. Wyniki potwierdziły priorytetowe traktowanie badań laboratoryjnych w kierunku parakrztuśca u dzieci w wieku przedszkolnym i kobiet po 40. roku życia zgłaszających się z przedłużającym się kaszlem oraz zasugerowały rozważenie profilaktyki poekspozycyjnej w przypadku bliskich kontaktów osób z potwierdzonymi przypadkami. </p>



<p class="wp-block-paragraph">Niniejsza analiza, oparta na danych z wcześniej opublikowanego, zakrojonego na szeroką skalę badania epidemiologicznego krztuśca, została przeprowadzona przez Rysarda, stażystę programu szkoleniowego EPIET pracującego w Warszawie. Byłem szczególnie wdzięczny za jego pracę nad tą analizą, ponieważ oryginalne badanie było dużym przedsięwzięciem i początkowo zaowocowało publikacjami skupiającymi się wyłącznie na krztuścu.</p>

<p>Artykuł w języku angielskim opublikowany w czasopiśmie European Journal of Clinical Microbiology &#038; Infectious Diseases</p>
