{"id":1097,"date":"2014-11-01T10:38:27","date_gmt":"2014-11-01T10:38:27","guid":{"rendered":"https:\/\/pawel.stefanoff.pl\/work\/?post_type=publikacje&#038;p=1097"},"modified":"2026-04-23T15:00:43","modified_gmt":"2026-04-23T15:00:43","slug":"article-2014-pertussis-inc-pl","status":"publish","type":"publikacje","link":"https:\/\/pawel.stefanoff.pl\/work\/pl\/articles\/article-2014-pertussis-inc-pl\/","title":{"rendered":"Zapadalno\u015b\u0107 krztu\u015bca w\u015br\u00f3d pacjent\u00f3w lekarzy rodzinnych w Polsce"},"content":{"rendered":"\n<p class=\"wp-block-paragraph\">W artykule przeanalizowano krztusiec (koklusz) w\u015br\u00f3d pacjent\u00f3w zg\u0142aszaj\u0105cych si\u0119 do lekarzy rodzinnych w Polsce w latach 2009\u20132011. Wykorzystuj\u0105c dane z prospektywnego badania kohortowego, wykazali\u015bmy, \u017ce choroba jest znacz\u0105co niedoszacowana: szacowana zapadalno\u015b\u0107 wynosi\u0142a 201,1 przypadk\u00f3w na 100 000 osobolat \u2013 oko\u0142o 61 razy wi\u0119cej ni\u017c dane rejestrowane w krajowym systemie nadzoru. Najwy\u017csz\u0105 zapadalno\u015b\u0107 odnotowano w\u015br\u00f3d m\u0142odzie\u017cy w wieku 15\u201319 lat, natomiast najni\u017csze wska\u017aniki odnotowano w\u015br\u00f3d doros\u0142ych w wieku 25\u201329 lat. Wyniki podkre\u015blaj\u0105 potrzeb\u0119 wzmocnienia nadzoru i zwi\u0119kszenia \u015bwiadomo\u015bci klinicznej na temat krztu\u015bca po okresie dzieci\u0144stwa, szczeg\u00f3lnie w\u015br\u00f3d doros\u0142ych i os\u00f3b starszych. <\/p>\n\n\n\n<p class=\"wp-block-paragraph\">Badanie, przeprowadzone w dobrze finansowanym i starannie przygotowanym projekcie w oparciu o sie\u0107 lekarzy rodzinnych, wykaza\u0142o, \u017ce o ile krztusiec jest diagnozowany i zg\u0142aszany stosunkowo rzetelnie u ma\u0142ych dzieci, o tyle cz\u0119sto jest pomijany w starszych grupach wiekowych. Ta luka ma powa\u017cne konsekwencje dla zdrowia publicznego, poniewa\u017c doro\u015bli, zw\u0142aszcza rodzice i dziadkowie, mog\u0105 nie\u015bwiadomie przenosi\u0107 potencjalnie \u015bmierteln\u0105 infekcj\u0119 na noworodki i niemowl\u0119ta, zanim zostan\u0105 one w pe\u0142ni zaszczepione.<a href=\"https:\/\/www.cambridge.org\/core\/journals\/epidemiology-and-infection\/article\/incidence-of-pertussis-in-patients-of-general-practitioners-in-poland\/76D529C8FC43CB1BFA247EC488067228\" target=\"_blank\" rel=\"noreferrer noopener nofollow\"><\/a><\/p>\n","protected":false},"excerpt":{"rendered":"<p>Artyku\u0142 w j\u0119zyku angielskim opublikowany w czasopi\u015bmie Epidemiology and Infection<\/p>\n","protected":false},"featured_media":1074,"template":"","meta":{"_acf_changed":false},"class_list":["post-1097","publikacje","type-publikacje","status-publish","has-post-thumbnail","hentry"],"acf":[],"_links":{"self":[{"href":"https:\/\/pawel.stefanoff.pl\/work\/wp-json\/wp\/v2\/publikacje\/1097","targetHints":{"allow":["GET"]}}],"collection":[{"href":"https:\/\/pawel.stefanoff.pl\/work\/wp-json\/wp\/v2\/publikacje"}],"about":[{"href":"https:\/\/pawel.stefanoff.pl\/work\/wp-json\/wp\/v2\/types\/publikacje"}],"wp:featuredmedia":[{"embeddable":true,"href":"https:\/\/pawel.stefanoff.pl\/work\/wp-json\/wp\/v2\/media\/1074"}],"wp:attachment":[{"href":"https:\/\/pawel.stefanoff.pl\/work\/wp-json\/wp\/v2\/media?parent=1097"}],"curies":[{"name":"wp","href":"https:\/\/api.w.org\/{rel}","templated":true}]}}

Zapadalność krztuśca wśród pacjentów lekarzy rodzinnych w Polsce

<p class="wp-block-paragraph">W artykule przeanalizowano krztusiec (koklusz) wśród pacjentów zgłaszających się do lekarzy rodzinnych w Polsce w latach 2009–2011. Wykorzystując dane z prospektywnego badania kohortowego, wykazaliśmy, że choroba jest znacząco niedoszacowana: szacowana zapadalność wynosiła 201,1 przypadków na 100 000 osobolat – około 61 razy więcej niż dane rejestrowane w krajowym systemie nadzoru. Najwyższą zapadalność odnotowano wśród młodzieży w wieku 15–19 lat, natomiast najniższe wskaźniki odnotowano wśród dorosłych w wieku 25–29 lat. Wyniki podkreślają potrzebę wzmocnienia nadzoru i zwiększenia świadomości klinicznej na temat krztuśca po okresie dzieciństwa, szczególnie wśród dorosłych i osób starszych. </p>



<p class="wp-block-paragraph">Badanie, przeprowadzone w dobrze finansowanym i starannie przygotowanym projekcie w oparciu o sieć lekarzy rodzinnych, wykazało, że o ile krztusiec jest diagnozowany i zgłaszany stosunkowo rzetelnie u małych dzieci, o tyle często jest pomijany w starszych grupach wiekowych. Ta luka ma poważne konsekwencje dla zdrowia publicznego, ponieważ dorośli, zwłaszcza rodzice i dziadkowie, mogą nieświadomie przenosić potencjalnie śmiertelną infekcję na noworodki i niemowlęta, zanim zostaną one w pełni zaszczepione.<a href="https://www.cambridge.org/core/journals/epidemiology-and-infection/article/incidence-of-pertussis-in-patients-of-general-practitioners-in-poland/76D529C8FC43CB1BFA247EC488067228" target="_blank" rel="noreferrer noopener nofollow"></a></p>

<p>Artykuł w języku angielskim opublikowany w czasopiśmie Epidemiology and Infection</p>
