{"id":1160,"date":"2011-10-01T11:35:23","date_gmt":"2011-10-01T11:35:23","guid":{"rendered":"https:\/\/pawel.stefanoff.pl\/work\/?post_type=publikacje&#038;p=1160"},"modified":"2026-04-23T20:24:08","modified_gmt":"2026-04-23T20:24:08","slug":"article-2011-pertussis-diag-pl","status":"publish","type":"publikacje","link":"https:\/\/pawel.stefanoff.pl\/work\/pl\/articles\/article-2011-pertussis-diag-pl\/","title":{"rendered":"Ocena wiarygodno\u015bci poziomu przeciwcia\u0142 przyjmowanego za diagnostycznie znamienny w serodiagnostyce krztu\u015bca wykonywanej odczynem ELISA"},"content":{"rendered":"\n<p class=\"wp-block-paragraph\">Artyku\u0142 analizuje wiarygodno\u015b\u0107 poziomu przeciwcia\u0142 IgA i IgG uznawanego za diagnostycznie znamienny w testach ELISA do rozpoznawania krztu\u015bca. Autorzy por\u00f3wnali warto\u015bci graniczne (cut-off) ustalone przez producent\u00f3w dw\u00f3ch popularnych zestaw\u00f3w ELISA (NovaTec i Virotech) z warto\u015bciami wyliczonymi na podstawie bada\u0144 zdrowych dzieci i doros\u0142ych w Polsce. Okaza\u0142o si\u0119, \u017ce warto\u015b\u0107 graniczna dla przeciwcia\u0142 IgG w zestawie NovaTec jest ponad trzy razy ni\u017csza ni\u017c rzeczywista, co prowadzi do fa\u0142szywie dodatnich wynik\u00f3w u wielu zdrowych os\u00f3b. W przypadku zestawu Virotech warto\u015bci graniczne by\u0142y bardziej zbli\u017cone do rzeczywistych. Autorzy sugeruj\u0105, \u017ce komercyjne testy ELISA wymagaj\u0105 dalszej poprawy i standaryzacji, aby wyniki by\u0142y bardziej wiarygodne<\/p>\n\n\n\n<p class=\"wp-block-paragraph\">To badanie by\u0142o wa\u017cnym elementem naszego krajowego badania nad zapadalno\u015bci\u0105 krztu\u015bca. W tamtym czasie diagnostyka krztu\u015bca by\u0142a utrudniona, z powodu zawodno\u015bci dost\u0119pnych komercyjnie test\u00f3w. W rezultacie wiele laboratori\u00f3w referencyjnych opracowa\u0142o w\u0142asne testy z wykorzystaniem dobrze scharakteryzowanych antygen\u00f3w. Polskie laboratorium referencyjne w Pa\u0144stwowym Zak\u0142adzie Higieny w Warszawie nadal korzysta\u0142o jednak z test\u00f3w komercyjnych, aby spe\u0142ni\u0107 wymogi akredytacyjne. Celem niniejszego badania walidacyjnego by\u0142o zatem ustalenie odpowiedniego progu diagnostycznego, kt\u00f3ry wiarygodnie odr\u00f3\u017cnia\u0142by wyniki prawdziwie dodatnie od prawdziwie ujemnych.<a href=\"https:\/\/www.medmikro.org\/\" target=\"_blank\" rel=\"noreferrer noopener nofollow\"><\/a><\/p>\n","protected":false},"excerpt":{"rendered":"<p>Artyku\u0142 w j\u0119zyku polskim opublikowany w czasopi\u015bmie Medycyna Do\u015bwiadczalna i Mikrobiologia<\/p>\n","protected":false},"featured_media":1074,"template":"","meta":{"_acf_changed":true},"class_list":["post-1160","publikacje","type-publikacje","status-publish","has-post-thumbnail","hentry"],"acf":[],"_links":{"self":[{"href":"https:\/\/pawel.stefanoff.pl\/work\/wp-json\/wp\/v2\/publikacje\/1160","targetHints":{"allow":["GET"]}}],"collection":[{"href":"https:\/\/pawel.stefanoff.pl\/work\/wp-json\/wp\/v2\/publikacje"}],"about":[{"href":"https:\/\/pawel.stefanoff.pl\/work\/wp-json\/wp\/v2\/types\/publikacje"}],"wp:featuredmedia":[{"embeddable":true,"href":"https:\/\/pawel.stefanoff.pl\/work\/wp-json\/wp\/v2\/media\/1074"}],"wp:attachment":[{"href":"https:\/\/pawel.stefanoff.pl\/work\/wp-json\/wp\/v2\/media?parent=1160"}],"curies":[{"name":"wp","href":"https:\/\/api.w.org\/{rel}","templated":true}]}}

Ocena wiarygodności poziomu przeciwciał przyjmowanego za diagnostycznie znamienny w serodiagnostyce krztuśca wykonywanej odczynem ELISA

<p class="wp-block-paragraph">Artykuł analizuje wiarygodność poziomu przeciwciał IgA i IgG uznawanego za diagnostycznie znamienny w testach ELISA do rozpoznawania krztuśca. Autorzy porównali wartości graniczne (cut-off) ustalone przez producentów dwóch popularnych zestawów ELISA (NovaTec i Virotech) z wartościami wyliczonymi na podstawie badań zdrowych dzieci i dorosłych w Polsce. Okazało się, że wartość graniczna dla przeciwciał IgG w zestawie NovaTec jest ponad trzy razy niższa niż rzeczywista, co prowadzi do fałszywie dodatnich wyników u wielu zdrowych osób. W przypadku zestawu Virotech wartości graniczne były bardziej zbliżone do rzeczywistych. Autorzy sugerują, że komercyjne testy ELISA wymagają dalszej poprawy i standaryzacji, aby wyniki były bardziej wiarygodne</p>



<p class="wp-block-paragraph">To badanie było ważnym elementem naszego krajowego badania nad zapadalnością krztuśca. W tamtym czasie diagnostyka krztuśca była utrudniona, z powodu zawodności dostępnych komercyjnie testów. W rezultacie wiele laboratoriów referencyjnych opracowało własne testy z wykorzystaniem dobrze scharakteryzowanych antygenów. Polskie laboratorium referencyjne w Państwowym Zakładzie Higieny w Warszawie nadal korzystało jednak z testów komercyjnych, aby spełnić wymogi akredytacyjne. Celem niniejszego badania walidacyjnego było zatem ustalenie odpowiedniego progu diagnostycznego, który wiarygodnie odróżniałby wyniki prawdziwie dodatnie od prawdziwie ujemnych.<a href="https://www.medmikro.org/" target="_blank" rel="noreferrer noopener nofollow"></a></p>

<p>Artykuł w języku polskim opublikowany w czasopiśmie Medycyna Doświadczalna i Mikrobiologia</p>
