{"id":1230,"date":"2010-05-20T03:55:24","date_gmt":"2010-05-20T03:55:24","guid":{"rendered":"https:\/\/pawel.stefanoff.pl\/work\/?post_type=publikacje&#038;p=1230"},"modified":"2026-04-25T06:31:31","modified_gmt":"2026-04-25T06:31:31","slug":"article-2010-measles-overview-pl","status":"publish","type":"publikacje","link":"https:\/\/pawel.stefanoff.pl\/work\/pl\/articles\/article-2010-measles-overview-pl\/","title":{"rendered":"Odra w centrum uwagi w 2010 r.: Charakterystyka ognisk odry w Polsce w kontek\u015bcie realizacji celu eliminacji odry"},"content":{"rendered":"\n<p class=\"wp-block-paragraph\">W artykule przeanalizowali\u015bmy ogniska odry w Polsce w latach 2008\u20132009, podkre\u015blaj\u0105c, \u017ce chocia\u017c Polska poczyni\u0142a post\u0119py w eliminacji odry, wirus nadal kr\u0105\u017cy\u0142, szczeg\u00f3lnie w\u015br\u00f3d grup wra\u017cliwych, takich jak spo\u0142eczno\u015b\u0107 romska. Wi\u0119kszo\u015b\u0107 przypadk\u00f3w by\u0142a zwi\u0105zana z ogniskami, przy czym znaczny odsetek wynika\u0142 z zawleczenia wirusa z Wielkiej Brytanii. Ogniska w spo\u0142eczno\u015bciach romskich by\u0142y wi\u0119ksze i dotyczy\u0142y g\u0142\u00f3wnie os\u00f3b niezaszczepionych, podczas gdy w populacji og\u00f3lnej by\u0142y mniejsze i cz\u0119sto dotyczy\u0142y os\u00f3b niepe\u0142no zaszczepionych. Pomimo wysokiego stanu zaszczepienia w kraju, grupy os\u00f3b niezaszczepionych nadal przenosi\u0142y wirusa, co wskazuje na trudno\u015bci w dotarciu do niekt\u00f3rych grup. Podsumowali\u015bmy konieczno\u015b\u0107 dalszych dzia\u0142a\u0144 w celu integracji grup maj\u0105cych ograniczony dost\u0119p do opieki zdrowotnej i opracowania innowacyjnych strategii zapewniaj\u0105cych wszystkim ochron\u0119 przed odr\u0105.<\/p>\n\n\n\n<p class=\"wp-block-paragraph\">Niniejszy artyku\u0142 powsta\u0142 z okazji dochodzenia nad ogniskiem odry w spo\u0142eczno\u015bci romskiej, maj\u0105c na uwadze dwuletnie do\u015bwiadczenia w genotypowaniu szczep\u00f3w odry pochodz\u0105cych od polskich pacjent\u00f3w, przesy\u0142anych do Laboratorium Referencyjnego WHO w Berlinie. W tym kontek\u015bcie postanowili\u015bmy podsumowa\u0107 krajowe dane z nadzoru nad odr\u0105. Artyku\u0142 zosta\u0142 opublikowany podczas Europejskiego Tygodnia Szczepie\u0144 w 2010 roku, wraz z artyku\u0142em redakcyjnym w specjalnym wydaniu Eurosurveillance zatytu\u0142owanym \u201eOdra w centrum uwagi w 2010 r.\u201d, obok dw\u00f3ch innych artyku\u0142\u00f3w naszego zespo\u0142u. Co ciekawe, by\u0142a to r\u00f3wnie\u017c pierwsza moja publikacja, kt\u00f3ra ukaza\u0142a si\u0119 w ProMED-mail, znanej globalnej platformie do zg\u0142aszania nowych chor\u00f3b zaka\u017anych \ud83d\ude42.<a href=\"https:\/\/www.eurosurveillance.org\/content\/10.2807\/ese.15.17.19549-en\" target=\"_blank\" rel=\"noreferrer noopener nofollow\"><\/a><\/p>\n","protected":false},"excerpt":{"rendered":"<p>Artyku\u0142 w j\u0119zyku angielskim opublikowany w czasopi\u015bmie Eurosurveillance<\/p>\n","protected":false},"featured_media":1074,"template":"","meta":{"_acf_changed":false},"class_list":["post-1230","publikacje","type-publikacje","status-publish","has-post-thumbnail","hentry"],"acf":[],"_links":{"self":[{"href":"https:\/\/pawel.stefanoff.pl\/work\/wp-json\/wp\/v2\/publikacje\/1230","targetHints":{"allow":["GET"]}}],"collection":[{"href":"https:\/\/pawel.stefanoff.pl\/work\/wp-json\/wp\/v2\/publikacje"}],"about":[{"href":"https:\/\/pawel.stefanoff.pl\/work\/wp-json\/wp\/v2\/types\/publikacje"}],"wp:featuredmedia":[{"embeddable":true,"href":"https:\/\/pawel.stefanoff.pl\/work\/wp-json\/wp\/v2\/media\/1074"}],"wp:attachment":[{"href":"https:\/\/pawel.stefanoff.pl\/work\/wp-json\/wp\/v2\/media?parent=1230"}],"curies":[{"name":"wp","href":"https:\/\/api.w.org\/{rel}","templated":true}]}}

Odra w centrum uwagi w 2010 r.: Charakterystyka ognisk odry w Polsce w kontekście realizacji celu eliminacji odry

<p class="wp-block-paragraph">W artykule przeanalizowaliśmy ogniska odry w Polsce w latach 2008–2009, podkreślając, że chociaż Polska poczyniła postępy w eliminacji odry, wirus nadal krążył, szczególnie wśród grup wrażliwych, takich jak społeczność romska. Większość przypadków była związana z ogniskami, przy czym znaczny odsetek wynikał z zawleczenia wirusa z Wielkiej Brytanii. Ogniska w społecznościach romskich były większe i dotyczyły głównie osób niezaszczepionych, podczas gdy w populacji ogólnej były mniejsze i często dotyczyły osób niepełno zaszczepionych. Pomimo wysokiego stanu zaszczepienia w kraju, grupy osób niezaszczepionych nadal przenosiły wirusa, co wskazuje na trudności w dotarciu do niektórych grup. Podsumowaliśmy konieczność dalszych działań w celu integracji grup mających ograniczony dostęp do opieki zdrowotnej i opracowania innowacyjnych strategii zapewniających wszystkim ochronę przed odrą.</p>



<p class="wp-block-paragraph">Niniejszy artykuł powstał z okazji dochodzenia nad ogniskiem odry w społeczności romskiej, mając na uwadze dwuletnie doświadczenia w genotypowaniu szczepów odry pochodzących od polskich pacjentów, przesyłanych do Laboratorium Referencyjnego WHO w Berlinie. W tym kontekście postanowiliśmy podsumować krajowe dane z nadzoru nad odrą. Artykuł został opublikowany podczas Europejskiego Tygodnia Szczepień w 2010 roku, wraz z artykułem redakcyjnym w specjalnym wydaniu Eurosurveillance zatytułowanym „Odra w centrum uwagi w 2010 r.”, obok dwóch innych artykułów naszego zespołu. Co ciekawe, była to również pierwsza moja publikacja, która ukazała się w ProMED-mail, znanej globalnej platformie do zgłaszania nowych chorób zakaźnych 🙂.<a href="https://www.eurosurveillance.org/content/10.2807/ese.15.17.19549-en" target="_blank" rel="noreferrer noopener nofollow"></a></p>

<p>Artykuł w języku angielskim opublikowany w czasopiśmie Eurosurveillance</p>
