{"id":1245,"date":"2009-02-01T04:20:02","date_gmt":"2009-02-01T04:20:02","guid":{"rendered":"https:\/\/pawel.stefanoff.pl\/work\/?post_type=publikacje&#038;p=1245"},"modified":"2026-04-25T09:30:19","modified_gmt":"2026-04-25T09:30:19","slug":"article-2009-field-epi-pl","status":"publish","type":"publikacje","link":"https:\/\/pawel.stefanoff.pl\/work\/pl\/articles\/article-2009-field-epi-pl\/","title":{"rendered":"Szkolenie w zakresie epidemiologii interwencyjnej w Europie: spory sukces, ale jeszcze wiele do zrobienia"},"content":{"rendered":"\n<p class=\"wp-block-paragraph\">W artykule om\u00f3wili\u015bmy histori\u0119 i obecny stan szkole\u0144 z zakresu epidemiologii interwencyjnej w Europie, podkre\u015blaj\u0105c ich sukcesy i bie\u017c\u0105ce wyzwania. Wyja\u015bnili\u015bmy, w jaki spos\u00f3b programy szkoleniowe, inspirowane programem Epidemic Intelligence Service (EIS) ameryka\u0144skich Centr\u00f3w Kontroli i Prewencji Chor\u00f3b (CDC), zosta\u0142y wprowadzone w ca\u0142ej Europie w celu wykszta\u0142cenia wykwalifikowanej kadry zdrowia publicznego, zdolnej do szybkiego reagowania na ogniska epidemii. Europejski Program Szkolenia Epidemiologii Interwencyjnej (EPIET) i r\u00f3\u017cne krajowe Programy (FETP) zosta\u0142y opisane jako skuteczne, ale borykaj\u0105ce si\u0119 z problemami takimi jak ograniczona dost\u0119pno\u015b\u0107, niepewno\u015b\u0107 finansowania oraz potrzeba lepszej integracji i uznawania. W artykule stwierdzono, \u017ce chocia\u017c programy te znacz\u0105co przyczyni\u0142y si\u0119 do rozwoju zdrowia publicznego w Europie, konieczna jest ich dalsza ekspansja i \u015bci\u015blejsza wsp\u00f3\u0142praca, aby sprosta\u0107 przysz\u0142ym wyzwaniom i zapewni\u0107 solidn\u0105 kadr\u0119 epidemiologiczn\u0105.<\/p>\n\n\n\n<p class=\"wp-block-paragraph\">Dw\u00f3ch wybitnych epidemiolog\u00f3w zaprosi\u0142o mnie do udzia\u0142u w niniejszym artykule przedstawiaj\u0105cym perspektywy dotycz\u0105ce kszta\u0142cenia epidemiolog\u00f3w. W tym czasie Gerard Krause pe\u0142ni\u0142 funkcj\u0119 przewodnicz\u0105cego Forum Szkoleniowego EPIET, a Alain Moren by\u0142 g\u0142\u00f3wnym koordynatorem naukowym EPIET. M\u00f3j wk\u0142ad koncentrowa\u0142 si\u0119 na przedstawieniu perspektywy pa\u0144stw cz\u0142onkowskich UE, kt\u00f3re przyst\u0105pi\u0142y do \u200b\u200bUE w 2004 roku, z kt\u00f3rych wiele boryka\u0142o si\u0119 z wyzwaniami zwi\u0105zanymi z r\u00f3\u017cnicami w strukturach system\u00f3w zdrowia publicznego i ograniczonym dost\u0119pem do szkole\u0144 z zakresu nowoczesnych metod epidemiologicznych.<a href=\"https:\/\/www.eurosurveillance.org\/content\/10.2807\/ese.14.43.19375-en\" target=\"_blank\" rel=\"noreferrer noopener nofollow\"><\/a><\/p>\n","protected":false},"excerpt":{"rendered":"<p>Artyku\u0142 w j\u0119zyku angielskim opublikowany w czasopi\u015bmie Eurosurveillance<\/p>\n","protected":false},"featured_media":1074,"template":"","meta":{"_acf_changed":true},"class_list":["post-1245","publikacje","type-publikacje","status-publish","has-post-thumbnail","hentry"],"acf":[],"_links":{"self":[{"href":"https:\/\/pawel.stefanoff.pl\/work\/wp-json\/wp\/v2\/publikacje\/1245","targetHints":{"allow":["GET"]}}],"collection":[{"href":"https:\/\/pawel.stefanoff.pl\/work\/wp-json\/wp\/v2\/publikacje"}],"about":[{"href":"https:\/\/pawel.stefanoff.pl\/work\/wp-json\/wp\/v2\/types\/publikacje"}],"wp:featuredmedia":[{"embeddable":true,"href":"https:\/\/pawel.stefanoff.pl\/work\/wp-json\/wp\/v2\/media\/1074"}],"wp:attachment":[{"href":"https:\/\/pawel.stefanoff.pl\/work\/wp-json\/wp\/v2\/media?parent=1245"}],"curies":[{"name":"wp","href":"https:\/\/api.w.org\/{rel}","templated":true}]}}

<p class="wp-block-paragraph">W artykule omówiliśmy historię i obecny stan szkoleń z zakresu epidemiologii interwencyjnej w Europie, podkreślając ich sukcesy i bieżące wyzwania. Wyjaśniliśmy, w jaki sposób programy szkoleniowe, inspirowane programem Epidemic Intelligence Service (EIS) amerykańskich Centrów Kontroli i Prewencji Chorób (CDC), zostały wprowadzone w całej Europie w celu wykształcenia wykwalifikowanej kadry zdrowia publicznego, zdolnej do szybkiego reagowania na ogniska epidemii. Europejski Program Szkolenia Epidemiologii Interwencyjnej (EPIET) i różne krajowe Programy (FETP) zostały opisane jako skuteczne, ale borykające się z problemami takimi jak ograniczona dostępność, niepewność finansowania oraz potrzeba lepszej integracji i uznawania. W artykule stwierdzono, że chociaż programy te znacząco przyczyniły się do rozwoju zdrowia publicznego w Europie, konieczna jest ich dalsza ekspansja i ściślejsza współpraca, aby sprostać przyszłym wyzwaniom i zapewnić solidną kadrę epidemiologiczną.</p>



<p class="wp-block-paragraph">Dwóch wybitnych epidemiologów zaprosiło mnie do udziału w niniejszym artykule przedstawiającym perspektywy dotyczące kształcenia epidemiologów. W tym czasie Gerard Krause pełnił funkcję przewodniczącego Forum Szkoleniowego EPIET, a Alain Moren był głównym koordynatorem naukowym EPIET. Mój wkład koncentrował się na przedstawieniu perspektywy państw członkowskich UE, które przystąpiły do ​​UE w 2004 roku, z których wiele borykało się z wyzwaniami związanymi z różnicami w strukturach systemów zdrowia publicznego i ograniczonym dostępem do szkoleń z zakresu nowoczesnych metod epidemiologicznych.<a href="https://www.eurosurveillance.org/content/10.2807/ese.14.43.19375-en" target="_blank" rel="noreferrer noopener nofollow"></a></p>

<p>Artykuł w języku angielskim opublikowany w czasopiśmie Eurosurveillance</p>
