{"id":1302,"date":"2008-09-01T04:53:39","date_gmt":"2008-09-01T04:53:39","guid":{"rendered":"https:\/\/pawel.stefanoff.pl\/work\/?post_type=publikacje&#038;p=1302"},"modified":"2026-04-25T13:36:23","modified_gmt":"2026-04-25T13:36:23","slug":"article-2008-tic-disorders-pl","status":"publish","type":"publikacje","link":"https:\/\/pawel.stefanoff.pl\/work\/pl\/articles\/article-2008-tic-disorders-pl\/","title":{"rendered":"Wyst\u0119powanie zaburze\u0144 tikowych w\u015br\u00f3d uczni\u00f3w warszawskich szk\u00f3\u0142"},"content":{"rendered":"\n<p class=\"wp-block-paragraph\">Artyku\u0142 przedstawia badanie maj\u0105ce na celu oszacowanie cz\u0119sto\u015bci wyst\u0119powania tik\u00f3w w\u015br\u00f3d uczni\u00f3w warszawskich szk\u00f3\u0142 oraz opisanie ich charakterystyki klinicznej. Przebadali\u015bmy 1579 dzieci w wieku 12\u201315 lat z losowo wybranych szk\u00f3\u0142, pytaj\u0105c rodzic\u00f3w i nauczycieli o objawy tik\u00f3w, a nast\u0119pnie przeprowadzili\u015bmy wywiady ze wskazanymi uczniami. Nasze wyniki pokaza\u0142y, \u017ce tiki s\u0105 do\u015b\u0107 powszechne, z cz\u0119sto\u015bci\u0105 wyst\u0119powania w ci\u0105gu ca\u0142ego \u017cycia wynosz\u0105c\u0105 9,9% i cz\u0119sto\u015bci\u0105 punktow\u0105 wynosz\u0105c\u0105 6,7%. Wi\u0119kszo\u015b\u0107 przypadk\u00f3w mia\u0142a \u0142agodny przebieg i obejmowa\u0142a proste tiki ruchowe, takie jak mruganie oczami lub ruchy twarzy, oraz tiki g\u0142osowe, takie jak odchrz\u0105kiwanie. Stwierdzili\u015bmy, \u017ce ch\u0142opcy byli bardziej dotkni\u0119ci ni\u017c dziewcz\u0119ta, a tiki tworzy\u0142y kontinuum, od przej\u015bciowych po przewlek\u0142e i zesp\u00f3\u0142 Tourette&#8217;a. Nasza metoda przesiewowa by\u0142a bardzo czu\u0142a, ale mia\u0142a nisk\u0105 dodatni\u0105 warto\u015b\u0107 predykcyjn\u0105, co uwydatnia trudno\u015bci w identyfikacji tik\u00f3w w populacji og\u00f3lnej. Doszli\u015bmy do wniosku, \u017ce tiki s\u0105 powszechne, ale cz\u0119sto \u0142agodne, i podkre\u015blili\u015bmy potrzeb\u0119 lepszej edukacji spo\u0142ecze\u0144stwa na temat tych schorze\u0144.<\/p>\n\n\n\n<p class=\"wp-block-paragraph\">W niniejszym artykule zebrali\u015bmy g\u0142\u00f3wne wnioski z mojego projektu doktorskiego, kt\u00f3ry by\u0142 moim pierwszym du\u017cym badaniem. Wsp\u00f3\u0142pracuj\u0105c z grup\u0105 student\u00f3w medycyny, zorganizowali\u015bmy i przeprowadzili\u015bmy ankiet\u0119 w warszawskich szko\u0142ach. Artyku\u0142 zosta\u0142 dobrze przyj\u0119ty przez innych badaczy i by\u0142 szeroko cytowany, a jego wyniki zosta\u0142y p\u00f3\u017aniej uwzgl\u0119dnione w kilku badaniach przegl\u0105dowych, kt\u00f3re podsumowa\u0142y dowody z wielu \u017ar\u00f3de\u0142.<a href=\"https:\/\/link.springer.com\/article\/10.1007%2Fs00787-007-0651-y\" target=\"_blank\" rel=\"noreferrer noopener nofollow\"><\/a><\/p>\n","protected":false},"excerpt":{"rendered":"<p>Artyku\u0142 w j\u0119zyku angielskim opublikowany w czasopi\u015bmie European Child &#038; Adolescent Psychiatry<\/p>\n","protected":false},"featured_media":1074,"template":"","meta":{"_acf_changed":true},"class_list":["post-1302","publikacje","type-publikacje","status-publish","has-post-thumbnail","hentry"],"acf":[],"_links":{"self":[{"href":"https:\/\/pawel.stefanoff.pl\/work\/wp-json\/wp\/v2\/publikacje\/1302","targetHints":{"allow":["GET"]}}],"collection":[{"href":"https:\/\/pawel.stefanoff.pl\/work\/wp-json\/wp\/v2\/publikacje"}],"about":[{"href":"https:\/\/pawel.stefanoff.pl\/work\/wp-json\/wp\/v2\/types\/publikacje"}],"wp:featuredmedia":[{"embeddable":true,"href":"https:\/\/pawel.stefanoff.pl\/work\/wp-json\/wp\/v2\/media\/1074"}],"wp:attachment":[{"href":"https:\/\/pawel.stefanoff.pl\/work\/wp-json\/wp\/v2\/media?parent=1302"}],"curies":[{"name":"wp","href":"https:\/\/api.w.org\/{rel}","templated":true}]}}

Występowanie zaburzeń tikowych wśród uczniów warszawskich szkół

<p class="wp-block-paragraph">Artykuł przedstawia badanie mające na celu oszacowanie częstości występowania tików wśród uczniów warszawskich szkół oraz opisanie ich charakterystyki klinicznej. Przebadaliśmy 1579 dzieci w wieku 12–15 lat z losowo wybranych szkół, pytając rodziców i nauczycieli o objawy tików, a następnie przeprowadziliśmy wywiady ze wskazanymi uczniami. Nasze wyniki pokazały, że tiki są dość powszechne, z częstością występowania w ciągu całego życia wynoszącą 9,9% i częstością punktową wynoszącą 6,7%. Większość przypadków miała łagodny przebieg i obejmowała proste tiki ruchowe, takie jak mruganie oczami lub ruchy twarzy, oraz tiki głosowe, takie jak odchrząkiwanie. Stwierdziliśmy, że chłopcy byli bardziej dotknięci niż dziewczęta, a tiki tworzyły kontinuum, od przejściowych po przewlekłe i zespół Tourette&#8217;a. Nasza metoda przesiewowa była bardzo czuła, ale miała niską dodatnią wartość predykcyjną, co uwydatnia trudności w identyfikacji tików w populacji ogólnej. Doszliśmy do wniosku, że tiki są powszechne, ale często łagodne, i podkreśliliśmy potrzebę lepszej edukacji społeczeństwa na temat tych schorzeń.</p>



<p class="wp-block-paragraph">W niniejszym artykule zebraliśmy główne wnioski z mojego projektu doktorskiego, który był moim pierwszym dużym badaniem. Współpracując z grupą studentów medycyny, zorganizowaliśmy i przeprowadziliśmy ankietę w warszawskich szkołach. Artykuł został dobrze przyjęty przez innych badaczy i był szeroko cytowany, a jego wyniki zostały później uwzględnione w kilku badaniach przeglądowych, które podsumowały dowody z wielu źródeł.<a href="https://link.springer.com/article/10.1007%2Fs00787-007-0651-y" target="_blank" rel="noreferrer noopener nofollow"></a></p>

<p>Artykuł w języku angielskim opublikowany w czasopiśmie European Child &#038; Adolescent Psychiatry</p>
