{"id":1311,"date":"2007-12-01T04:57:50","date_gmt":"2007-12-01T04:57:50","guid":{"rendered":"https:\/\/pawel.stefanoff.pl\/work\/?post_type=publikacje&#038;p=1311"},"modified":"2026-04-26T07:24:32","modified_gmt":"2026-04-26T07:24:32","slug":"epidemiology-of-meningococcal-meningitis-and-changes-in-the-surveillance-system-in-poland-1970-2006","status":"publish","type":"publikacje","link":"https:\/\/pawel.stefanoff.pl\/work\/pl\/articles\/epidemiology-of-meningococcal-meningitis-and-changes-in-the-surveillance-system-in-poland-1970-2006\/","title":{"rendered":"Epidemiologia meningokokowego zapalenia opon m\u00f3zgowo-rdzeniowych i zmiany w systemie nadzoru w Polsce w latach 1970-2006"},"content":{"rendered":"\n<p class=\"wp-block-paragraph\">Podsumowali\u015bmy epidemiologi\u0119 meningokokowego zapalenia opon m\u00f3zgowo-rdzeniowych w Polsce w latach 1970\u20132006 i zaobserwowali\u015bmy, \u017ce zapadalno\u015b\u0107 na t\u0119 chorob\u0119 systematycznie mala\u0142a do pocz\u0105tku XXI wieku, prawdopodobnie ze wzgl\u0119du na mniejsz\u0105 liczb\u0119 urodze\u0144 i lepsz\u0105 opiek\u0119 zdrowotn\u0105, po czym ponownie wzros\u0142a, szczeg\u00f3lnie w\u015br\u00f3d nastolatk\u00f3w. Wi\u0119kszo\u015b\u0107 przypadk\u00f3w by\u0142a spowodowana meningokokami grupy B, cho\u0107 w ostatnich latach wzros\u0142a cz\u0119sto\u015b\u0107 wyst\u0119powania meningokok\u00f3w grupy C. Stwierdzili\u015bmy, \u017ce najbardziej dotkni\u0119te by\u0142y niemowl\u0119ta i ma\u0142e dzieci, a sezonowe szczyty zachorowa\u0144 wyst\u0119powa\u0142y zim\u0105. Nasz system nadzoru z czasem si\u0119 udoskonali\u0142, ale pewno\u015b\u0107 diagnostyczna i stan zaszczepienia nadal stanowi\u0142y wyzwanie. Doszli\u015bmy do wniosku, \u017ce konieczne s\u0105 dalsze dzia\u0142ania w celu poprawy dost\u0119pno\u015bci do diagnostyki laboratoryjnej, zwi\u0119kszenia dost\u0119pno\u015bci szczepie\u0144 i lepszej oceny wyst\u0119powania choroby meningokokowej w Polsce.<\/p>\n\n\n\n<p class=\"wp-block-paragraph\">Wraz z dwiema studentkami Warszawskiego Uniwersytetu Medycznego przeprowadzili\u015bmy szczeg\u00f3\u0142ow\u0105 analiz\u0119 dokumentacji medycznej zg\u0142aszanej do krajowego systemu nadzoru w ci\u0105gu 37 lat. Studenci pomogli r\u00f3wnie\u017c w digitalizacji formularzy papierowych zarchiwizowanych w polskim instytucie, co stanowi\u0142o podstaw\u0119 do p\u00f3\u017aniejszych udoskonale\u0144 procedur nadzoru. To badanie zapocz\u0105tkowa\u0142o moj\u0105 prac\u0119 nad inwazyjnymi chorobami bakteryjnymi. Mia\u0142am nadziej\u0119, \u017ce dwie uzdolnione studentki, Olga i Julia, po uko\u0144czeniu studi\u00f3w b\u0119d\u0105 kontynuowa\u0107 karier\u0119 zwi\u0105zan\u0105 z epidemiologi\u0105, ale ostatecznie wybra\u0142y r\u00f3\u017cne \u015bcie\u017cki \ud83d\ude42.<a href=\"https:\/\/www.eurosurveillance.org\/content\/10.2807\/esm.12.05.00707-en?crawler=true\" target=\"_blank\" rel=\"noreferrer noopener nofollow\"><\/a><\/p>\n","protected":false},"excerpt":{"rendered":"<p>Artyku\u0142 w j\u0119zyku angielskim opublikowany w czasopi\u015bmie Eurosurveillance<\/p>\n","protected":false},"featured_media":1074,"template":"","meta":{"_acf_changed":true},"class_list":["post-1311","publikacje","type-publikacje","status-publish","has-post-thumbnail","hentry"],"acf":[],"_links":{"self":[{"href":"https:\/\/pawel.stefanoff.pl\/work\/wp-json\/wp\/v2\/publikacje\/1311","targetHints":{"allow":["GET"]}}],"collection":[{"href":"https:\/\/pawel.stefanoff.pl\/work\/wp-json\/wp\/v2\/publikacje"}],"about":[{"href":"https:\/\/pawel.stefanoff.pl\/work\/wp-json\/wp\/v2\/types\/publikacje"}],"wp:featuredmedia":[{"embeddable":true,"href":"https:\/\/pawel.stefanoff.pl\/work\/wp-json\/wp\/v2\/media\/1074"}],"wp:attachment":[{"href":"https:\/\/pawel.stefanoff.pl\/work\/wp-json\/wp\/v2\/media?parent=1311"}],"curies":[{"name":"wp","href":"https:\/\/api.w.org\/{rel}","templated":true}]}}

Epidemiologia meningokokowego zapalenia opon mózgowo-rdzeniowych i zmiany w systemie nadzoru w Polsce w latach 1970-2006

<p class="wp-block-paragraph">Podsumowaliśmy epidemiologię meningokokowego zapalenia opon mózgowo-rdzeniowych w Polsce w latach 1970–2006 i zaobserwowaliśmy, że zapadalność na tę chorobę systematycznie malała do początku XXI wieku, prawdopodobnie ze względu na mniejszą liczbę urodzeń i lepszą opiekę zdrowotną, po czym ponownie wzrosła, szczególnie wśród nastolatków. Większość przypadków była spowodowana meningokokami grupy B, choć w ostatnich latach wzrosła częstość występowania meningokoków grupy C. Stwierdziliśmy, że najbardziej dotknięte były niemowlęta i małe dzieci, a sezonowe szczyty zachorowań występowały zimą. Nasz system nadzoru z czasem się udoskonalił, ale pewność diagnostyczna i stan zaszczepienia nadal stanowiły wyzwanie. Doszliśmy do wniosku, że konieczne są dalsze działania w celu poprawy dostępności do diagnostyki laboratoryjnej, zwiększenia dostępności szczepień i lepszej oceny występowania choroby meningokokowej w Polsce.</p>



<p class="wp-block-paragraph">Wraz z dwiema studentkami Warszawskiego Uniwersytetu Medycznego przeprowadziliśmy szczegółową analizę dokumentacji medycznej zgłaszanej do krajowego systemu nadzoru w ciągu 37 lat. Studenci pomogli również w digitalizacji formularzy papierowych zarchiwizowanych w polskim instytucie, co stanowiło podstawę do późniejszych udoskonaleń procedur nadzoru. To badanie zapoczątkowało moją pracę nad inwazyjnymi chorobami bakteryjnymi. Miałam nadzieję, że dwie uzdolnione studentki, Olga i Julia, po ukończeniu studiów będą kontynuować karierę związaną z epidemiologią, ale ostatecznie wybrały różne ścieżki 🙂.<a href="https://www.eurosurveillance.org/content/10.2807/esm.12.05.00707-en?crawler=true" target="_blank" rel="noreferrer noopener nofollow"></a></p>

<p>Artykuł w języku angielskim opublikowany w czasopiśmie Eurosurveillance</p>
