{"id":1328,"date":"2005-12-01T05:13:08","date_gmt":"2005-12-01T05:13:08","guid":{"rendered":"https:\/\/pawel.stefanoff.pl\/work\/?post_type=publikacje&#038;p=1328"},"modified":"2026-08-29T09:53:46","modified_gmt":"2026-08-29T09:53:46","slug":"article-2005-ygtss-pl","status":"publish","type":"publikacje","link":"https:\/\/pawel.stefanoff.pl\/work\/pl\/articles\/article-2005-ygtss-pl\/","title":{"rendered":"Rzetelno\u015b\u0107 i trafno\u015b\u0107 polskiej adaptacji Globalnej Skali Nasilenia Tik\u00f3w (YGTSS) w badaniu uczni\u00f3w szk\u00f3\u0142 warszawskich w wieku 12-15 lat"},"content":{"rendered":"\n<p class=\"wp-block-paragraph\">W badaniu tym oceniono rzetelno\u015b\u0107 i trafno\u015b\u0107 polskiej adaptacji Globalnej Skali Nasilenia Tik\u00f3w (YGTSS) \u2014 klinicznego narz\u0119dzia s\u0142u\u017c\u0105cego do pomiaru cz\u0119sto\u015bci i nasilenia tik\u00f3w oraz ich wp\u0142ywu na codzienne funkcjonowanie. Narz\u0119dzie przetestowali\u015bmy w grupie 60 warszawskich uczni\u00f3w w wieku 12\u201315 lat, u kt\u00f3rych rozpoznano zaburzenia tikowe w trakcie szerszego badania przesiewowego. Analiza potwierdzi\u0142a, \u017ce polska wersja charakteryzuje si\u0119 akceptowaln\u0105 rzetelno\u015bci\u0105 i trafno\u015bci\u0105, sprawnie odr\u00f3\u017cniaj\u0105c kategorie tik\u00f3w ruchowych i wokalnych. Tiki wokalne wykazywa\u0142y jednak s\u0142abszy zwi\u0105zek z og\u00f3lnym upo\u015bledzeniem funkcjonowania ni\u017c tiki ruchowe, co prawdopodobnie wynika\u0142o z faktu, \u017ce w tej pr\u00f3bie wyst\u0119powa\u0142y one rzadziej i mia\u0142y \u0142agodniejszy przebieg.<\/p>\n\n\n\n<p class=\"wp-block-paragraph\">Publikacja ta stanowi\u0142a cz\u0119\u015b\u0107 mojego doktoratu. Przed przyst\u0105pieniem do adaptacji skali skontaktowali\u015bmy si\u0119 z jej autorami, kt\u00f3rzy bardzo szybko odpowiedzieli i udzielili nam zgody na dostosowanie jej do polskich warunk\u00f3w. Wykorzystali\u015bmy t\u0119 skal\u0119 w naszym badaniu epidemiologicznym w\u015br\u00f3d warszawskich uczni\u00f3w i mam nadziej\u0119, \u017ce przydaje si\u0119 ona r\u00f3wnie\u017c w codziennej praktyce klinicznej \ud83d\ude42<a href=\"https:\/\/www.przeglepidemiol.pzh.gov.pl\/rzetelnosc-i-trafnosc-polskiej-adaptacji-globalnej-skali-nasilenia-tikow-ygtss-w-badaniu-uczniow-szkol-warszawskich-w-wieku-12-15-lat?lang=en\" target=\"_blank\" rel=\"noreferrer noopener nofollow\"><\/a><\/p>\n","protected":false},"excerpt":{"rendered":"<p>Artyku\u0142 w j\u0119zyku polskim opublikowany w czasopi\u015bmie Przegl\u0105d Epidemiologiczny<\/p>\n","protected":false},"featured_media":1074,"template":"","meta":{"_acf_changed":true},"class_list":["post-1328","publikacje","type-publikacje","status-publish","has-post-thumbnail","hentry"],"acf":[],"_links":{"self":[{"href":"https:\/\/pawel.stefanoff.pl\/work\/wp-json\/wp\/v2\/publikacje\/1328","targetHints":{"allow":["GET"]}}],"collection":[{"href":"https:\/\/pawel.stefanoff.pl\/work\/wp-json\/wp\/v2\/publikacje"}],"about":[{"href":"https:\/\/pawel.stefanoff.pl\/work\/wp-json\/wp\/v2\/types\/publikacje"}],"wp:featuredmedia":[{"embeddable":true,"href":"https:\/\/pawel.stefanoff.pl\/work\/wp-json\/wp\/v2\/media\/1074"}],"wp:attachment":[{"href":"https:\/\/pawel.stefanoff.pl\/work\/wp-json\/wp\/v2\/media?parent=1328"}],"curies":[{"name":"wp","href":"https:\/\/api.w.org\/{rel}","templated":true}]}}

Rzetelność i trafność polskiej adaptacji Globalnej Skali Nasilenia Tików (YGTSS) w badaniu uczniów szkół warszawskich w wieku 12-15 lat

<p class="wp-block-paragraph">W badaniu tym oceniono rzetelność i trafność polskiej adaptacji Globalnej Skali Nasilenia Tików (YGTSS) — klinicznego narzędzia służącego do pomiaru częstości i nasilenia tików oraz ich wpływu na codzienne funkcjonowanie. Narzędzie przetestowaliśmy w grupie 60 warszawskich uczniów w wieku 12–15 lat, u których rozpoznano zaburzenia tikowe w trakcie szerszego badania przesiewowego. Analiza potwierdziła, że polska wersja charakteryzuje się akceptowalną rzetelnością i trafnością, sprawnie odróżniając kategorie tików ruchowych i wokalnych. Tiki wokalne wykazywały jednak słabszy związek z ogólnym upośledzeniem funkcjonowania niż tiki ruchowe, co prawdopodobnie wynikało z faktu, że w tej próbie występowały one rzadziej i miały łagodniejszy przebieg.</p>



<p class="wp-block-paragraph">Publikacja ta stanowiła część mojego doktoratu. Przed przystąpieniem do adaptacji skali skontaktowaliśmy się z jej autorami, którzy bardzo szybko odpowiedzieli i udzielili nam zgody na dostosowanie jej do polskich warunków. Wykorzystaliśmy tę skalę w naszym badaniu epidemiologicznym wśród warszawskich uczniów i mam nadzieję, że przydaje się ona również w codziennej praktyce klinicznej 🙂<a href="https://www.przeglepidemiol.pzh.gov.pl/rzetelnosc-i-trafnosc-polskiej-adaptacji-globalnej-skali-nasilenia-tikow-ygtss-w-badaniu-uczniow-szkol-warszawskich-w-wieku-12-15-lat?lang=en" target="_blank" rel="noreferrer noopener nofollow"></a></p>

<p>Artykuł w języku polskim opublikowany w czasopiśmie Przegląd Epidemiologiczny</p>
