{"id":1334,"date":"2005-10-01T05:19:19","date_gmt":"2005-10-01T05:19:19","guid":{"rendered":"https:\/\/pawel.stefanoff.pl\/work\/?post_type=publikacje&#038;p=1334"},"modified":"2026-08-29T09:54:47","modified_gmt":"2026-08-29T09:54:47","slug":"article-2005-tbe-casedef-pl","status":"publish","type":"publikacje","link":"https:\/\/pawel.stefanoff.pl\/work\/pl\/articles\/article-2005-tbe-casedef-pl\/","title":{"rendered":"Ocena klasyfikacji przypadk\u00f3w kleszczowego zapalenia m\u00f3zgu w Polsce"},"content":{"rendered":"\n<p class=\"wp-block-paragraph\">Badanie to ocenia\u0142o klasyfikacj\u0119 przypadk\u00f3w zachorowa\u0144 na kleszczowe zapalenie m\u00f3zgu (KZM) w Polsce na podstawie danych z lat 1999\u20132002. Spo\u015br\u00f3d 607 zg\u0142oszonych przypadk\u00f3w wi\u0119kszo\u015b\u0107 dotyczy\u0142a m\u0119\u017cczyzn oraz mieszka\u0144c\u00f3w teren\u00f3w wiejskich, a najcz\u0119stsz\u0105 postaci\u0105 kliniczn\u0105 by\u0142o zapalenie opon m\u00f3zgowo-rdzeniowych. Po zastosowaniu standardowych definicji przypadku jedynie oko\u0142o 25% zachorowa\u0144 mo\u017cna by\u0142o w pe\u0142ni potwierdzi\u0107; pozosta\u0142e zaklasyfikowano jako prawdopodobne lub mo\u017cliwe, g\u0142\u00f3wnie z powodu ograniczonego dost\u0119pu do swoistych bada\u0144 laboratoryjnych. Wykazali\u015bmy r\u00f3wnie\u017c znaczne r\u00f3\u017cnice regionalne w diagnozowaniu i zg\u0142aszaniu KZM, wynikaj\u0105ce przede wszystkim z nier\u00f3wnego dost\u0119pu do diagnostyki laboratoryjnej oraz odmiennych praktyk medycznych. Podsumowuj\u0105c, doszli\u015bmy do wniosku, \u017ce skuteczniejsze monitorowanie KZM wymaga ujednoliconych procedur diagnostycznych i lepszej dost\u0119pno\u015bci test\u00f3w.<\/p>\n\n\n\n<p class=\"wp-block-paragraph\">To by\u0142a moja pierwsza publikacja po powrocie ze studi\u00f3w magisterskich w Albany w stanie Nowy Jork. Praca opiera\u0142a si\u0119 na mojej pracy dyplomowej z USA i powsta\u0142a pod kierunkiem dw\u00f3ch wspania\u0142ych mentor\u00f3w z USA, Dale\u2019a Morse\u2019a i Millie Eidson. Publikacja ukaza\u0142a si\u0119 w idealnym momencie \u2014 w\u0142a\u015bnie wtedy instytucje europejskie zaczyna\u0142y dyskusj\u0119 o potrzebie wprowadzenia jednolitych definicji przypadk\u00f3w we wszystkich krajach cz\u0142onkowskich UE. Artyku\u0142owi po\u015bwi\u0119cony by\u0142 artyku\u0142 redakcyjny, a sam tekst by\u0142 w kolejnych latach cz\u0119sto cytowany!<a href=\"https:\/\/www.eurosurveillance.org\/content\/10.2807\/esm.10.01.00514-en?crawler=true\" target=\"_blank\" rel=\"noreferrer noopener nofollow\"><\/a><\/p>\n","protected":false},"excerpt":{"rendered":"<p>Artyku\u0142 w j\u0119zyku angielskim opublikowany w czasopi\u015bmie Eurosurveillance<\/p>\n","protected":false},"featured_media":1074,"template":"","meta":{"_acf_changed":false},"class_list":["post-1334","publikacje","type-publikacje","status-publish","has-post-thumbnail","hentry"],"acf":[],"_links":{"self":[{"href":"https:\/\/pawel.stefanoff.pl\/work\/wp-json\/wp\/v2\/publikacje\/1334","targetHints":{"allow":["GET"]}}],"collection":[{"href":"https:\/\/pawel.stefanoff.pl\/work\/wp-json\/wp\/v2\/publikacje"}],"about":[{"href":"https:\/\/pawel.stefanoff.pl\/work\/wp-json\/wp\/v2\/types\/publikacje"}],"wp:featuredmedia":[{"embeddable":true,"href":"https:\/\/pawel.stefanoff.pl\/work\/wp-json\/wp\/v2\/media\/1074"}],"wp:attachment":[{"href":"https:\/\/pawel.stefanoff.pl\/work\/wp-json\/wp\/v2\/media?parent=1334"}],"curies":[{"name":"wp","href":"https:\/\/api.w.org\/{rel}","templated":true}]}}

Ocena klasyfikacji przypadków kleszczowego zapalenia mózgu w Polsce

<p class="wp-block-paragraph">Badanie to oceniało klasyfikację przypadków zachorowań na kleszczowe zapalenie mózgu (KZM) w Polsce na podstawie danych z lat 1999–2002. Spośród 607 zgłoszonych przypadków większość dotyczyła mężczyzn oraz mieszkańców terenów wiejskich, a najczęstszą postacią kliniczną było zapalenie opon mózgowo-rdzeniowych. Po zastosowaniu standardowych definicji przypadku jedynie około 25% zachorowań można było w pełni potwierdzić; pozostałe zaklasyfikowano jako prawdopodobne lub możliwe, głównie z powodu ograniczonego dostępu do swoistych badań laboratoryjnych. Wykazaliśmy również znaczne różnice regionalne w diagnozowaniu i zgłaszaniu KZM, wynikające przede wszystkim z nierównego dostępu do diagnostyki laboratoryjnej oraz odmiennych praktyk medycznych. Podsumowując, doszliśmy do wniosku, że skuteczniejsze monitorowanie KZM wymaga ujednoliconych procedur diagnostycznych i lepszej dostępności testów.</p>



<p class="wp-block-paragraph">To była moja pierwsza publikacja po powrocie ze studiów magisterskich w Albany w stanie Nowy Jork. Praca opierała się na mojej pracy dyplomowej z USA i powstała pod kierunkiem dwóch wspaniałych mentorów z USA, Dale’a Morse’a i Millie Eidson. Publikacja ukazała się w idealnym momencie — właśnie wtedy instytucje europejskie zaczynały dyskusję o potrzebie wprowadzenia jednolitych definicji przypadków we wszystkich krajach członkowskich UE. Artykułowi poświęcony był artykuł redakcyjny, a sam tekst był w kolejnych latach często cytowany!<a href="https://www.eurosurveillance.org/content/10.2807/esm.10.01.00514-en?crawler=true" target="_blank" rel="noreferrer noopener nofollow"></a></p>

<p>Artykuł w języku angielskim opublikowany w czasopiśmie Eurosurveillance</p>
