{"id":1337,"date":"2004-11-15T05:22:30","date_gmt":"2004-11-15T05:22:30","guid":{"rendered":"https:\/\/pawel.stefanoff.pl\/work\/?post_type=publikacje&#038;p=1337"},"modified":"2026-08-29T09:56:53","modified_gmt":"2026-08-29T09:56:53","slug":"article-2004-smallpox-pl","status":"publish","type":"publikacje","link":"https:\/\/pawel.stefanoff.pl\/work\/pl\/articles\/article-2004-smallpox-pl\/","title":{"rendered":"Ospa prawdziwa &#8211; stare czy nowe zagro\u017cenie?"},"content":{"rendered":"\n<p class=\"wp-block-paragraph\">Artyku\u0142 ten analizuje potencjalne zagro\u017cenie dla zdrowia publicznego zwi\u0105zane z mo\u017cliwo\u015bci\u0105 celowego u\u017cycia wirusa ospy prawdziwej jako broni biologicznej. Cho\u0107 naturalne zachorowania na osp\u0119 prawdziw\u0105 zosta\u0142y wyeliminowane dziesi\u0105tki lat temu, wysoka zaka\u017ano\u015b\u0107 patogenu, wysoka \u015bmiertelno\u015b\u0107 oraz brak odporno\u015bci w populacji sprawiaj\u0105, \u017ce atak bio-terrorystyczny m\u00f3g\u0142by wywo\u0142a\u0107 katastrofalny kryzys o zasi\u0119gu globalnym. Wskazali\u015bmy jednak, \u017ce masowe szczepienia w warunkach pokoju nios\u0105 ze sob\u0105 wi\u0119ksze ryzyko ni\u017c korzy\u015bci ze wzgl\u0119du na powa\u017cne odczyny poszczepienne zwi\u0105zane ze starszymi szczepionkami pierwszej i drugiej generacji. Zamiast tego przygotowanie pa\u0144stwa powinno opiera\u0107 si\u0119 na opracowaniu precyzyjnych plan\u00f3w reagowania, zabezpieczeniu bezpieczniejszych szczepionek trzeciej generacji oraz priorytetowym szczepieniu kluczowych s\u0142u\u017cb \u2014 takich jak personel medyczny i ratowniczy \u2014 w przypadku realnego zagro\u017cenia lub wybuchu ognisk choroby.<\/p>\n\n\n\n<p class=\"wp-block-paragraph\">Scenariusze celowego lub przypadkowego uwolnienia wirusa ospy prawdziwej by\u0142y jednym z \u201egor\u0105cych temat\u00f3w\u201d na pocz\u0105tku XXI wieku, gdy \u015bwiat obawia\u0142 si\u0119 atak\u00f3w bioterrorystycznych. Artyku\u0142 ten przygotowa\u0142em wraz z moim prze\u0142o\u017conym, prof. Andrzejem Zieli\u0144skim, w zwi\u0105zku z naszym udzia\u0142em w Zje\u017adzie Polskiego Towarzystwa Epidemiolog\u00f3w i Lekarzy Chor\u00f3b Zaka\u017anych. By\u0142o to dla mnie niezwykle ciekawe do\u015bwiadczenie, poniewa\u017c mog\u0142em przeanalizowa\u0107 liczne prace opisuj\u0105ce symulacje i scenariusze rozwoju epidemii, opieraj\u0105ce si\u0119 na r\u00f3\u017cnorodnych za\u0142o\u017ceniach i wymagaj\u0105ce sporej dozy wyobra\u017ani \ud83d\ude42<a href=\"https:\/\/www.przeglepidemiol.pzh.gov.pl\/en\" target=\"_blank\" rel=\"noreferrer noopener nofollow\"><\/a><\/p>\n","protected":false},"excerpt":{"rendered":"<p>Artyku\u0142 w j\u0119zyku polskim opublikowany w suplemencie czasopisma Przegl\u0105d Epidemiologiczny<\/p>\n","protected":false},"featured_media":1074,"template":"","meta":{"_acf_changed":true},"class_list":["post-1337","publikacje","type-publikacje","status-publish","has-post-thumbnail","hentry"],"acf":[],"_links":{"self":[{"href":"https:\/\/pawel.stefanoff.pl\/work\/wp-json\/wp\/v2\/publikacje\/1337","targetHints":{"allow":["GET"]}}],"collection":[{"href":"https:\/\/pawel.stefanoff.pl\/work\/wp-json\/wp\/v2\/publikacje"}],"about":[{"href":"https:\/\/pawel.stefanoff.pl\/work\/wp-json\/wp\/v2\/types\/publikacje"}],"wp:featuredmedia":[{"embeddable":true,"href":"https:\/\/pawel.stefanoff.pl\/work\/wp-json\/wp\/v2\/media\/1074"}],"wp:attachment":[{"href":"https:\/\/pawel.stefanoff.pl\/work\/wp-json\/wp\/v2\/media?parent=1337"}],"curies":[{"name":"wp","href":"https:\/\/api.w.org\/{rel}","templated":true}]}}

Ospa prawdziwa &#8211; stare czy nowe zagrożenie?

<p class="wp-block-paragraph">Artykuł ten analizuje potencjalne zagrożenie dla zdrowia publicznego związane z możliwością celowego użycia wirusa ospy prawdziwej jako broni biologicznej. Choć naturalne zachorowania na ospę prawdziwą zostały wyeliminowane dziesiątki lat temu, wysoka zakaźność patogenu, wysoka śmiertelność oraz brak odporności w populacji sprawiają, że atak bio-terrorystyczny mógłby wywołać katastrofalny kryzys o zasięgu globalnym. Wskazaliśmy jednak, że masowe szczepienia w warunkach pokoju niosą ze sobą większe ryzyko niż korzyści ze względu na poważne odczyny poszczepienne związane ze starszymi szczepionkami pierwszej i drugiej generacji. Zamiast tego przygotowanie państwa powinno opierać się na opracowaniu precyzyjnych planów reagowania, zabezpieczeniu bezpieczniejszych szczepionek trzeciej generacji oraz priorytetowym szczepieniu kluczowych służb — takich jak personel medyczny i ratowniczy — w przypadku realnego zagrożenia lub wybuchu ognisk choroby.</p>



<p class="wp-block-paragraph">Scenariusze celowego lub przypadkowego uwolnienia wirusa ospy prawdziwej były jednym z „gorących tematów” na początku XXI wieku, gdy świat obawiał się ataków bioterrorystycznych. Artykuł ten przygotowałem wraz z moim przełożonym, prof. Andrzejem Zielińskim, w związku z naszym udziałem w Zjeździe Polskiego Towarzystwa Epidemiologów i Lekarzy Chorób Zakaźnych. Było to dla mnie niezwykle ciekawe doświadczenie, ponieważ mogłem przeanalizować liczne prace opisujące symulacje i scenariusze rozwoju epidemii, opierające się na różnorodnych założeniach i wymagające sporej dozy wyobraźni 🙂<a href="https://www.przeglepidemiol.pzh.gov.pl/en" target="_blank" rel="noreferrer noopener nofollow"></a></p>

<p>Artykuł w języku polskim opublikowany w suplemencie czasopisma Przegląd Epidemiologiczny</p>
