{"id":1345,"date":"2004-11-01T05:32:37","date_gmt":"2004-11-01T05:32:37","guid":{"rendered":"https:\/\/pawel.stefanoff.pl\/work\/?post_type=publikacje&#038;p=1345"},"modified":"2026-08-29T09:57:50","modified_gmt":"2026-08-29T09:57:50","slug":"article-2004-herd-immunity-pl","status":"publish","type":"publikacje","link":"https:\/\/pawel.stefanoff.pl\/work\/pl\/articles\/article-2004-herd-immunity-pl\/","title":{"rendered":"Odporno\u015b\u0107 zbiorowiskowa i badanie efektywno\u015bci szczepie\u0144"},"content":{"rendered":"\n<p class=\"wp-block-paragraph\">Artyku\u0142 ten wyja\u015bnia kluczow\u0105 r\u00f3\u017cnic\u0119 mi\u0119dzy skuteczno\u015bci\u0105 teoretyczn\u0105 szczepionki (vaccine efficacy) \u2014 ocenian\u0105 w kontrolowanych, optymalnych warunkach bada\u0144 klinicznych \u2014 a jej skuteczno\u015bci\u0105 praktyczn\u0105 (vaccine effectiveness), kt\u00f3ra mierzy dzia\u0142anie programu szczepie\u0144 w populacji. W pracy om\u00f3wili\u015bmy metody epidemiologiczne stosowane do oceny skuteczno\u015bci w praktyce (takie jak badania kohortowe i kliniczno-kontrolne) oraz opisali\u015bmy cz\u0119ste \u017ar\u00f3d\u0142a b\u0142\u0119d\u00f3w systematycznych i analitycznych. Na koniec przeanalizowali\u015bmy koncepcj\u0119 odporno\u015bci zbiorowiskowej, wyja\u015bniaj\u0105c, jak odpowiedni poziom zaszczepienia populacji chroni osoby niezaszczepione poprzez ograniczenie transmisji patogenu, zwracaj\u0105c przy tym uwag\u0119 na wp\u0142yw struktur spo\u0142ecznych i zr\u00f3\u017cnicowania geograficznego na kontrol\u0119 chor\u00f3b.<\/p>\n\n\n\n<p class=\"wp-block-paragraph\">Przegl\u0105d ten powsta\u0142 w ramach szerszego projektu edukacyjnego maj\u0105cego na celu przybli\u017cenie metodologii epidemiologicznej lekarzom chor\u00f3b zaka\u017anych w Polsce. M\u00f3j prze\u0142o\u017cony, prof. Andrzej Zieli\u0144ski, zaproponowa\u0142 mi przygotowanie wyk\u0142adu plenarnego oraz artyku\u0142u przegl\u0105dowego podsumowuj\u0105cego metody pomiaru skuteczno\u015bci szczepie\u0144. By\u0142o to moje pierwsze do\u015bwiadczenie z wyg\u0142oszeniem wyk\u0142adu inauguracyjnego podczas ceremonii otwarcia Zjazdu Polskiego Towarzystwa Epidemiolog\u00f3w i Lekarzy Chor\u00f3b Zaka\u017anych. Do dzi\u015b nie mam pewno\u015bci, na ile ten edukacyjny wysi\u0142ek si\u0119 powi\u00f3d\u0142, gdy\u017c wyk\u0142ad mia\u0142 do\u015b\u0107 techniczny charakter, a uczestnicy sesji otwarcia spodziewali si\u0119 raczej wyst\u0105pienia o charakterze bardziej og\u00f3lnym i strategicznym \ud83d\ude42<\/p>\n\n\n\n<p class=\"wp-block-paragraph\"><a href=\"https:\/\/www.przeglepidemiol.pzh.gov.pl\/en\" target=\"_blank\" rel=\"noreferrer noopener nofollow\"><\/a><\/p>\n","protected":false},"excerpt":{"rendered":"<p>Artyku\u0142 w j\u0119zyku polskim opublikowany w suplemencie czasopisma Przegl\u0105d Epidemiologiczny<\/p>\n","protected":false},"featured_media":1074,"template":"","meta":{"_acf_changed":false},"class_list":["post-1345","publikacje","type-publikacje","status-publish","has-post-thumbnail","hentry"],"acf":[],"_links":{"self":[{"href":"https:\/\/pawel.stefanoff.pl\/work\/wp-json\/wp\/v2\/publikacje\/1345","targetHints":{"allow":["GET"]}}],"collection":[{"href":"https:\/\/pawel.stefanoff.pl\/work\/wp-json\/wp\/v2\/publikacje"}],"about":[{"href":"https:\/\/pawel.stefanoff.pl\/work\/wp-json\/wp\/v2\/types\/publikacje"}],"wp:featuredmedia":[{"embeddable":true,"href":"https:\/\/pawel.stefanoff.pl\/work\/wp-json\/wp\/v2\/media\/1074"}],"wp:attachment":[{"href":"https:\/\/pawel.stefanoff.pl\/work\/wp-json\/wp\/v2\/media?parent=1345"}],"curies":[{"name":"wp","href":"https:\/\/api.w.org\/{rel}","templated":true}]}}

Odporność zbiorowiskowa i badanie efektywności szczepień

<p class="wp-block-paragraph">Artykuł ten wyjaśnia kluczową różnicę między skutecznością teoretyczną szczepionki (vaccine efficacy) — ocenianą w kontrolowanych, optymalnych warunkach badań klinicznych — a jej skutecznością praktyczną (vaccine effectiveness), która mierzy działanie programu szczepień w populacji. W pracy omówiliśmy metody epidemiologiczne stosowane do oceny skuteczności w praktyce (takie jak badania kohortowe i kliniczno-kontrolne) oraz opisaliśmy częste źródła błędów systematycznych i analitycznych. Na koniec przeanalizowaliśmy koncepcję odporności zbiorowiskowej, wyjaśniając, jak odpowiedni poziom zaszczepienia populacji chroni osoby niezaszczepione poprzez ograniczenie transmisji patogenu, zwracając przy tym uwagę na wpływ struktur społecznych i zróżnicowania geograficznego na kontrolę chorób.</p>



<p class="wp-block-paragraph">Przegląd ten powstał w ramach szerszego projektu edukacyjnego mającego na celu przybliżenie metodologii epidemiologicznej lekarzom chorób zakaźnych w Polsce. Mój przełożony, prof. Andrzej Zieliński, zaproponował mi przygotowanie wykładu plenarnego oraz artykułu przeglądowego podsumowującego metody pomiaru skuteczności szczepień. Było to moje pierwsze doświadczenie z wygłoszeniem wykładu inauguracyjnego podczas ceremonii otwarcia Zjazdu Polskiego Towarzystwa Epidemiologów i Lekarzy Chorób Zakaźnych. Do dziś nie mam pewności, na ile ten edukacyjny wysiłek się powiódł, gdyż wykład miał dość techniczny charakter, a uczestnicy sesji otwarcia spodziewali się raczej wystąpienia o charakterze bardziej ogólnym i strategicznym 🙂</p>



<p class="wp-block-paragraph"><a href="https://www.przeglepidemiol.pzh.gov.pl/en" target="_blank" rel="noreferrer noopener nofollow"></a></p>

<p>Artykuł w języku polskim opublikowany w suplemencie czasopisma Przegląd Epidemiologiczny</p>
