{"id":4341,"date":"2019-06-01T11:49:44","date_gmt":"2019-06-01T11:49:44","guid":{"rendered":"https:\/\/pawel.stefanoff.pl\/work\/?post_type=publikacje&#038;p=4341"},"modified":"2026-04-23T14:53:06","modified_gmt":"2026-04-23T14:53:06","slug":"article-2019-scabies-es","status":"publish","type":"publikacje","link":"https:\/\/pawel.stefanoff.pl\/work\/es\/articles\/article-2019-scabies-es\/","title":{"rendered":"Aumento de las infestaciones de sarna en Noruega, de 2006 a 2018"},"content":{"rendered":"\n<p class=\"wp-block-paragraph\">El art\u00edculo analiza un aumento significativo de casos de sarna en Noruega entre 2006 y 2018. El estudio revel\u00f3 que las consultas por sarna y las ventas de tratamientos para esta enfermedad casi se triplicaron durante este per\u00edodo, afectando especialmente a adultos j\u00f3venes de entre 15 y 29 a\u00f1os. Este incremento se confirm\u00f3 mediante datos del registro de s\u00edndromes y datos de ventas de tratamientos para la sarna. Recomendamos sensibilizar a los profesionales sanitarios para garantizar un diagn\u00f3stico y tratamiento oportunos de la sarna. <\/p>\n\n\n\n<p class=\"wp-block-paragraph\">La investigaci\u00f3n fue coordinada por Ettore, un becario del programa de formaci\u00f3n EUPHEM que trabajaba en Noruega. Fue una experiencia interesante, ya que utilizamos diversas fuentes de datos y aprend\u00ed mucho sobre estos fascinantes ar\u00e1cnidos.<\/p>\n","protected":false},"excerpt":{"rendered":"<p>Art\u00edculo en ingl\u00e9s publicado en la revista Eurosurveillance<\/p>\n","protected":false},"featured_media":687,"template":"","meta":{"_acf_changed":false},"class_list":["post-4341","publikacje","type-publikacje","status-publish","has-post-thumbnail","hentry"],"acf":[],"_links":{"self":[{"href":"https:\/\/pawel.stefanoff.pl\/work\/wp-json\/wp\/v2\/publikacje\/4341","targetHints":{"allow":["GET"]}}],"collection":[{"href":"https:\/\/pawel.stefanoff.pl\/work\/wp-json\/wp\/v2\/publikacje"}],"about":[{"href":"https:\/\/pawel.stefanoff.pl\/work\/wp-json\/wp\/v2\/types\/publikacje"}],"wp:featuredmedia":[{"embeddable":true,"href":"https:\/\/pawel.stefanoff.pl\/work\/wp-json\/wp\/v2\/media\/687"}],"wp:attachment":[{"href":"https:\/\/pawel.stefanoff.pl\/work\/wp-json\/wp\/v2\/media?parent=4341"}],"curies":[{"name":"wp","href":"https:\/\/api.w.org\/{rel}","templated":true}]}}

<p class="wp-block-paragraph">El artículo analiza un aumento significativo de casos de sarna en Noruega entre 2006 y 2018. El estudio reveló que las consultas por sarna y las ventas de tratamientos para esta enfermedad casi se triplicaron durante este período, afectando especialmente a adultos jóvenes de entre 15 y 29 años. Este incremento se confirmó mediante datos del registro de síndromes y datos de ventas de tratamientos para la sarna. Recomendamos sensibilizar a los profesionales sanitarios para garantizar un diagnóstico y tratamiento oportunos de la sarna. </p>



<p class="wp-block-paragraph">La investigación fue coordinada por Ettore, un becario del programa de formación EUPHEM que trabajaba en Noruega. Fue una experiencia interesante, ya que utilizamos diversas fuentes de datos y aprendí mucho sobre estos fascinantes arácnidos.</p>

<p>Artículo en inglés publicado en la revista Eurosurveillance</p>
