{"id":4347,"date":"2016-05-01T12:54:46","date_gmt":"2016-05-01T12:54:46","guid":{"rendered":"https:\/\/pawel.stefanoff.pl\/work\/?post_type=publikacje&#038;p=4347"},"modified":"2026-04-23T14:56:04","modified_gmt":"2026-04-23T14:56:04","slug":"article-2016-imd-policies-es","status":"publish","type":"publikacje","link":"https:\/\/pawel.stefanoff.pl\/work\/es\/articles\/article-2016-imd-policies-es\/","title":{"rendered":"Las pol\u00edticas sanitarias europeas para la gesti\u00f3n de contactos de casos de enfermedad meningoc\u00f3cica invasiva estaban mejor armonizadas en 2013 que en 2007"},"content":{"rendered":"\n<p class=\"wp-block-paragraph\">El art\u00edculo analiza las mejoras en las pol\u00edticas europeas de salud p\u00fablica para el manejo de contactos de enfermedad meningoc\u00f3cica invasiva (EMI) en 2013, en comparaci\u00f3n con los resultados de una encuesta previa realizada en 2007. Muestra que, desde 2007, m\u00e1s pa\u00edses han adoptado medidas basadas en la evidencia, como la profilaxis postexposici\u00f3n (PPE) y la vacunaci\u00f3n, para reducir el riesgo de casos secundarios de EMI. A pesar de este progreso, persisten diferencias importantes, en particular en el manejo de contactos de EMI en entornos como aviones y escuelas, lo que subraya la necesidad de una mayor armonizaci\u00f3n de las pol\u00edticas en toda Europa. <\/p>\n\n\n\n<p class=\"wp-block-paragraph\">La encuesta fue realizada por Sabine, becaria del programa de formaci\u00f3n EPIET en Francia, en nombre de un grupo internacional de expertos que trabajan en directrices basadas en la evidencia para la EMI. Este trabajo represent\u00f3 la culminaci\u00f3n de un proyecto de varios a\u00f1os que comenz\u00f3 con la encuesta de 2007 mencionada anteriormente, la cual identific\u00f3 importantes inconsistencias en la profilaxis de EMI en los pa\u00edses de la UE y condujo al desarrollo de directrices basadas en la evidencia para la quimioprofilaxis de los contactos de EMI para abordar estas deficiencias. El equipo que llev\u00f3 a cabo estas medidas se mantuvo pr\u00e1cticamente sin cambios durante los 6 a\u00f1os.<\/p>\n","protected":false},"excerpt":{"rendered":"<p>Art\u00edculo en ingl\u00e9s publicado en la revista Eurosurveillance<\/p>\n","protected":false},"featured_media":687,"template":"","meta":{"_acf_changed":false},"class_list":["post-4347","publikacje","type-publikacje","status-publish","has-post-thumbnail","hentry"],"acf":[],"_links":{"self":[{"href":"https:\/\/pawel.stefanoff.pl\/work\/wp-json\/wp\/v2\/publikacje\/4347","targetHints":{"allow":["GET"]}}],"collection":[{"href":"https:\/\/pawel.stefanoff.pl\/work\/wp-json\/wp\/v2\/publikacje"}],"about":[{"href":"https:\/\/pawel.stefanoff.pl\/work\/wp-json\/wp\/v2\/types\/publikacje"}],"wp:featuredmedia":[{"embeddable":true,"href":"https:\/\/pawel.stefanoff.pl\/work\/wp-json\/wp\/v2\/media\/687"}],"wp:attachment":[{"href":"https:\/\/pawel.stefanoff.pl\/work\/wp-json\/wp\/v2\/media?parent=4347"}],"curies":[{"name":"wp","href":"https:\/\/api.w.org\/{rel}","templated":true}]}}

Las políticas sanitarias europeas para la gestión de contactos de casos de enfermedad meningocócica invasiva estaban mejor armonizadas en 2013 que en 2007

<p class="wp-block-paragraph">El artículo analiza las mejoras en las políticas europeas de salud pública para el manejo de contactos de enfermedad meningocócica invasiva (EMI) en 2013, en comparación con los resultados de una encuesta previa realizada en 2007. Muestra que, desde 2007, más países han adoptado medidas basadas en la evidencia, como la profilaxis postexposición (PPE) y la vacunación, para reducir el riesgo de casos secundarios de EMI. A pesar de este progreso, persisten diferencias importantes, en particular en el manejo de contactos de EMI en entornos como aviones y escuelas, lo que subraya la necesidad de una mayor armonización de las políticas en toda Europa. </p>



<p class="wp-block-paragraph">La encuesta fue realizada por Sabine, becaria del programa de formación EPIET en Francia, en nombre de un grupo internacional de expertos que trabajan en directrices basadas en la evidencia para la EMI. Este trabajo representó la culminación de un proyecto de varios años que comenzó con la encuesta de 2007 mencionada anteriormente, la cual identificó importantes inconsistencias en la profilaxis de EMI en los países de la UE y condujo al desarrollo de directrices basadas en la evidencia para la quimioprofilaxis de los contactos de EMI para abordar estas deficiencias. El equipo que llevó a cabo estas medidas se mantuvo prácticamente sin cambios durante los 6 años.</p>

<p>Artículo en inglés publicado en la revista Eurosurveillance</p>
