{"id":4358,"date":"2014-11-01T10:38:27","date_gmt":"2014-11-01T10:38:27","guid":{"rendered":"https:\/\/pawel.stefanoff.pl\/work\/?post_type=publikacje&#038;p=4358"},"modified":"2026-04-23T15:00:52","modified_gmt":"2026-04-23T15:00:52","slug":"article-2014-pertussis-inc-es","status":"publish","type":"publikacje","link":"https:\/\/pawel.stefanoff.pl\/work\/es\/articles\/article-2014-pertussis-inc-es\/","title":{"rendered":"Incidencia de tos ferina en pacientes de m\u00e9dicos generales en Polonia"},"content":{"rendered":"\n<p class=\"wp-block-paragraph\">El art\u00edculo examina la tos ferina entre pacientes que consultaron a m\u00e9dicos generales en Polonia entre 2009 y 2011. Utilizando datos de un estudio de cohorte prospectivo, demostramos que la enfermedad est\u00e1 sustancialmente infradeclarada: la incidencia estimada fue de 201,1 casos por 100 000 personas-a\u00f1o, aproximadamente 61 veces superior a las cifras registradas por la vigilancia nacional. Los adolescentes de 15 a 19 a\u00f1os experimentaron la mayor incidencia, mientras que las tasas fueron m\u00e1s bajas entre los adultos de 25 a 29 a\u00f1os. Los hallazgos subrayan la necesidad de reforzar la vigilancia y aumentar la concienciaci\u00f3n cl\u00ednica sobre la tos ferina m\u00e1s all\u00e1 de la infancia, en particular en la poblaci\u00f3n adulta y mayor. <\/p>\n\n\n\n<p class=\"wp-block-paragraph\">El estudio, realizado dentro de una red de consultorios de medicina general bien financiada y cuidadosamente preparada, mostr\u00f3 que, si bien la tos ferina se diagnostica y notifica de forma relativamente fiable en ni\u00f1os peque\u00f1os, con frecuencia pasa desapercibida en grupos de mayor edad. Esta brecha tiene importantes implicaciones para la salud p\u00fablica, ya que los adultos, especialmente los padres y abuelos, pueden transmitir sin saberlo una infecci\u00f3n potencialmente mortal a los reci\u00e9n nacidos y lactantes antes de que est\u00e9n completamente vacunados.<\/p>\n","protected":false},"excerpt":{"rendered":"<p>Art\u00edculo en ingl\u00e9s publicado en la revista Epidemiology and Infection<\/p>\n","protected":false},"featured_media":1074,"template":"","meta":{"_acf_changed":false},"class_list":["post-4358","publikacje","type-publikacje","status-publish","has-post-thumbnail","hentry"],"acf":[],"_links":{"self":[{"href":"https:\/\/pawel.stefanoff.pl\/work\/wp-json\/wp\/v2\/publikacje\/4358","targetHints":{"allow":["GET"]}}],"collection":[{"href":"https:\/\/pawel.stefanoff.pl\/work\/wp-json\/wp\/v2\/publikacje"}],"about":[{"href":"https:\/\/pawel.stefanoff.pl\/work\/wp-json\/wp\/v2\/types\/publikacje"}],"wp:featuredmedia":[{"embeddable":true,"href":"https:\/\/pawel.stefanoff.pl\/work\/wp-json\/wp\/v2\/media\/1074"}],"wp:attachment":[{"href":"https:\/\/pawel.stefanoff.pl\/work\/wp-json\/wp\/v2\/media?parent=4358"}],"curies":[{"name":"wp","href":"https:\/\/api.w.org\/{rel}","templated":true}]}}

Incidencia de tos ferina en pacientes de médicos generales en Polonia

<p class="wp-block-paragraph">El artículo examina la tos ferina entre pacientes que consultaron a médicos generales en Polonia entre 2009 y 2011. Utilizando datos de un estudio de cohorte prospectivo, demostramos que la enfermedad está sustancialmente infradeclarada: la incidencia estimada fue de 201,1 casos por 100 000 personas-año, aproximadamente 61 veces superior a las cifras registradas por la vigilancia nacional. Los adolescentes de 15 a 19 años experimentaron la mayor incidencia, mientras que las tasas fueron más bajas entre los adultos de 25 a 29 años. Los hallazgos subrayan la necesidad de reforzar la vigilancia y aumentar la concienciación clínica sobre la tos ferina más allá de la infancia, en particular en la población adulta y mayor. </p>



<p class="wp-block-paragraph">El estudio, realizado dentro de una red de consultorios de medicina general bien financiada y cuidadosamente preparada, mostró que, si bien la tos ferina se diagnostica y notifica de forma relativamente fiable en niños pequeños, con frecuencia pasa desapercibida en grupos de mayor edad. Esta brecha tiene importantes implicaciones para la salud pública, ya que los adultos, especialmente los padres y abuelos, pueden transmitir sin saberlo una infección potencialmente mortal a los recién nacidos y lactantes antes de que estén completamente vacunados.</p>

<p>Artículo en inglés publicado en la revista Epidemiology and Infection</p>
