{"id":4365,"date":"2013-08-01T11:16:48","date_gmt":"2013-08-01T11:16:48","guid":{"rendered":"https:\/\/pawel.stefanoff.pl\/work\/?post_type=publikacje&#038;p=4365"},"modified":"2026-04-23T15:04:19","modified_gmt":"2026-04-23T15:04:19","slug":"article-2013-gi-pyramid-es","status":"publish","type":"publikacje","link":"https:\/\/pawel.stefanoff.pl\/work\/es\/articles\/article-2013-gi-pyramid-es\/","title":{"rendered":"Incidencia comunitaria de gastroenteritis causada por diferentes pat\u00f3genos: reconstrucci\u00f3n de la pir\u00e1mide de vigilancia para siete pat\u00f3genos en siete Estados miembros de la Uni\u00f3n Europea"},"content":{"rendered":"\n<p class=\"wp-block-paragraph\">El art\u00edculo present\u00f3 un estudio que estim\u00f3 la frecuencia real de la gastroenteritis causada por siete pat\u00f3genos diferentes en siete pa\u00edses de la UE. Utilizando informaci\u00f3n de registros sanitarios y encuestas poblacionales, documentamos que se producen millones de casos cada a\u00f1o, lo que resulta en miles de hospitalizaciones. Para tener en cuenta los casos que nunca llegan a las estad\u00edsticas oficiales, desarrollamos modelos que ajustaron el infradiagn\u00f3stico y la infradeclaraci\u00f3n. Los resultados revelaron grandes diferencias entre pa\u00edses, tanto en la frecuencia de las infecciones como en la forma en que se notificaban. Campylobacter y Salmonella surgieron como los pat\u00f3genos m\u00e1s comunes causantes de gastroenteritis. Es importante destacar que los pa\u00edses que aparentemente ten\u00edan las tasas de infecci\u00f3n m\u00e1s bajas a menudo presentaban la mayor carga real, simplemente porque los sistemas de vigilancia registraban menos casos. <\/p>\n\n\n\n<p class=\"wp-block-paragraph\">Este art\u00edculo fue un resultado clave de un proyecto a largo plazo dentro de la red MED-VET-NET, cuyo objetivo era medir la carga de infecciones de forma comparable en todos los Estados miembros de la UE. El objetivo era reconstruir la denominada \u201cpir\u00e1mide de vigilancia\u201d, partiendo de los casos notificados a los sistemas nacionales y retrocediendo en el tiempo mediante la estimaci\u00f3n de la probabilidad de que los pacientes buscaran atenci\u00f3n m\u00e9dica, se sometieran a pruebas y obtuvieran resultados positivos. A partir de esto, calculamos \u201cmultiplicadores de vigilancia\u201d que mostraban cu\u00e1ntas infecciones en la comunidad correspond\u00edan a un solo caso notificado, lo que pone de manifiesto la magnitud de la enfermedad que permanece oculta a las estad\u00edsticas oficiales.<\/p>\n","protected":false},"excerpt":{"rendered":"<p>Art\u00edculo en ingl\u00e9s publicado en la revista Epidemiology and Infection<\/p>\n","protected":false},"featured_media":1074,"template":"","meta":{"_acf_changed":false},"class_list":["post-4365","publikacje","type-publikacje","status-publish","has-post-thumbnail","hentry"],"acf":[],"_links":{"self":[{"href":"https:\/\/pawel.stefanoff.pl\/work\/wp-json\/wp\/v2\/publikacje\/4365","targetHints":{"allow":["GET"]}}],"collection":[{"href":"https:\/\/pawel.stefanoff.pl\/work\/wp-json\/wp\/v2\/publikacje"}],"about":[{"href":"https:\/\/pawel.stefanoff.pl\/work\/wp-json\/wp\/v2\/types\/publikacje"}],"wp:featuredmedia":[{"embeddable":true,"href":"https:\/\/pawel.stefanoff.pl\/work\/wp-json\/wp\/v2\/media\/1074"}],"wp:attachment":[{"href":"https:\/\/pawel.stefanoff.pl\/work\/wp-json\/wp\/v2\/media?parent=4365"}],"curies":[{"name":"wp","href":"https:\/\/api.w.org\/{rel}","templated":true}]}}

Incidencia comunitaria de gastroenteritis causada por diferentes patógenos: reconstrucción de la pirámide de vigilancia para siete patógenos en siete Estados miembros de la Unión Europea

<p class="wp-block-paragraph">El artículo presentó un estudio que estimó la frecuencia real de la gastroenteritis causada por siete patógenos diferentes en siete países de la UE. Utilizando información de registros sanitarios y encuestas poblacionales, documentamos que se producen millones de casos cada año, lo que resulta en miles de hospitalizaciones. Para tener en cuenta los casos que nunca llegan a las estadísticas oficiales, desarrollamos modelos que ajustaron el infradiagnóstico y la infradeclaración. Los resultados revelaron grandes diferencias entre países, tanto en la frecuencia de las infecciones como en la forma en que se notificaban. Campylobacter y Salmonella surgieron como los patógenos más comunes causantes de gastroenteritis. Es importante destacar que los países que aparentemente tenían las tasas de infección más bajas a menudo presentaban la mayor carga real, simplemente porque los sistemas de vigilancia registraban menos casos. </p>



<p class="wp-block-paragraph">Este artículo fue un resultado clave de un proyecto a largo plazo dentro de la red MED-VET-NET, cuyo objetivo era medir la carga de infecciones de forma comparable en todos los Estados miembros de la UE. El objetivo era reconstruir la denominada “pirámide de vigilancia”, partiendo de los casos notificados a los sistemas nacionales y retrocediendo en el tiempo mediante la estimación de la probabilidad de que los pacientes buscaran atención médica, se sometieran a pruebas y obtuvieran resultados positivos. A partir de esto, calculamos “multiplicadores de vigilancia” que mostraban cuántas infecciones en la comunidad correspondían a un solo caso notificado, lo que pone de manifiesto la magnitud de la enfermedad que permanece oculta a las estadísticas oficiales.</p>

<p>Artículo en inglés publicado en la revista Epidemiology and Infection</p>
