{"id":4411,"date":"2009-02-01T04:20:02","date_gmt":"2009-02-01T04:20:02","guid":{"rendered":"https:\/\/pawel.stefanoff.pl\/work\/?post_type=publikacje&#038;p=4411"},"modified":"2026-04-25T09:30:43","modified_gmt":"2026-04-25T09:30:43","slug":"article-2009-field-epi-es","status":"publish","type":"publikacje","link":"https:\/\/pawel.stefanoff.pl\/work\/es\/articles\/article-2009-field-epi-es\/","title":{"rendered":"La formaci\u00f3n en epidemiolog\u00eda de intervenci\u00f3n en Europa: todo un \u00e9xito, pero a\u00fan queda mucho por hacer"},"content":{"rendered":"\n<p class=\"wp-block-paragraph\">El art\u00edculo revis\u00f3 la historia y el estado actual de la formaci\u00f3n en epidemiolog\u00eda de intervenci\u00f3n en Europa, destacando sus \u00e9xitos y los desaf\u00edos que a\u00fan enfrenta. Explic\u00f3 c\u00f3mo se establecieron programas de capacitaci\u00f3n en toda Europa, inspirados en el Servicio de Inteligencia Epidemiol\u00f3gica (EIS) de los Centros para el Control y la Prevenci\u00f3n de Enfermedades de EE. UU., para formar un personal de salud p\u00fablica capacitado y capaz de responder r\u00e1pidamente a los brotes de enfermedades. El Programa Europeo de Formaci\u00f3n en Epidemiolog\u00eda de Intervenci\u00f3n (EPIET) y varios programas nacionales (FETP) se describieron como eficaces, pero con problemas como la capacidad limitada, la incertidumbre en la financiaci\u00f3n y la necesidad de una mejor integraci\u00f3n y reconocimiento. El art\u00edculo concluy\u00f3 que, si bien estos programas hab\u00edan contribuido significativamente a la salud p\u00fablica en Europa, se necesitaba una mayor expansi\u00f3n y una colaboraci\u00f3n m\u00e1s s\u00f3lida para afrontar los desaf\u00edos futuros y garantizar un personal epidemiol\u00f3gico robusto.<\/p>\n\n\n\n<p class=\"wp-block-paragraph\">Fui invitado por dos destacados epidemi\u00f3logos a contribuir a esta publicaci\u00f3n de perspectivas sobre la formaci\u00f3n de epidemiologos. En ese momento, Gerard Krause era el presidente del Foro de Centros de Formaci\u00f3n del EPIET y Alain Moren el coordinador principal del programa. Mi contribuci\u00f3n se centr\u00f3 en articular la perspectiva de los Estados miembros de la UE que se unieron a la UE en 2004, muchos de los cuales se enfrentaron a desaf\u00edos relacionados con las diferencias en las estructuras de los sistemas de salud p\u00fablica y el acceso limitado a la formaci\u00f3n en m\u00e9todos epidemiol\u00f3gicos modernos.<\/p>\n","protected":false},"excerpt":{"rendered":"<p>Art\u00edculo en ingl\u00e9s publicado en la revista Eurosurveillance<\/p>\n","protected":false},"featured_media":1074,"template":"","meta":{"_acf_changed":false},"class_list":["post-4411","publikacje","type-publikacje","status-publish","has-post-thumbnail","hentry"],"acf":[],"_links":{"self":[{"href":"https:\/\/pawel.stefanoff.pl\/work\/wp-json\/wp\/v2\/publikacje\/4411","targetHints":{"allow":["GET"]}}],"collection":[{"href":"https:\/\/pawel.stefanoff.pl\/work\/wp-json\/wp\/v2\/publikacje"}],"about":[{"href":"https:\/\/pawel.stefanoff.pl\/work\/wp-json\/wp\/v2\/types\/publikacje"}],"wp:featuredmedia":[{"embeddable":true,"href":"https:\/\/pawel.stefanoff.pl\/work\/wp-json\/wp\/v2\/media\/1074"}],"wp:attachment":[{"href":"https:\/\/pawel.stefanoff.pl\/work\/wp-json\/wp\/v2\/media?parent=4411"}],"curies":[{"name":"wp","href":"https:\/\/api.w.org\/{rel}","templated":true}]}}

La formación en epidemiología de intervención en Europa: todo un éxito, pero aún queda mucho por hacer

<p class="wp-block-paragraph">El artículo revisó la historia y el estado actual de la formación en epidemiología de intervención en Europa, destacando sus éxitos y los desafíos que aún enfrenta. Explicó cómo se establecieron programas de capacitación en toda Europa, inspirados en el Servicio de Inteligencia Epidemiológica (EIS) de los Centros para el Control y la Prevención de Enfermedades de EE. UU., para formar un personal de salud pública capacitado y capaz de responder rápidamente a los brotes de enfermedades. El Programa Europeo de Formación en Epidemiología de Intervención (EPIET) y varios programas nacionales (FETP) se describieron como eficaces, pero con problemas como la capacidad limitada, la incertidumbre en la financiación y la necesidad de una mejor integración y reconocimiento. El artículo concluyó que, si bien estos programas habían contribuido significativamente a la salud pública en Europa, se necesitaba una mayor expansión y una colaboración más sólida para afrontar los desafíos futuros y garantizar un personal epidemiológico robusto.</p>



<p class="wp-block-paragraph">Fui invitado por dos destacados epidemiólogos a contribuir a esta publicación de perspectivas sobre la formación de epidemiologos. En ese momento, Gerard Krause era el presidente del Foro de Centros de Formación del EPIET y Alain Moren el coordinador principal del programa. Mi contribución se centró en articular la perspectiva de los Estados miembros de la UE que se unieron a la UE en 2004, muchos de los cuales se enfrentaron a desafíos relacionados con las diferencias en las estructuras de los sistemas de salud pública y el acceso limitado a la formación en métodos epidemiológicos modernos.</p>

<p>Artículo en inglés publicado en la revista Eurosurveillance</p>
