{"id":4415,"date":"2008-09-01T04:53:39","date_gmt":"2008-09-01T04:53:39","guid":{"rendered":"https:\/\/pawel.stefanoff.pl\/work\/?post_type=publikacje&#038;p=4415"},"modified":"2026-04-25T13:36:08","modified_gmt":"2026-04-25T13:36:08","slug":"article-2008-tic-disorders-es","status":"publish","type":"publikacje","link":"https:\/\/pawel.stefanoff.pl\/work\/es\/articles\/article-2008-tic-disorders-es\/","title":{"rendered":"Prevalencia de trastornos de tics entre escolares en Varsovia, Polonia."},"content":{"rendered":"\n<p class=\"wp-block-paragraph\">El art\u00edculo presenta un estudio para estimar la frecuencia de los trastornos de tics entre escolares de Varsovia, Polonia, y describir sus caracter\u00edsticas cl\u00ednicas. Analizamos a 1.579 ni\u00f1os de entre 12 y 15 a\u00f1os de edad procedentes de escuelas seleccionadas al azar, preguntando a los padres y profesores sobre los s\u00edntomas de tics, y posteriormente entrevistamos a aquellos que presentaban s\u00edntomas. Los resultados mostraron que los trastornos de tics eran bastante comunes, con una prevalencia a lo largo de la vida del 9,9 % y una prevalencia puntual del 6,7 %. La mayor\u00eda de los casos eran leves e inclu\u00edan tics motores simples, como el parpadeo o los movimientos faciales, y tics vocales, como el carraspeo. Observamos que los ni\u00f1os se ve\u00edan m\u00e1s afectados que las ni\u00f1as, y que los trastornos de tics formaban un continuo, desde transitorios hasta cr\u00f3nicos y el s\u00edndrome de Tourette. Nuestro m\u00e9todo de detecci\u00f3n fue altamente sensible, pero tuvo un bajo valor predictivo positivo, lo que pone de manifiesto las dificultades para identificar los trastornos de tics en la poblaci\u00f3n general. Concluimos que los trastornos de tics est\u00e1n muy extendidos, pero suelen ser leves, y enfatizamos la necesidad de una mejor educaci\u00f3n sobre estas afecciones entre la poblaci\u00f3n.<\/p>\n\n\n\n<p class=\"wp-block-paragraph\">Este art\u00edculo re\u00fane los principales hallazgos de mi proyecto de doctorado, que fue mi primera investigaci\u00f3n importante. En colaboraci\u00f3n con un grupo de estudiantes de medicina, organizamos y llevamos a cabo una encuesta en escuelas de Varsovia. El art\u00edculo tuvo una buena acogida entre otros investigadores y fue ampliamente citado; posteriormente, sus resultados se incluyeron en varios estudios de revisi\u00f3n que resum\u00edan la evidencia de diversas fuentes.<\/p>\n","protected":false},"excerpt":{"rendered":"<p>Art\u00edculo en ingl\u00e9s publicado en la revista European Child &#038; Adolescent Psychiatry<\/p>\n","protected":false},"featured_media":1074,"template":"","meta":{"_acf_changed":false},"class_list":["post-4415","publikacje","type-publikacje","status-publish","has-post-thumbnail","hentry"],"acf":[],"_links":{"self":[{"href":"https:\/\/pawel.stefanoff.pl\/work\/wp-json\/wp\/v2\/publikacje\/4415","targetHints":{"allow":["GET"]}}],"collection":[{"href":"https:\/\/pawel.stefanoff.pl\/work\/wp-json\/wp\/v2\/publikacje"}],"about":[{"href":"https:\/\/pawel.stefanoff.pl\/work\/wp-json\/wp\/v2\/types\/publikacje"}],"wp:featuredmedia":[{"embeddable":true,"href":"https:\/\/pawel.stefanoff.pl\/work\/wp-json\/wp\/v2\/media\/1074"}],"wp:attachment":[{"href":"https:\/\/pawel.stefanoff.pl\/work\/wp-json\/wp\/v2\/media?parent=4415"}],"curies":[{"name":"wp","href":"https:\/\/api.w.org\/{rel}","templated":true}]}}

<p class="wp-block-paragraph">El artículo presenta un estudio para estimar la frecuencia de los trastornos de tics entre escolares de Varsovia, Polonia, y describir sus características clínicas. Analizamos a 1.579 niños de entre 12 y 15 años de edad procedentes de escuelas seleccionadas al azar, preguntando a los padres y profesores sobre los síntomas de tics, y posteriormente entrevistamos a aquellos que presentaban síntomas. Los resultados mostraron que los trastornos de tics eran bastante comunes, con una prevalencia a lo largo de la vida del 9,9 % y una prevalencia puntual del 6,7 %. La mayoría de los casos eran leves e incluían tics motores simples, como el parpadeo o los movimientos faciales, y tics vocales, como el carraspeo. Observamos que los niños se veían más afectados que las niñas, y que los trastornos de tics formaban un continuo, desde transitorios hasta crónicos y el síndrome de Tourette. Nuestro método de detección fue altamente sensible, pero tuvo un bajo valor predictivo positivo, lo que pone de manifiesto las dificultades para identificar los trastornos de tics en la población general. Concluimos que los trastornos de tics están muy extendidos, pero suelen ser leves, y enfatizamos la necesidad de una mejor educación sobre estas afecciones entre la población.</p>



<p class="wp-block-paragraph">Este artículo reúne los principales hallazgos de mi proyecto de doctorado, que fue mi primera investigación importante. En colaboración con un grupo de estudiantes de medicina, organizamos y llevamos a cabo una encuesta en escuelas de Varsovia. El artículo tuvo una buena acogida entre otros investigadores y fue ampliamente citado; posteriormente, sus resultados se incluyeron en varios estudios de revisión que resumían la evidencia de diversas fuentes.</p>

<p>Artículo en inglés publicado en la revista European Child &#038; Adolescent Psychiatry</p>
