{"id":4635,"date":"2022-08-01T05:44:36","date_gmt":"2022-08-01T05:44:36","guid":{"rendered":"https:\/\/pawel.stefanoff.pl\/work\/?post_type=publikacje&#038;p=4635"},"modified":"2026-04-23T14:44:28","modified_gmt":"2026-04-23T14:44:28","slug":"article-2022-attitudes-socio-pl","status":"publish","type":"publikacje","link":"https:\/\/pawel.stefanoff.pl\/work\/pl\/articles\/article-2022-attitudes-socio-pl\/","title":{"rendered":"Postawy behawioralne i poznawcze pediatr\u00f3w wobec szczepienia przeciw grypie \u2013 model cz\u0119\u015bciowej mediacji"},"content":{"rendered":"\n<p class=\"wp-block-paragraph\">Badanie wykaza\u0142o, \u017ce decyzje polskich pediatr\u00f3w o szczepieniu przeciwko grypie by\u0142y uwarunkowane nie tylko ich wiedz\u0105 na temat szczepionek, ale tak\u017ce ich przekonaniami na ich temat i sposobem post\u0119powania w codziennej praktyce. M\u00f3wi\u0105c pro\u015bciej, pediatrzy, kt\u00f3rzy wierzyli w bezpiecze\u0144stwo i skuteczno\u015b\u0107 szczepionek, cz\u0119\u015bciej sami si\u0119 szczepili. Ich zachowanie r\u00f3wnie\u017c mia\u0142o znaczenie: lekarze, kt\u00f3rzy aktywnie zalecali szczepienia innym, cz\u0119\u015bciej decydowali si\u0119 na szczepienie. Wyniki podkre\u015bla\u0142y, jak wa\u017cne jest dostarczanie pediatrom rzetelnych informacji o korzy\u015bciach p\u0142yn\u0105cych ze szczepie\u0144 oraz reagowanie na postawy i nawyki, kt\u00f3re mog\u0105 wp\u0142ywa\u0107 na ich decyzje. <\/p>\n\n\n\n<p class=\"wp-block-paragraph\">Analiza zosta\u0142a oparta na badaniu ankietowym przeprowadzonym w\u015br\u00f3d pediatr\u00f3w pi\u0119\u0107 lat wcze\u015bniej. Dwoje socjolog\u00f3w, Tomasz Sobierajski i Helena Buli\u0144ska, chcia\u0142o dok\u0142adniej zbada\u0107, dlaczego lekarze decyduj\u0105 si\u0119 na przyj\u0119cie szczepionki. Chocia\u017c m\u00f3j w\u0142asny wk\u0142ad w t\u0119 analiz\u0119 by\u0142 ograniczony, docenia\u0142em ich inicjatyw\u0119. Niestety, Helena Buli\u0144ska zmar\u0142a niespodziewanie, gdy artyku\u0142 by\u0142 jeszcze w przygotowaniu, co by\u0142o dla mnie ogromnym szokiem. To tragiczne wydarzenie zmotywowa\u0142o pozosta\u0142ych wsp\u00f3\u0142autor\u00f3w do doko\u0144czenia i opublikowania pracy ku jej pami\u0119ci.<\/p>\n","protected":false},"excerpt":{"rendered":"<p>Artyku\u0142 w j\u0119zyku angielskim opublikowany w czasopi\u015bmie Vaccines<\/p>\n","protected":false},"featured_media":1074,"template":"","meta":{"_acf_changed":true},"class_list":["post-4635","publikacje","type-publikacje","status-publish","has-post-thumbnail","hentry"],"acf":[],"_links":{"self":[{"href":"https:\/\/pawel.stefanoff.pl\/work\/wp-json\/wp\/v2\/publikacje\/4635","targetHints":{"allow":["GET"]}}],"collection":[{"href":"https:\/\/pawel.stefanoff.pl\/work\/wp-json\/wp\/v2\/publikacje"}],"about":[{"href":"https:\/\/pawel.stefanoff.pl\/work\/wp-json\/wp\/v2\/types\/publikacje"}],"wp:featuredmedia":[{"embeddable":true,"href":"https:\/\/pawel.stefanoff.pl\/work\/wp-json\/wp\/v2\/media\/1074"}],"wp:attachment":[{"href":"https:\/\/pawel.stefanoff.pl\/work\/wp-json\/wp\/v2\/media?parent=4635"}],"curies":[{"name":"wp","href":"https:\/\/api.w.org\/{rel}","templated":true}]}}

Postawy behawioralne i poznawcze pediatrów wobec szczepienia przeciw grypie – model częściowej mediacji

<p class="wp-block-paragraph">Badanie wykazało, że decyzje polskich pediatrów o szczepieniu przeciwko grypie były uwarunkowane nie tylko ich wiedzą na temat szczepionek, ale także ich przekonaniami na ich temat i sposobem postępowania w codziennej praktyce. Mówiąc prościej, pediatrzy, którzy wierzyli w bezpieczeństwo i skuteczność szczepionek, częściej sami się szczepili. Ich zachowanie również miało znaczenie: lekarze, którzy aktywnie zalecali szczepienia innym, częściej decydowali się na szczepienie. Wyniki podkreślały, jak ważne jest dostarczanie pediatrom rzetelnych informacji o korzyściach płynących ze szczepień oraz reagowanie na postawy i nawyki, które mogą wpływać na ich decyzje. </p>



<p class="wp-block-paragraph">Analiza została oparta na badaniu ankietowym przeprowadzonym wśród pediatrów pięć lat wcześniej. Dwoje socjologów, Tomasz Sobierajski i Helena Bulińska, chciało dokładniej zbadać, dlaczego lekarze decydują się na przyjęcie szczepionki. Chociaż mój własny wkład w tę analizę był ograniczony, doceniałem ich inicjatywę. Niestety, Helena Bulińska zmarła niespodziewanie, gdy artykuł był jeszcze w przygotowaniu, co było dla mnie ogromnym szokiem. To tragiczne wydarzenie zmotywowało pozostałych współautorów do dokończenia i opublikowania pracy ku jej pamięci.</p>

<p>Artykuł w języku angielskim opublikowany w czasopiśmie Vaccines</p>
