{"id":690,"date":"2021-09-01T06:27:10","date_gmt":"2021-09-01T06:27:10","guid":{"rendered":"https:\/\/pawel.stefanoff.pl\/work\/?post_type=publikacje&#038;p=690"},"modified":"2026-04-23T14:46:22","modified_gmt":"2026-04-23T14:46:22","slug":"article-2021-hpv-uptake-determ-pl","status":"publish","type":"publikacje","link":"https:\/\/pawel.stefanoff.pl\/work\/pl\/articles\/article-2021-hpv-uptake-determ-pl\/","title":{"rendered":"Czynniki spo\u0142eczno-demograficzne determinuj\u0105ce uko\u0144czenie uzupe\u0142niaj\u0105cych szczepie\u0144 przeciw HPV w Norwegii w latach 2016\u20132019"},"content":{"rendered":"\n<p class=\"wp-block-paragraph\">W artykule przedstawiono czynniki wp\u0142ywaj\u0105ce na uko\u0144czenie szczepienia przeciwko wirusowi brodawczaka ludzkiego (HPV). Badanie obj\u0119\u0142o kobiety urodzone mi\u0119dzy 1991 a 1996 rokiem, kt\u00f3re kwalifikowa\u0142y si\u0119 do programu szczepie\u0144 uzupe\u0142niaj\u0105cych. Badanie wykaza\u0142o, \u017ce kobiety z wy\u017cszym wykszta\u0142ceniem i te, kt\u00f3re mieszka\u0142y w Norwegii d\u0142u\u017cej ni\u017c dziesi\u0119\u0107 lat, mia\u0142y wi\u0119ksze szanse na uko\u0144czenie szczepie\u0144. Z kolei mniejsz\u0105 szans\u0119 uko\u0144czenia szczepie\u0144 mia\u0142y kobiety, kt\u00f3rych rodzice pochodzili z kraj\u00f3w spoza Europy Zachodniej, a tak\u017ce w\u015br\u00f3d kobiet zam\u0119\u017cnych i kobiet z dzie\u0107mi. Wyniki podkre\u015bli\u0142y potrzeb\u0119 ukierunkowanej komunikacji, uwzgl\u0119dniaj\u0105cej te r\u00f3\u017cnice i wyja\u015bniania, \u017ce bycie w zwi\u0105zku ma\u0142\u017ce\u0144skim lub posiadanie dzieci nie chroni przed zaka\u017ceniem HPV. <\/p>\n\n\n\n<p class=\"wp-block-paragraph\">Badanie przeprowadzono kilka lat wcze\u015bniej, ale publikacja wynik\u00f3w zosta\u0142a op\u00f3\u017aniona, poniewa\u017c wszyscy zaanga\u017cowani eksperci byli zaj\u0119ci dzia\u0142aniami w trakcie pandemii COVID\u201119. Z moim wsparciem, Elburg, sta\u017cystka programu szkoleniowego EPIET w Norwegii, przeanalizowa\u0142a i zinterpretowa\u0142a dane. Wyniki pokaza\u0142y, \u017ce instytucje zdrowia publicznego potrzebuj\u0105 sta\u0142ego dialogu z mniejszo\u015bciami etnicznymi, kulturowymi i religijnymi. W miar\u0119 jak spo\u0142ecze\u0144stwa staj\u0105 si\u0119 coraz bardziej zr\u00f3\u017cnicowane, nawet dobrze zaprojektowane programy szczepie\u0144 mog\u0105 nie dotrze\u0107 do wszystkich, je\u015bli nie b\u0119d\u0105 prowadzone w spos\u00f3b inkluzywny i dostosowany do indywidualnych potrzeb.<a href=\"https:\/\/www.tandfonline.com\/doi\/full\/10.1080\/21645515.2021.1976035\" target=\"_blank\" rel=\"noreferrer noopener nofollow\"><\/a><\/p>\n","protected":false},"excerpt":{"rendered":"<p>Artyku\u0142 w j\u0119zyku angielskim opublikowany w czasopi\u015bmie Human Vaccines &#038; Immunotherapeutics<\/p>\n","protected":false},"featured_media":687,"template":"","meta":{"_acf_changed":true},"class_list":["post-690","publikacje","type-publikacje","status-publish","has-post-thumbnail","hentry"],"acf":[],"_links":{"self":[{"href":"https:\/\/pawel.stefanoff.pl\/work\/wp-json\/wp\/v2\/publikacje\/690","targetHints":{"allow":["GET"]}}],"collection":[{"href":"https:\/\/pawel.stefanoff.pl\/work\/wp-json\/wp\/v2\/publikacje"}],"about":[{"href":"https:\/\/pawel.stefanoff.pl\/work\/wp-json\/wp\/v2\/types\/publikacje"}],"wp:featuredmedia":[{"embeddable":true,"href":"https:\/\/pawel.stefanoff.pl\/work\/wp-json\/wp\/v2\/media\/687"}],"wp:attachment":[{"href":"https:\/\/pawel.stefanoff.pl\/work\/wp-json\/wp\/v2\/media?parent=690"}],"curies":[{"name":"wp","href":"https:\/\/api.w.org\/{rel}","templated":true}]}}

Czynniki społeczno-demograficzne determinujące ukończenie uzupełniających szczepień przeciw HPV w Norwegii w latach 2016–2019

<p class="wp-block-paragraph">W artykule przedstawiono czynniki wpływające na ukończenie szczepienia przeciwko wirusowi brodawczaka ludzkiego (HPV). Badanie objęło kobiety urodzone między 1991 a 1996 rokiem, które kwalifikowały się do programu szczepień uzupełniających. Badanie wykazało, że kobiety z wyższym wykształceniem i te, które mieszkały w Norwegii dłużej niż dziesięć lat, miały większe szanse na ukończenie szczepień. Z kolei mniejszą szansę ukończenia szczepień miały kobiety, których rodzice pochodzili z krajów spoza Europy Zachodniej, a także wśród kobiet zamężnych i kobiet z dziećmi. Wyniki podkreśliły potrzebę ukierunkowanej komunikacji, uwzględniającej te różnice i wyjaśniania, że bycie w związku małżeńskim lub posiadanie dzieci nie chroni przed zakażeniem HPV. </p>



<p class="wp-block-paragraph">Badanie przeprowadzono kilka lat wcześniej, ale publikacja wyników została opóźniona, ponieważ wszyscy zaangażowani eksperci byli zajęci działaniami w trakcie pandemii COVID‑19. Z moim wsparciem, Elburg, stażystka programu szkoleniowego EPIET w Norwegii, przeanalizowała i zinterpretowała dane. Wyniki pokazały, że instytucje zdrowia publicznego potrzebują stałego dialogu z mniejszościami etnicznymi, kulturowymi i religijnymi. W miarę jak społeczeństwa stają się coraz bardziej zróżnicowane, nawet dobrze zaprojektowane programy szczepień mogą nie dotrzeć do wszystkich, jeśli nie będą prowadzone w sposób inkluzywny i dostosowany do indywidualnych potrzeb.<a href="https://www.tandfonline.com/doi/full/10.1080/21645515.2021.1976035" target="_blank" rel="noreferrer noopener nofollow"></a></p>

<p>Artykuł w języku angielskim opublikowany w czasopiśmie Human Vaccines &#038; Immunotherapeutics</p>
