{"id":866,"date":"2020-12-01T10:54:20","date_gmt":"2020-12-01T10:54:20","guid":{"rendered":"https:\/\/pawel.stefanoff.pl\/work\/?post_type=publikacje&#038;p=866"},"modified":"2026-04-23T14:49:04","modified_gmt":"2026-04-23T14:49:04","slug":"article-2020-in-hospital-mortality-pl","status":"publish","type":"publikacje","link":"https:\/\/pawel.stefanoff.pl\/work\/pl\/articles\/article-2020-in-hospital-mortality-pl\/","title":{"rendered":"Umieralno\u015b\u0107 wewn\u0105trzszpitalna w Polsce: czego mo\u017cemy si\u0119 dowiedzie\u0107 z danych administracyjnych?"},"content":{"rendered":"\n<p class=\"wp-block-paragraph\">Artyku\u0142 redakcyjny (editorial) analizuje wykorzystanie \u015bmiertelno\u015bci wewn\u0105trzszpitalnej jako wska\u017anika jako\u015bci opieki zdrowotnej i bezpiecze\u0144stwa pacjenta. Chocia\u017c takie dane s\u0105 \u0142atwo dost\u0119pne i przydatne do monitorowania us\u0142ug opieki zdrowotnej, \u015bmiertelno\u015b\u0107 wewn\u0105trzszpitalna jest z\u0142o\u017con\u0105 miar\u0105, na kt\u00f3r\u0105 wp\u0142ywa wiele czynnik\u00f3w, w tym wiek pacjenta, p\u0142e\u0107, rodzaj przyj\u0119cia i istniej\u0105ce choroby wsp\u00f3\u0142istniej\u0105ce. <\/p>\n\n\n\n<p class=\"wp-block-paragraph\">Redakcja czasopisma zaprosi\u0142a nas do napisania tego artyku\u0142u redakcyjnego, aby zaprezentowa\u0107 badanie Walickiej i in., w kt\u00f3rym autorzy przeanalizowali du\u017cy zbi\u00f3r dokumentacji szpitalnej w Polsce i wykazali, \u017ce wy\u017csza \u015bmiertelno\u015b\u0107 wewn\u0105trzszpitalna by\u0142a zwi\u0105zana z zaawansowanym wiekiem, p\u0142ci\u0105 m\u0119sk\u0105, przyj\u0119ciem na ostry dy\u017cur i przyj\u0119ciem w weekend. Podkre\u015blamy, \u017ce wyniki te nale\u017cy interpretowa\u0107 ostro\u017cnie i rozpatrywa\u0107 w szerszym kontek\u015bcie, poniewa\u017c r\u00f3\u017cnice w populacjach pacjent\u00f3w i oddzia\u0142ach szpitalnych mog\u0105 znacz\u0105co wp\u0142ywa\u0107 na wska\u017aniki umieralno\u015bci. Zosta\u0142em zaproszony do udzia\u0142u w tej pracy przez prof. Ma\u0142gorzat\u0119 Ba\u0142\u0119 z Uniwersytetu Jagiello\u0144skiego w Krakowie. Udzia\u0142 w tej pracy by\u0142 szczeg\u00f3lnie interesuj\u0105cy, poniewa\u017c dotyczy\u0142a tematu, kt\u00f3rym wcze\u015bniej si\u0119 nie zajmowa\u0142em.<a href=\"https:\/\/www.mp.pl\/paim\/issue\/article\/15324\/\" target=\"_blank\" rel=\"noreferrer noopener nofollow\"><\/a><\/p>\n","protected":false},"excerpt":{"rendered":"<p>Artyku\u0142 w j\u0119zyku angielskim opublikowany w czasopi\u015bmie Polish Archives of Internal Medicine<\/p>\n","protected":false},"featured_media":687,"template":"","meta":{"_acf_changed":true},"class_list":["post-866","publikacje","type-publikacje","status-publish","has-post-thumbnail","hentry"],"acf":[],"_links":{"self":[{"href":"https:\/\/pawel.stefanoff.pl\/work\/wp-json\/wp\/v2\/publikacje\/866","targetHints":{"allow":["GET"]}}],"collection":[{"href":"https:\/\/pawel.stefanoff.pl\/work\/wp-json\/wp\/v2\/publikacje"}],"about":[{"href":"https:\/\/pawel.stefanoff.pl\/work\/wp-json\/wp\/v2\/types\/publikacje"}],"wp:featuredmedia":[{"embeddable":true,"href":"https:\/\/pawel.stefanoff.pl\/work\/wp-json\/wp\/v2\/media\/687"}],"wp:attachment":[{"href":"https:\/\/pawel.stefanoff.pl\/work\/wp-json\/wp\/v2\/media?parent=866"}],"curies":[{"name":"wp","href":"https:\/\/api.w.org\/{rel}","templated":true}]}}

Umieralność wewnątrzszpitalna w Polsce: czego możemy się dowiedzieć z danych administracyjnych?

<p class="wp-block-paragraph">Artykuł redakcyjny (editorial) analizuje wykorzystanie śmiertelności wewnątrzszpitalnej jako wskaźnika jakości opieki zdrowotnej i bezpieczeństwa pacjenta. Chociaż takie dane są łatwo dostępne i przydatne do monitorowania usług opieki zdrowotnej, śmiertelność wewnątrzszpitalna jest złożoną miarą, na którą wpływa wiele czynników, w tym wiek pacjenta, płeć, rodzaj przyjęcia i istniejące choroby współistniejące. </p>



<p class="wp-block-paragraph">Redakcja czasopisma zaprosiła nas do napisania tego artykułu redakcyjnego, aby zaprezentować badanie Walickiej i in., w którym autorzy przeanalizowali duży zbiór dokumentacji szpitalnej w Polsce i wykazali, że wyższa śmiertelność wewnątrzszpitalna była związana z zaawansowanym wiekiem, płcią męską, przyjęciem na ostry dyżur i przyjęciem w weekend. Podkreślamy, że wyniki te należy interpretować ostrożnie i rozpatrywać w szerszym kontekście, ponieważ różnice w populacjach pacjentów i oddziałach szpitalnych mogą znacząco wpływać na wskaźniki umieralności. Zostałem zaproszony do udziału w tej pracy przez prof. Małgorzatę Bałę z Uniwersytetu Jagiellońskiego w Krakowie. Udział w tej pracy był szczególnie interesujący, ponieważ dotyczyła tematu, którym wcześniej się nie zajmowałem.<a href="https://www.mp.pl/paim/issue/article/15324/" target="_blank" rel="noreferrer noopener nofollow"></a></p>

<p>Artykuł w języku angielskim opublikowany w czasopiśmie Polish Archives of Internal Medicine</p>
