{"id":985,"date":"2016-05-01T12:54:46","date_gmt":"2016-05-01T12:54:46","guid":{"rendered":"https:\/\/pawel.stefanoff.pl\/work\/?post_type=publikacje&#038;p=985"},"modified":"2026-04-23T14:55:51","modified_gmt":"2026-04-23T14:55:51","slug":"article-2016-imd-policies-pl","status":"publish","type":"publikacje","link":"https:\/\/pawel.stefanoff.pl\/work\/pl\/articles\/article-2016-imd-policies-pl\/","title":{"rendered":"Post\u0119powanie z kontaktami zachorowa\u0144 na inwazyjn\u0105 chorob\u0119 meningokokow\u0105 w krajach Unii Europejskiej by\u0142o lepiej zharmonizowane w 2013 r. ni\u017c w 2007 r."},"content":{"rendered":"\n<p class=\"wp-block-paragraph\">W artykule dokonano przegl\u0105du post\u0119p\u00f3w w europejskiej polityce zdrowia publicznego w zakresie post\u0119powania z osobami z kontaktu zachorowa\u0144 na inwazyjn\u0105 chorob\u0105 meningokokow\u0105 (IChM) w 2013 r. w por\u00f3wnaniu z wynikami poprzedniego badania przeprowadzonego w 2007 r. Wykazali\u015bmy, \u017ce od 2007 r. wi\u0119cej kraj\u00f3w wdro\u017cy\u0142o zalecenia dotycz\u0105ce chemioprofilaktyki oraz szczepienia kontakt\u00f3w, w celu zmniejszenia ryzyka wt\u00f3rnych zachorowa\u0144. Pomimo tego post\u0119pu, nadal istniej\u0105 istotne r\u00f3\u017cnice, szczeg\u00f3lnie w zakresie zarz\u0105dzania kontaktami z IChM w miejscach takich jak samoloty i szko\u0142y, co podkre\u015bla potrzeb\u0119 dalszej harmonizacji polityki w ca\u0142ej Europie. <\/p>\n\n\n\n<p class=\"wp-block-paragraph\">Badanie zosta\u0142o przeprowadzone przez Sabine, sta\u017cystk\u0119 programu szkoleniowego EPIET pracuj\u0105c\u0105 we Francji, w imieniu mi\u0119dzynarodowej grupy ekspert\u00f3w pracuj\u0105cych nad wytycznymi dotycz\u0105cymi profilaktyki IChM opartymi na dowodach naukowych. Praca ta stanowi\u0142a zwie\u0144czenie wieloletniego projektu, kt\u00f3ry rozpocz\u0105\u0142 si\u0119 od wy\u017cej wspomnianego badania z 2007 roku. Badanie to zidentyfikowa\u0142o znaczne r\u00f3\u017cnice w zaleceniach profilaktycznych w krajach UE\u00a0 i doprowadzi\u0142o do opracowania opartych na dowodach naukowych wytycznych dotycz\u0105cych chemioprofilaktyki os\u00f3b maj\u0105cych kontakt z IChM. Zesp\u00f3\u0142, kt\u00f3ry przeprowadzi\u0142 te kroki, pozosta\u0142 praktycznie niezmieniony przez te 6 lat.<a href=\"https:\/\/www.eurosurveillance.org\/content\/10.2807\/1560-7917.ES.2016.21.5.30125\" target=\"_blank\" rel=\"noreferrer noopener nofollow\"><\/a><\/p>\n","protected":false},"excerpt":{"rendered":"<p>Artyku\u0142 w j\u0119zyku angielskim opublikowany w czasopi\u015bmie Eurosurveillance<\/p>\n","protected":false},"featured_media":687,"template":"","meta":{"_acf_changed":false},"class_list":["post-985","publikacje","type-publikacje","status-publish","has-post-thumbnail","hentry"],"acf":[],"_links":{"self":[{"href":"https:\/\/pawel.stefanoff.pl\/work\/wp-json\/wp\/v2\/publikacje\/985","targetHints":{"allow":["GET"]}}],"collection":[{"href":"https:\/\/pawel.stefanoff.pl\/work\/wp-json\/wp\/v2\/publikacje"}],"about":[{"href":"https:\/\/pawel.stefanoff.pl\/work\/wp-json\/wp\/v2\/types\/publikacje"}],"wp:featuredmedia":[{"embeddable":true,"href":"https:\/\/pawel.stefanoff.pl\/work\/wp-json\/wp\/v2\/media\/687"}],"wp:attachment":[{"href":"https:\/\/pawel.stefanoff.pl\/work\/wp-json\/wp\/v2\/media?parent=985"}],"curies":[{"name":"wp","href":"https:\/\/api.w.org\/{rel}","templated":true}]}}

Postępowanie z kontaktami zachorowań na inwazyjną chorobę meningokokową w krajach Unii Europejskiej było lepiej zharmonizowane w 2013 r. niż w 2007 r.

<p class="wp-block-paragraph">W artykule dokonano przeglądu postępów w europejskiej polityce zdrowia publicznego w zakresie postępowania z osobami z kontaktu zachorowań na inwazyjną chorobą meningokokową (IChM) w 2013 r. w porównaniu z wynikami poprzedniego badania przeprowadzonego w 2007 r. Wykazaliśmy, że od 2007 r. więcej krajów wdrożyło zalecenia dotyczące chemioprofilaktyki oraz szczepienia kontaktów, w celu zmniejszenia ryzyka wtórnych zachorowań. Pomimo tego postępu, nadal istnieją istotne różnice, szczególnie w zakresie zarządzania kontaktami z IChM w miejscach takich jak samoloty i szkoły, co podkreśla potrzebę dalszej harmonizacji polityki w całej Europie. </p>



<p class="wp-block-paragraph">Badanie zostało przeprowadzone przez Sabine, stażystkę programu szkoleniowego EPIET pracującą we Francji, w imieniu międzynarodowej grupy ekspertów pracujących nad wytycznymi dotyczącymi profilaktyki IChM opartymi na dowodach naukowych. Praca ta stanowiła zwieńczenie wieloletniego projektu, który rozpoczął się od wyżej wspomnianego badania z 2007 roku. Badanie to zidentyfikowało znaczne różnice w zaleceniach profilaktycznych w krajach UE  i doprowadziło do opracowania opartych na dowodach naukowych wytycznych dotyczących chemioprofilaktyki osób mających kontakt z IChM. Zespół, który przeprowadził te kroki, pozostał praktycznie niezmieniony przez te 6 lat.<a href="https://www.eurosurveillance.org/content/10.2807/1560-7917.ES.2016.21.5.30125" target="_blank" rel="noreferrer noopener nofollow"></a></p>

<p>Artykuł w języku angielskim opublikowany w czasopiśmie Eurosurveillance</p>
